{"id":22580,"date":"2026-02-05T00:53:51","date_gmt":"2026-02-04T23:53:51","guid":{"rendered":"https:\/\/breinco.com\/proyecto\/hotel-mas-albereda-a-sant-julia-de-vilatorta\/"},"modified":"2026-04-17T13:00:39","modified_gmt":"2026-04-17T11:00:39","slug":"hotel-mas-albereda-a-sant-julia-de-vilatorta","status":"publish","type":"proyecto","link":"https:\/\/breinco.com\/ca\/proyecto\/hotel-mas-albereda-a-sant-julia-de-vilatorta\/","title":{"rendered":"Hotel Mas Albereda a Sant Juli\u00e0 de Vilatorta"},"content":{"rendered":"\n<p>Mas Albereda \u00e9s un petit hotel amb encant situat a <strong>Sant Juli\u00e0 de Vilatorta<\/strong>, entre el Pirineu i el Montseny, al cor de la Plana de Vic. El seu entorn rural i familiar convida a gaudir de la tranquil\u00b7litat, la natura i una experi\u00e8ncia aut\u00e8ntica en contacte amb la hist\u00f2ria i la cultura local.<\/p>\n\n<p>La masia, documentada ja el <strong>1337<\/strong>, conserva m\u00e9s de set segles d&#8217;hist\u00f2ria als seus murs, al forn, al pou o als portals. Cada rac\u00f3, cada habitaci\u00f3, sala o menjador, reflecteix una cura excepcional per l&#8217;<strong>arquitectura i els detalls constructius<\/strong>, oferint espais \u00fanics i exclusius que combinen tradici\u00f3 i confort contemporani.<\/p>\n\n<p>En aquest projecte incorporem el <strong>panot Tegula\u00ae art<\/strong>, amb el seu acabat envellit que evoca la pedra natural, aportant continu\u00eftat est\u00e8tica i resist\u00e8ncia a les \u00e0rees de tr\u00e0nsit i als espais de jard\u00ed. Per a les zones on es busca un contacte directe amb la vegetaci\u00f3, s&#8217;ha aplicat el sistema <strong>Rasen-Mohr\u00ae<\/strong>, que combina qualsevol mida de panot o llosa amb <strong>separadors de fusta biodegradable<\/strong>.<\/p>\n\n<p>Els separadors Rasen-Mohr\u00ae creen juntes que s&#8217;omplen amb grava i terra vegetal per permetre el creixement de la gespa. Una vegada que les arrels s&#8217;han establert, les superf\u00edcies pavimentades suporten ocasionalment <strong>vehicles lleugers<\/strong>, sense perdre la integraci\u00f3 amb l&#8217;entorn natural. Aquesta soluci\u00f3 permet diferenciar <strong>zones de vianants<\/strong> d&#8217;\u00e0rees que admeten tr\u00e0nsit lleuger, mantenint l&#8217;est\u00e8tica i la funcionalitat en tot el conjunt.<\/p>\n\n<p>El resultat \u00e9s un hotel on <strong>hist\u00f2ria, arquitectura i sostenibilitat<\/strong> es combinen amb espais exteriors pensats per l\u2019oci, la comoditat i l&#8217;harmonia amb la natura, oferint un entorn rural \u00fanic, elegant i funcional.<\/p>\n","protected":false},"featured_media":0,"template":"","meta":{"_acf_changed":false},"tags":[847,800],"categoria-proyecto":[],"class_list":["post-22580","proyecto","type-proyecto","status-publish","hentry","tag-rasen-mohr","tag-tegula-art"],"acf":[],"yoast_head":"<!-- This site is optimized with the Yoast SEO plugin v27.4 - https:\/\/yoast.com\/product\/yoast-seo-wordpress\/ -->\n<title>Hotel Mas Albereda a Sant Juli\u00e0 de Vilatorta - Breinco<\/title>\n<meta name=\"robots\" content=\"index, follow, max-snippet:-1, max-image-preview:large, max-video-preview:-1\" \/>\n<link rel=\"canonical\" href=\"https:\/\/breinco.com\/ca\/proyecto\/hotel-mas-albereda-a-sant-julia-de-vilatorta\/\" \/>\n<meta property=\"og:locale\" content=\"ca_ES\" \/>\n<meta property=\"og:type\" content=\"article\" \/>\n<meta property=\"og:title\" content=\"Hotel Mas Albereda a Sant Juli\u00e0 de Vilatorta - Breinco\" \/>\n<meta property=\"og:description\" content=\"Mas Albereda \u00e9s un petit hotel amb encant situat a Sant Juli\u00e0 de Vilatorta, entre el Pirineu i el Montseny, al cor de la Plana de Vic. El seu entorn rural i familiar convida a gaudir de la tranquil\u00b7litat, la natura i una experi\u00e8ncia aut\u00e8ntica en contacte amb la hist\u00f2ria i la cultura local. La [&hellip;]\" \/>\n<meta property=\"og:url\" content=\"https:\/\/breinco.com\/ca\/proyecto\/hotel-mas-albereda-a-sant-julia-de-vilatorta\/\" \/>\n<meta property=\"og:site_name\" content=\"Breinco\" \/>\n<meta property=\"article:publisher\" content=\"https:\/\/www.facebook.com\/breincosmart\/\" \/>\n<meta property=\"article:modified_time\" content=\"2026-04-17T11:00:39+00:00\" \/>\n<meta property=\"og:image\" content=\"https:\/\/breinco.com\/wp-content\/uploads\/2026\/02\/breinco-feat-img.webp\" \/>\n\t<meta property=\"og:image:width\" content=\"1200\" \/>\n\t<meta property=\"og:image:height\" content=\"800\" \/>\n\t<meta property=\"og:image:type\" content=\"image\/webp\" \/>\n<meta name=\"twitter:card\" content=\"summary_large_image\" \/>\n<meta name=\"twitter:site\" content=\"@breincoGroup\" \/>\n<meta name=\"twitter:label1\" content=\"Temps estimat de lectura\" \/>\n\t<meta name=\"twitter:data1\" content=\"1 minut\" \/>\n<script type=\"application\/ld+json\" class=\"yoast-schema-graph\">{\"@context\":\"https:\\\/\\\/schema.org\",\"@graph\":[{\"@type\":\"WebPage\",\"@id\":\"https:\\\/\\\/breinco.com\\\/ca\\\/proyecto\\\/hotel-mas-albereda-a-sant-julia-de-vilatorta\\\/\",\"url\":\"https:\\\/\\\/breinco.com\\\/ca\\\/proyecto\\\/hotel-mas-albereda-a-sant-julia-de-vilatorta\\\/\",\"name\":\"Hotel Mas Albereda a Sant Juli\u00e0 de Vilatorta - Breinco\",\"isPartOf\":{\"@id\":\"https:\\\/\\\/breinco.com\\\/ca\\\/#website\"},\"datePublished\":\"2026-02-04T23:53:51+00:00\",\"dateModified\":\"2026-04-17T11:00:39+00:00\",\"breadcrumb\":{\"@id\":\"https:\\\/\\\/breinco.com\\\/ca\\\/proyecto\\\/hotel-mas-albereda-a-sant-julia-de-vilatorta\\\/#breadcrumb\"},\"inLanguage\":\"ca\",\"potentialAction\":[{\"@type\":\"ReadAction\",\"target\":[\"https:\\\/\\\/breinco.com\\\/ca\\\/proyecto\\\/hotel-mas-albereda-a-sant-julia-de-vilatorta\\\/\"]}]},{\"@type\":\"BreadcrumbList\",\"@id\":\"https:\\\/\\\/breinco.com\\\/ca\\\/proyecto\\\/hotel-mas-albereda-a-sant-julia-de-vilatorta\\\/#breadcrumb\",\"itemListElement\":[{\"@type\":\"ListItem\",\"position\":1,\"name\":\"Portada\",\"item\":\"https:\\\/\\\/breinco.com\\\/ca\\\/\"},{\"@type\":\"ListItem\",\"position\":2,\"name\":\"Proyectos\",\"item\":\"https:\\\/\\\/breinco.com\\\/ca\\\/proyecto\\\/\"},{\"@type\":\"ListItem\",\"position\":3,\"name\":\"Hotel Mas Albereda a Sant Juli\u00e0 de Vilatorta\"}]},{\"@type\":\"WebSite\",\"@id\":\"https:\\\/\\\/breinco.com\\\/ca\\\/#website\",\"url\":\"https:\\\/\\\/breinco.com\\\/ca\\\/\",\"name\":\"Breinco\",\"description\":\"\",\"publisher\":{\"@id\":\"https:\\\/\\\/breinco.com\\\/ca\\\/#organization\"},\"alternateName\":\"Urban Furniture, Architecture and Landscaping\",\"potentialAction\":[{\"@type\":\"SearchAction\",\"target\":{\"@type\":\"EntryPoint\",\"urlTemplate\":\"https:\\\/\\\/breinco.com\\\/ca\\\/?s={search_term_string}\"},\"query-input\":{\"@type\":\"PropertyValueSpecification\",\"valueRequired\":true,\"valueName\":\"search_term_string\"}}],\"inLanguage\":\"ca\"},{\"@type\":\"Organization\",\"@id\":\"https:\\\/\\\/breinco.com\\\/ca\\\/#organization\",\"name\":\"Breinco\",\"url\":\"https:\\\/\\\/breinco.com\\\/ca\\\/\",\"logo\":{\"@type\":\"ImageObject\",\"inLanguage\":\"ca\",\"@id\":\"https:\\\/\\\/breinco.com\\\/ca\\\/#\\\/schema\\\/logo\\\/image\\\/\",\"url\":\"https:\\\/\\\/breinco.com\\\/wp-content\\\/uploads\\\/2025\\\/04\\\/breinco-brand.svg\",\"contentUrl\":\"https:\\\/\\\/breinco.com\\\/wp-content\\\/uploads\\\/2025\\\/04\\\/breinco-brand.svg\",\"width\":26,\"height\":58,\"caption\":\"Breinco\"},\"image\":{\"@id\":\"https:\\\/\\\/breinco.com\\\/ca\\\/#\\\/schema\\\/logo\\\/image\\\/\"},\"sameAs\":[\"https:\\\/\\\/www.facebook.com\\\/breincosmart\\\/\",\"https:\\\/\\\/x.com\\\/breincoGroup\",\"https:\\\/\\\/www.instagram.com\\\/breinco\\\/\",\"https:\\\/\\\/www.linkedin.com\\\/company\\\/breinco-esp\\\/\"]}]}<\/script>\n<!-- \/ Yoast SEO plugin. -->","yoast_head_json":{"title":"Hotel Mas Albereda a Sant Juli\u00e0 de Vilatorta - Breinco","robots":{"index":"index","follow":"follow","max-snippet":"max-snippet:-1","max-image-preview":"max-image-preview:large","max-video-preview":"max-video-preview:-1"},"canonical":"https:\/\/breinco.com\/ca\/proyecto\/hotel-mas-albereda-a-sant-julia-de-vilatorta\/","og_locale":"ca_ES","og_type":"article","og_title":"Hotel Mas Albereda a Sant Juli\u00e0 de Vilatorta - Breinco","og_description":"Mas Albereda \u00e9s un petit hotel amb encant situat a Sant Juli\u00e0 de Vilatorta, entre el Pirineu i el Montseny, al cor de la Plana de Vic. El seu entorn rural i familiar convida a gaudir de la tranquil\u00b7litat, la natura i una experi\u00e8ncia aut\u00e8ntica en contacte amb la hist\u00f2ria i la cultura local. La [&hellip;]","og_url":"https:\/\/breinco.com\/ca\/proyecto\/hotel-mas-albereda-a-sant-julia-de-vilatorta\/","og_site_name":"Breinco","article_publisher":"https:\/\/www.facebook.com\/breincosmart\/","article_modified_time":"2026-04-17T11:00:39+00:00","og_image":[{"width":1200,"height":800,"url":"https:\/\/breinco.com\/wp-content\/uploads\/2026\/02\/breinco-feat-img.webp","type":"image\/webp"}],"twitter_card":"summary_large_image","twitter_site":"@breincoGroup","twitter_misc":{"Temps estimat de lectura":"1 minut"},"schema":{"@context":"https:\/\/schema.org","@graph":[{"@type":"WebPage","@id":"https:\/\/breinco.com\/ca\/proyecto\/hotel-mas-albereda-a-sant-julia-de-vilatorta\/","url":"https:\/\/breinco.com\/ca\/proyecto\/hotel-mas-albereda-a-sant-julia-de-vilatorta\/","name":"Hotel Mas Albereda a Sant Juli\u00e0 de Vilatorta - Breinco","isPartOf":{"@id":"https:\/\/breinco.com\/ca\/#website"},"datePublished":"2026-02-04T23:53:51+00:00","dateModified":"2026-04-17T11:00:39+00:00","breadcrumb":{"@id":"https:\/\/breinco.com\/ca\/proyecto\/hotel-mas-albereda-a-sant-julia-de-vilatorta\/#breadcrumb"},"inLanguage":"ca","potentialAction":[{"@type":"ReadAction","target":["https:\/\/breinco.com\/ca\/proyecto\/hotel-mas-albereda-a-sant-julia-de-vilatorta\/"]}]},{"@type":"BreadcrumbList","@id":"https:\/\/breinco.com\/ca\/proyecto\/hotel-mas-albereda-a-sant-julia-de-vilatorta\/#breadcrumb","itemListElement":[{"@type":"ListItem","position":1,"name":"Portada","item":"https:\/\/breinco.com\/ca\/"},{"@type":"ListItem","position":2,"name":"Proyectos","item":"https:\/\/breinco.com\/ca\/proyecto\/"},{"@type":"ListItem","position":3,"name":"Hotel Mas Albereda a Sant Juli\u00e0 de Vilatorta"}]},{"@type":"WebSite","@id":"https:\/\/breinco.com\/ca\/#website","url":"https:\/\/breinco.com\/ca\/","name":"Breinco","description":"","publisher":{"@id":"https:\/\/breinco.com\/ca\/#organization"},"alternateName":"Urban Furniture, Architecture and Landscaping","potentialAction":[{"@type":"SearchAction","target":{"@type":"EntryPoint","urlTemplate":"https:\/\/breinco.com\/ca\/?s={search_term_string}"},"query-input":{"@type":"PropertyValueSpecification","valueRequired":true,"valueName":"search_term_string"}}],"inLanguage":"ca"},{"@type":"Organization","@id":"https:\/\/breinco.com\/ca\/#organization","name":"Breinco","url":"https:\/\/breinco.com\/ca\/","logo":{"@type":"ImageObject","inLanguage":"ca","@id":"https:\/\/breinco.com\/ca\/#\/schema\/logo\/image\/","url":"https:\/\/breinco.com\/wp-content\/uploads\/2025\/04\/breinco-brand.svg","contentUrl":"https:\/\/breinco.com\/wp-content\/uploads\/2025\/04\/breinco-brand.svg","width":26,"height":58,"caption":"Breinco"},"image":{"@id":"https:\/\/breinco.com\/ca\/#\/schema\/logo\/image\/"},"sameAs":["https:\/\/www.facebook.com\/breincosmart\/","https:\/\/x.com\/breincoGroup","https:\/\/www.instagram.com\/breinco\/","https:\/\/www.linkedin.com\/company\/breinco-esp\/"]}]}},"_links":{"self":[{"href":"https:\/\/breinco.com\/ca\/wp-json\/wp\/v2\/proyecto\/22580","targetHints":{"allow":["GET"]}}],"collection":[{"href":"https:\/\/breinco.com\/ca\/wp-json\/wp\/v2\/proyecto"}],"about":[{"href":"https:\/\/breinco.com\/ca\/wp-json\/wp\/v2\/types\/proyecto"}],"wp:attachment":[{"href":"https:\/\/breinco.com\/ca\/wp-json\/wp\/v2\/media?parent=22580"}],"wp:term":[{"taxonomy":"post_tag","embeddable":true,"href":"https:\/\/breinco.com\/ca\/wp-json\/wp\/v2\/tags?post=22580"},{"taxonomy":"categoria-proyecto","embeddable":true,"href":"https:\/\/breinco.com\/ca\/wp-json\/wp\/v2\/categoria-proyecto?post=22580"}],"curies":[{"name":"wp","href":"https:\/\/api.w.org\/{rel}","templated":true}]}}

Hotel Mas Albereda a Sant Julià de Vilatorta

<p>Mas Albereda és un petit hotel amb encant situat a <strong>Sant Julià de Vilatorta</strong>, entre el Pirineu i el Montseny, al cor de la Plana de Vic. El seu entorn rural i familiar convida a gaudir de la tranquil·litat, la natura i una experiència autèntica en contacte amb la història i la cultura local.</p>

<p>La masia, documentada ja el <strong>1337</strong>, conserva més de set segles d&#8217;història als seus murs, al forn, al pou o als portals. Cada racó, cada habitació, sala o menjador, reflecteix una cura excepcional per l&#8217;<strong>arquitectura i els detalls constructius</strong>, oferint espais únics i exclusius que combinen tradició i confort contemporani.</p>

<p>En aquest projecte incorporem el <strong>panot Tegula® art</strong>, amb el seu acabat envellit que evoca la pedra natural, aportant continuïtat estètica i resistència a les àrees de trànsit i als espais de jardí. Per a les zones on es busca un contacte directe amb la vegetació, s&#8217;ha aplicat el sistema <strong>Rasen-Mohr®</strong>, que combina qualsevol mida de panot o llosa amb <strong>separadors de fusta biodegradable</strong>.</p>

<p>Els separadors Rasen-Mohr® creen juntes que s&#8217;omplen amb grava i terra vegetal per permetre el creixement de la gespa. Una vegada que les arrels s&#8217;han establert, les superfícies pavimentades suporten ocasionalment <strong>vehicles lleugers</strong>, sense perdre la integració amb l&#8217;entorn natural. Aquesta solució permet diferenciar <strong>zones de vianants</strong> d&#8217;àrees que admeten trànsit lleuger, mantenint l&#8217;estètica i la funcionalitat en tot el conjunt.</p>

<p>El resultat és un hotel on <strong>història, arquitectura i sostenibilitat</strong> es combinen amb espais exteriors pensats per l’oci, la comoditat i l&#8217;harmonia amb la natura, oferint un entorn rural únic, elegant i funcional.</p>

<!-- This site is optimized with the Yoast SEO plugin v27.4 - https://yoast.com/product/yoast-seo-wordpress/ -->
<title>Hotel Mas Albereda a Sant Julià de Vilatorta - Breinco</title>
<meta name="robots" content="index, follow, max-snippet:-1, max-image-preview:large, max-video-preview:-1" />
<link rel="canonical" href="https://breinco.com/ca/proyecto/hotel-mas-albereda-a-sant-julia-de-vilatorta/" />
<meta property="og:locale" content="ca_ES" />
<meta property="og:type" content="article" />
<meta property="og:title" content="Hotel Mas Albereda a Sant Julià de Vilatorta - Breinco" />
<meta property="og:description" content="Mas Albereda és un petit hotel amb encant situat a Sant Julià de Vilatorta, entre el Pirineu i el Montseny, al cor de la Plana de Vic. El seu entorn rural i familiar convida a gaudir de la tranquil·litat, la natura i una experiència autèntica en contacte amb la història i la cultura local. La [&hellip;]" />
<meta property="og:url" content="https://breinco.com/ca/proyecto/hotel-mas-albereda-a-sant-julia-de-vilatorta/" />
<meta property="og:site_name" content="Breinco" />
<meta property="article:publisher" content="https://www.facebook.com/breincosmart/" />
<meta property="article:modified_time" content="2026-04-17T11:00:39+00:00" />
<meta property="og:image" content="https://breinco.com/wp-content/uploads/2026/02/breinco-feat-img.webp" />
	<meta property="og:image:width" content="1200" />
	<meta property="og:image:height" content="800" />
	<meta property="og:image:type" content="image/webp" />
<meta name="twitter:card" content="summary_large_image" />
<meta name="twitter:site" content="@breincoGroup" />
<meta name="twitter:label1" content="Temps estimat de lectura" />
	<meta name="twitter:data1" content="1 minut" />
<script type="application/ld+json" class="yoast-schema-graph">{"@context":"https:\/\/schema.org","@graph":[{"@type":"WebPage","@id":"https:\/\/breinco.com\/ca\/proyecto\/hotel-mas-albereda-a-sant-julia-de-vilatorta\/","url":"https:\/\/breinco.com\/ca\/proyecto\/hotel-mas-albereda-a-sant-julia-de-vilatorta\/","name":"Hotel Mas Albereda a Sant Julià de Vilatorta - Breinco","isPartOf":{"@id":"https:\/\/breinco.com\/ca\/#website"},"datePublished":"2026-02-04T23:53:51+00:00","dateModified":"2026-04-17T11:00:39+00:00","breadcrumb":{"@id":"https:\/\/breinco.com\/ca\/proyecto\/hotel-mas-albereda-a-sant-julia-de-vilatorta\/#breadcrumb"},"inLanguage":"ca","potentialAction":[{"@type":"ReadAction","target":["https:\/\/breinco.com\/ca\/proyecto\/hotel-mas-albereda-a-sant-julia-de-vilatorta\/"]}]},{"@type":"BreadcrumbList","@id":"https:\/\/breinco.com\/ca\/proyecto\/hotel-mas-albereda-a-sant-julia-de-vilatorta\/#breadcrumb","itemListElement":[{"@type":"ListItem","position":1,"name":"Portada","item":"https:\/\/breinco.com\/ca\/"},{"@type":"ListItem","position":2,"name":"Proyectos","item":"https:\/\/breinco.com\/ca\/proyecto\/"},{"@type":"ListItem","position":3,"name":"Hotel Mas Albereda a Sant Julià de Vilatorta"}]},{"@type":"WebSite","@id":"https:\/\/breinco.com\/ca\/#website","url":"https:\/\/breinco.com\/ca\/","name":"Breinco","description":"","publisher":{"@id":"https:\/\/breinco.com\/ca\/#organization"},"alternateName":"Urban Furniture, Architecture and Landscaping","potentialAction":[{"@type":"SearchAction","target":{"@type":"EntryPoint","urlTemplate":"https:\/\/breinco.com\/ca\/?s={search_term_string}"},"query-input":{"@type":"PropertyValueSpecification","valueRequired":true,"valueName":"search_term_string"}}],"inLanguage":"ca"},{"@type":"Organization","@id":"https:\/\/breinco.com\/ca\/#organization","name":"Breinco","url":"https:\/\/breinco.com\/ca\/","logo":{"@type":"ImageObject","inLanguage":"ca","@id":"https:\/\/breinco.com\/ca\/#\/schema\/logo\/image\/","url":"https:\/\/breinco.com\/wp-content\/uploads\/2025\/04\/breinco-brand.svg","contentUrl":"https:\/\/breinco.com\/wp-content\/uploads\/2025\/04\/breinco-brand.svg","width":26,"height":58,"caption":"Breinco"},"image":{"@id":"https:\/\/breinco.com\/ca\/#\/schema\/logo\/image\/"},"sameAs":["https:\/\/www.facebook.com\/breincosmart\/","https:\/\/x.com\/breincoGroup","https:\/\/www.instagram.com\/breinco\/","https:\/\/www.linkedin.com\/company\/breinco-esp\/"]}]}</script>
<!-- / Yoast SEO plugin. -->

Hotel Mas Albereda a Sant Julià de Vilatorta - Breinco

Mas Albereda és un petit hotel amb encant situat a Sant Julià de Vilatorta, entre el Pirineu i el Montseny, al cor de la Plana de Vic. El seu entorn rural i familiar convida a gaudir de la tranquil·litat, la natura i una experiència autèntica en contacte amb la història i la cultura local. La [&hellip;]
