{"id":22584,"date":"2026-02-05T08:23:50","date_gmt":"2026-02-05T07:23:50","guid":{"rendered":"https:\/\/breinco.com\/proyecto\/universitat-pompeu-fabra\/"},"modified":"2026-04-17T13:00:39","modified_gmt":"2026-04-17T11:00:39","slug":"universitat-pompeu-fabra","status":"publish","type":"proyecto","link":"https:\/\/breinco.com\/ca\/proyecto\/universitat-pompeu-fabra\/","title":{"rendered":"Universitat Pompeu Fabra"},"content":{"rendered":"\n<p>Intervenci\u00f3 a la terrassa transitable de la Universitat Pompeu Fabra, un espai pensat per al l\u2019oci, la interacci\u00f3 i la contemplaci\u00f3 de l&#8217;entorn urb\u00e0 des de les altures.<\/p>\n\n<p>El projecte se centra a crear una terrassa funcional i elegant, on la circulaci\u00f3 i el confort dels usuaris es combinen amb un disseny acurat que integra l&#8217;espai amb les vistes de la ciutat. L&#8217;actuaci\u00f3 permet aprofitar al m\u00e0xim el potencial de la terrassa, convertint-la en un lloc de trobada i contemplaci\u00f3 dins del campus.<\/p>\n\n<p>Per a la pavimentaci\u00f3 s&#8217;ha utilitzat <strong>Llosa Vulcano\u00ae en color cendra<\/strong>, aplicada a tota la superf\u00edcie de la terrassa. Aquesta llosa aporta continu\u00eftat visual, resist\u00e8ncia i durabilitat, a m\u00e9s d&#8217;una tonalitat neutra i sofisticada que s&#8217;integra harmoniosament amb l&#8217;entorn arquitect\u00f2nic. La seva estabilitat crom\u00e0tica davant el pas del temps i la seva duresa fan de la Llosa Vulcano\u00ae la soluci\u00f3 ideal per a espais exteriors transitables, garantint un paviment segur, funcional i est\u00e8ticament acurat.<\/p>\n\n<p><\/p>\n","protected":false},"featured_media":0,"template":"","meta":{"_acf_changed":false},"tags":[789],"categoria-proyecto":[],"class_list":["post-22584","proyecto","type-proyecto","status-publish","hentry","tag-llosa-vulcano"],"acf":[],"yoast_head":"<!-- This site is optimized with the Yoast SEO plugin v27.5 - https:\/\/yoast.com\/product\/yoast-seo-wordpress\/ -->\n<title>Universitat Pompeu Fabra - Breinco<\/title>\n<meta name=\"robots\" content=\"index, follow, max-snippet:-1, max-image-preview:large, max-video-preview:-1\" \/>\n<link rel=\"canonical\" href=\"https:\/\/breinco.com\/ca\/proyecto\/universitat-pompeu-fabra\/\" \/>\n<meta property=\"og:locale\" content=\"ca_ES\" \/>\n<meta property=\"og:type\" content=\"article\" \/>\n<meta property=\"og:title\" content=\"Universitat Pompeu Fabra - Breinco\" \/>\n<meta property=\"og:description\" content=\"Intervenci\u00f3 a la terrassa transitable de la Universitat Pompeu Fabra, un espai pensat per al l\u2019oci, la interacci\u00f3 i la contemplaci\u00f3 de l&#8217;entorn urb\u00e0 des de les altures. El projecte se centra a crear una terrassa funcional i elegant, on la circulaci\u00f3 i el confort dels usuaris es combinen amb un disseny acurat que integra [&hellip;]\" \/>\n<meta property=\"og:url\" content=\"https:\/\/breinco.com\/ca\/proyecto\/universitat-pompeu-fabra\/\" \/>\n<meta property=\"og:site_name\" content=\"Breinco\" \/>\n<meta property=\"article:publisher\" content=\"https:\/\/www.facebook.com\/breincosmart\/\" \/>\n<meta property=\"article:modified_time\" content=\"2026-04-17T11:00:39+00:00\" \/>\n<meta property=\"og:image\" content=\"https:\/\/breinco.com\/wp-content\/uploads\/2026\/02\/breinco-feat-img.webp\" \/>\n\t<meta property=\"og:image:width\" content=\"1200\" \/>\n\t<meta property=\"og:image:height\" content=\"800\" \/>\n\t<meta property=\"og:image:type\" content=\"image\/webp\" \/>\n<meta name=\"twitter:card\" content=\"summary_large_image\" \/>\n<meta name=\"twitter:site\" content=\"@breincoGroup\" \/>\n<meta name=\"twitter:label1\" content=\"Temps estimat de lectura\" \/>\n\t<meta name=\"twitter:data1\" content=\"1 minut\" \/>\n<script type=\"application\/ld+json\" class=\"yoast-schema-graph\">{\"@context\":\"https:\\\/\\\/schema.org\",\"@graph\":[{\"@type\":\"WebPage\",\"@id\":\"https:\\\/\\\/breinco.com\\\/ca\\\/proyecto\\\/universitat-pompeu-fabra\\\/\",\"url\":\"https:\\\/\\\/breinco.com\\\/ca\\\/proyecto\\\/universitat-pompeu-fabra\\\/\",\"name\":\"Universitat Pompeu Fabra - Breinco\",\"isPartOf\":{\"@id\":\"https:\\\/\\\/breinco.com\\\/ca\\\/#website\"},\"datePublished\":\"2026-02-05T07:23:50+00:00\",\"dateModified\":\"2026-04-17T11:00:39+00:00\",\"breadcrumb\":{\"@id\":\"https:\\\/\\\/breinco.com\\\/ca\\\/proyecto\\\/universitat-pompeu-fabra\\\/#breadcrumb\"},\"inLanguage\":\"ca\",\"potentialAction\":[{\"@type\":\"ReadAction\",\"target\":[\"https:\\\/\\\/breinco.com\\\/ca\\\/proyecto\\\/universitat-pompeu-fabra\\\/\"]}]},{\"@type\":\"BreadcrumbList\",\"@id\":\"https:\\\/\\\/breinco.com\\\/ca\\\/proyecto\\\/universitat-pompeu-fabra\\\/#breadcrumb\",\"itemListElement\":[{\"@type\":\"ListItem\",\"position\":1,\"name\":\"Portada\",\"item\":\"https:\\\/\\\/breinco.com\\\/ca\\\/\"},{\"@type\":\"ListItem\",\"position\":2,\"name\":\"Proyectos\",\"item\":\"https:\\\/\\\/breinco.com\\\/ca\\\/proyecto\\\/\"},{\"@type\":\"ListItem\",\"position\":3,\"name\":\"Universitat Pompeu Fabra\"}]},{\"@type\":\"WebSite\",\"@id\":\"https:\\\/\\\/breinco.com\\\/ca\\\/#website\",\"url\":\"https:\\\/\\\/breinco.com\\\/ca\\\/\",\"name\":\"Breinco\",\"description\":\"\",\"publisher\":{\"@id\":\"https:\\\/\\\/breinco.com\\\/ca\\\/#organization\"},\"alternateName\":\"Urban Furniture, Architecture and Landscaping\",\"potentialAction\":[{\"@type\":\"SearchAction\",\"target\":{\"@type\":\"EntryPoint\",\"urlTemplate\":\"https:\\\/\\\/breinco.com\\\/ca\\\/?s={search_term_string}\"},\"query-input\":{\"@type\":\"PropertyValueSpecification\",\"valueRequired\":true,\"valueName\":\"search_term_string\"}}],\"inLanguage\":\"ca\"},{\"@type\":\"Organization\",\"@id\":\"https:\\\/\\\/breinco.com\\\/ca\\\/#organization\",\"name\":\"Breinco\",\"url\":\"https:\\\/\\\/breinco.com\\\/ca\\\/\",\"logo\":{\"@type\":\"ImageObject\",\"inLanguage\":\"ca\",\"@id\":\"https:\\\/\\\/breinco.com\\\/ca\\\/#\\\/schema\\\/logo\\\/image\\\/\",\"url\":\"https:\\\/\\\/breinco.com\\\/wp-content\\\/uploads\\\/2025\\\/04\\\/breinco-brand.svg\",\"contentUrl\":\"https:\\\/\\\/breinco.com\\\/wp-content\\\/uploads\\\/2025\\\/04\\\/breinco-brand.svg\",\"width\":26,\"height\":58,\"caption\":\"Breinco\"},\"image\":{\"@id\":\"https:\\\/\\\/breinco.com\\\/ca\\\/#\\\/schema\\\/logo\\\/image\\\/\"},\"sameAs\":[\"https:\\\/\\\/www.facebook.com\\\/breincosmart\\\/\",\"https:\\\/\\\/x.com\\\/breincoGroup\",\"https:\\\/\\\/www.instagram.com\\\/breinco\\\/\",\"https:\\\/\\\/www.linkedin.com\\\/company\\\/breinco-esp\\\/\"]}]}<\/script>\n<!-- \/ Yoast SEO plugin. -->","yoast_head_json":{"title":"Universitat Pompeu Fabra - Breinco","robots":{"index":"index","follow":"follow","max-snippet":"max-snippet:-1","max-image-preview":"max-image-preview:large","max-video-preview":"max-video-preview:-1"},"canonical":"https:\/\/breinco.com\/ca\/proyecto\/universitat-pompeu-fabra\/","og_locale":"ca_ES","og_type":"article","og_title":"Universitat Pompeu Fabra - Breinco","og_description":"Intervenci\u00f3 a la terrassa transitable de la Universitat Pompeu Fabra, un espai pensat per al l\u2019oci, la interacci\u00f3 i la contemplaci\u00f3 de l&#8217;entorn urb\u00e0 des de les altures. El projecte se centra a crear una terrassa funcional i elegant, on la circulaci\u00f3 i el confort dels usuaris es combinen amb un disseny acurat que integra [&hellip;]","og_url":"https:\/\/breinco.com\/ca\/proyecto\/universitat-pompeu-fabra\/","og_site_name":"Breinco","article_publisher":"https:\/\/www.facebook.com\/breincosmart\/","article_modified_time":"2026-04-17T11:00:39+00:00","og_image":[{"width":1200,"height":800,"url":"https:\/\/breinco.com\/wp-content\/uploads\/2026\/02\/breinco-feat-img.webp","type":"image\/webp"}],"twitter_card":"summary_large_image","twitter_site":"@breincoGroup","twitter_misc":{"Temps estimat de lectura":"1 minut"},"schema":{"@context":"https:\/\/schema.org","@graph":[{"@type":"WebPage","@id":"https:\/\/breinco.com\/ca\/proyecto\/universitat-pompeu-fabra\/","url":"https:\/\/breinco.com\/ca\/proyecto\/universitat-pompeu-fabra\/","name":"Universitat Pompeu Fabra - Breinco","isPartOf":{"@id":"https:\/\/breinco.com\/ca\/#website"},"datePublished":"2026-02-05T07:23:50+00:00","dateModified":"2026-04-17T11:00:39+00:00","breadcrumb":{"@id":"https:\/\/breinco.com\/ca\/proyecto\/universitat-pompeu-fabra\/#breadcrumb"},"inLanguage":"ca","potentialAction":[{"@type":"ReadAction","target":["https:\/\/breinco.com\/ca\/proyecto\/universitat-pompeu-fabra\/"]}]},{"@type":"BreadcrumbList","@id":"https:\/\/breinco.com\/ca\/proyecto\/universitat-pompeu-fabra\/#breadcrumb","itemListElement":[{"@type":"ListItem","position":1,"name":"Portada","item":"https:\/\/breinco.com\/ca\/"},{"@type":"ListItem","position":2,"name":"Proyectos","item":"https:\/\/breinco.com\/ca\/proyecto\/"},{"@type":"ListItem","position":3,"name":"Universitat Pompeu Fabra"}]},{"@type":"WebSite","@id":"https:\/\/breinco.com\/ca\/#website","url":"https:\/\/breinco.com\/ca\/","name":"Breinco","description":"","publisher":{"@id":"https:\/\/breinco.com\/ca\/#organization"},"alternateName":"Urban Furniture, Architecture and Landscaping","potentialAction":[{"@type":"SearchAction","target":{"@type":"EntryPoint","urlTemplate":"https:\/\/breinco.com\/ca\/?s={search_term_string}"},"query-input":{"@type":"PropertyValueSpecification","valueRequired":true,"valueName":"search_term_string"}}],"inLanguage":"ca"},{"@type":"Organization","@id":"https:\/\/breinco.com\/ca\/#organization","name":"Breinco","url":"https:\/\/breinco.com\/ca\/","logo":{"@type":"ImageObject","inLanguage":"ca","@id":"https:\/\/breinco.com\/ca\/#\/schema\/logo\/image\/","url":"https:\/\/breinco.com\/wp-content\/uploads\/2025\/04\/breinco-brand.svg","contentUrl":"https:\/\/breinco.com\/wp-content\/uploads\/2025\/04\/breinco-brand.svg","width":26,"height":58,"caption":"Breinco"},"image":{"@id":"https:\/\/breinco.com\/ca\/#\/schema\/logo\/image\/"},"sameAs":["https:\/\/www.facebook.com\/breincosmart\/","https:\/\/x.com\/breincoGroup","https:\/\/www.instagram.com\/breinco\/","https:\/\/www.linkedin.com\/company\/breinco-esp\/"]}]}},"_links":{"self":[{"href":"https:\/\/breinco.com\/ca\/wp-json\/wp\/v2\/proyecto\/22584","targetHints":{"allow":["GET"]}}],"collection":[{"href":"https:\/\/breinco.com\/ca\/wp-json\/wp\/v2\/proyecto"}],"about":[{"href":"https:\/\/breinco.com\/ca\/wp-json\/wp\/v2\/types\/proyecto"}],"wp:attachment":[{"href":"https:\/\/breinco.com\/ca\/wp-json\/wp\/v2\/media?parent=22584"}],"wp:term":[{"taxonomy":"post_tag","embeddable":true,"href":"https:\/\/breinco.com\/ca\/wp-json\/wp\/v2\/tags?post=22584"},{"taxonomy":"categoria-proyecto","embeddable":true,"href":"https:\/\/breinco.com\/ca\/wp-json\/wp\/v2\/categoria-proyecto?post=22584"}],"curies":[{"name":"wp","href":"https:\/\/api.w.org\/{rel}","templated":true}]}}

<p>Intervenció a la terrassa transitable de la Universitat Pompeu Fabra, un espai pensat per al l’oci, la interacció i la contemplació de l&#8217;entorn urbà des de les altures.</p>

<p>El projecte se centra a crear una terrassa funcional i elegant, on la circulació i el confort dels usuaris es combinen amb un disseny acurat que integra l&#8217;espai amb les vistes de la ciutat. L&#8217;actuació permet aprofitar al màxim el potencial de la terrassa, convertint-la en un lloc de trobada i contemplació dins del campus.</p>

<p>Per a la pavimentació s&#8217;ha utilitzat <strong>Llosa Vulcano® en color cendra</strong>, aplicada a tota la superfície de la terrassa. Aquesta llosa aporta continuïtat visual, resistència i durabilitat, a més d&#8217;una tonalitat neutra i sofisticada que s&#8217;integra harmoniosament amb l&#8217;entorn arquitectònic. La seva estabilitat cromàtica davant el pas del temps i la seva duresa fan de la Llosa Vulcano® la solució ideal per a espais exteriors transitables, garantint un paviment segur, funcional i estèticament acurat.</p>

<p></p>

<!-- This site is optimized with the Yoast SEO plugin v27.5 - https://yoast.com/product/yoast-seo-wordpress/ -->
<title>Universitat Pompeu Fabra - Breinco</title>
<meta name="robots" content="index, follow, max-snippet:-1, max-image-preview:large, max-video-preview:-1" />
<link rel="canonical" href="https://breinco.com/ca/proyecto/universitat-pompeu-fabra/" />
<meta property="og:locale" content="ca_ES" />
<meta property="og:type" content="article" />
<meta property="og:title" content="Universitat Pompeu Fabra - Breinco" />
<meta property="og:description" content="Intervenció a la terrassa transitable de la Universitat Pompeu Fabra, un espai pensat per al l’oci, la interacció i la contemplació de l&#8217;entorn urbà des de les altures. El projecte se centra a crear una terrassa funcional i elegant, on la circulació i el confort dels usuaris es combinen amb un disseny acurat que integra [&hellip;]" />
<meta property="og:url" content="https://breinco.com/ca/proyecto/universitat-pompeu-fabra/" />
<meta property="og:site_name" content="Breinco" />
<meta property="article:publisher" content="https://www.facebook.com/breincosmart/" />
<meta property="article:modified_time" content="2026-04-17T11:00:39+00:00" />
<meta property="og:image" content="https://breinco.com/wp-content/uploads/2026/02/breinco-feat-img.webp" />
	<meta property="og:image:width" content="1200" />
	<meta property="og:image:height" content="800" />
	<meta property="og:image:type" content="image/webp" />
<meta name="twitter:card" content="summary_large_image" />
<meta name="twitter:site" content="@breincoGroup" />
<meta name="twitter:label1" content="Temps estimat de lectura" />
	<meta name="twitter:data1" content="1 minut" />
<script type="application/ld+json" class="yoast-schema-graph">{"@context":"https:\/\/schema.org","@graph":[{"@type":"WebPage","@id":"https:\/\/breinco.com\/ca\/proyecto\/universitat-pompeu-fabra\/","url":"https:\/\/breinco.com\/ca\/proyecto\/universitat-pompeu-fabra\/","name":"Universitat Pompeu Fabra - Breinco","isPartOf":{"@id":"https:\/\/breinco.com\/ca\/#website"},"datePublished":"2026-02-05T07:23:50+00:00","dateModified":"2026-04-17T11:00:39+00:00","breadcrumb":{"@id":"https:\/\/breinco.com\/ca\/proyecto\/universitat-pompeu-fabra\/#breadcrumb"},"inLanguage":"ca","potentialAction":[{"@type":"ReadAction","target":["https:\/\/breinco.com\/ca\/proyecto\/universitat-pompeu-fabra\/"]}]},{"@type":"BreadcrumbList","@id":"https:\/\/breinco.com\/ca\/proyecto\/universitat-pompeu-fabra\/#breadcrumb","itemListElement":[{"@type":"ListItem","position":1,"name":"Portada","item":"https:\/\/breinco.com\/ca\/"},{"@type":"ListItem","position":2,"name":"Proyectos","item":"https:\/\/breinco.com\/ca\/proyecto\/"},{"@type":"ListItem","position":3,"name":"Universitat Pompeu Fabra"}]},{"@type":"WebSite","@id":"https:\/\/breinco.com\/ca\/#website","url":"https:\/\/breinco.com\/ca\/","name":"Breinco","description":"","publisher":{"@id":"https:\/\/breinco.com\/ca\/#organization"},"alternateName":"Urban Furniture, Architecture and Landscaping","potentialAction":[{"@type":"SearchAction","target":{"@type":"EntryPoint","urlTemplate":"https:\/\/breinco.com\/ca\/?s={search_term_string}"},"query-input":{"@type":"PropertyValueSpecification","valueRequired":true,"valueName":"search_term_string"}}],"inLanguage":"ca"},{"@type":"Organization","@id":"https:\/\/breinco.com\/ca\/#organization","name":"Breinco","url":"https:\/\/breinco.com\/ca\/","logo":{"@type":"ImageObject","inLanguage":"ca","@id":"https:\/\/breinco.com\/ca\/#\/schema\/logo\/image\/","url":"https:\/\/breinco.com\/wp-content\/uploads\/2025\/04\/breinco-brand.svg","contentUrl":"https:\/\/breinco.com\/wp-content\/uploads\/2025\/04\/breinco-brand.svg","width":26,"height":58,"caption":"Breinco"},"image":{"@id":"https:\/\/breinco.com\/ca\/#\/schema\/logo\/image\/"},"sameAs":["https:\/\/www.facebook.com\/breincosmart\/","https:\/\/x.com\/breincoGroup","https:\/\/www.instagram.com\/breinco\/","https:\/\/www.linkedin.com\/company\/breinco-esp\/"]}]}</script>
<!-- / Yoast SEO plugin. -->

Intervenció a la terrassa transitable de la Universitat Pompeu Fabra, un espai pensat per al l’oci, la interacció i la contemplació de l&#8217;entorn urbà des de les altures. El projecte se centra a crear una terrassa funcional i elegant, on la circulació i el confort dels usuaris es combinen amb un disseny acurat que integra [&hellip;]
