{"id":22594,"date":"2026-02-04T17:35:13","date_gmt":"2026-02-04T16:35:13","guid":{"rendered":"https:\/\/breinco.com\/proyecto\/ciutat-esportiva-del-reial-madrid-a-valdebebas\/"},"modified":"2026-04-17T13:00:40","modified_gmt":"2026-04-17T11:00:40","slug":"ciutat-esportiva-del-reial-madrid-a-valdebebas","status":"publish","type":"proyecto","link":"https:\/\/breinco.com\/ca\/proyecto\/ciutat-esportiva-del-reial-madrid-a-valdebebas\/","title":{"rendered":"Ciutat Esportiva del Reial Madrid a Valdebebas"},"content":{"rendered":"\n<p>Situada a Valdebebas, al districte ultraperif\u00e8ric de Barajas, la <strong>Ciutat Esportiva del Reial Madrid<\/strong> es concep com un macrocomplex que combina equipament esportiu de primer nivell amb un disseny paisatg\u00edstic excepcional. Amb 120 hect\u00e0rees, onze camps de futbol, un pavell\u00f3 cobert de b\u00e0squet, amplis gimnasos i vestidors, el complex integra totes les categories del club, des de les divisions inferiors fins al primer equip, culminant en l&#8217;estadi Alfredo Di St\u00e9fano amb graderies per a 7.500 espectadors.<\/p>\n\n<p>En els espais exteriors s\u2019ha incorporat <strong>Terana\u00ae Art<\/strong>, un paviment de panots de l\u00ednies definides i superf\u00edcie plana que permet crear ambients harm\u00f2nics i elegants. La seva versatilitat el fa ideal per a terrasses, zones de rep\u00f2s, camins d\u2019acc\u00e9s, \u00e0rees de joc i espais de trobada, aix\u00ed com per a elements decoratius com jardineres, fonts o estanys. Els diferents formats, acabats i colors de <strong>Terana\u00ae Art<\/strong> permeten combinar funcionalitat, durabilitat i est\u00e8tica, generant un entorn exterior confortable, sofisticat i pensat per gaudir del paisatge i la vida a l\u2019aire lliure.<\/p>\n\n<p>El resultat \u00e9s un projecte on arquitectura, esport i paisatgisme s\u2019integren, oferint un espai urb\u00e0 de refer\u00e8ncia internacional que combina excel\u00b7l\u00e8ncia funcional amb benestar i qualitat de vida, mentre <strong>Terana\u00ae Art<\/strong> aporta l\u2019eleg\u00e0ncia i l\u2019harmonia necess\u00e0ries per transformar cada rac\u00f3 exterior en un entorn cuidat i distingit.<\/p>\n\n<p><\/p>\n","protected":false},"featured_media":0,"template":"","meta":{"_acf_changed":false},"tags":[793],"categoria-proyecto":[],"class_list":["post-22594","proyecto","type-proyecto","status-publish","hentry","tag-terana-art"],"acf":[],"yoast_head":"<!-- This site is optimized with the Yoast SEO plugin v27.5 - https:\/\/yoast.com\/product\/yoast-seo-wordpress\/ -->\n<title>Ciutat Esportiva del Reial Madrid a Valdebebas - Breinco<\/title>\n<meta name=\"robots\" content=\"index, follow, max-snippet:-1, max-image-preview:large, max-video-preview:-1\" \/>\n<link rel=\"canonical\" href=\"https:\/\/breinco.com\/ca\/proyecto\/ciutat-esportiva-del-reial-madrid-a-valdebebas\/\" \/>\n<meta property=\"og:locale\" content=\"ca_ES\" \/>\n<meta property=\"og:type\" content=\"article\" \/>\n<meta property=\"og:title\" content=\"Ciutat Esportiva del Reial Madrid a Valdebebas - Breinco\" \/>\n<meta property=\"og:description\" content=\"Situada a Valdebebas, al districte ultraperif\u00e8ric de Barajas, la Ciutat Esportiva del Reial Madrid es concep com un macrocomplex que combina equipament esportiu de primer nivell amb un disseny paisatg\u00edstic excepcional. Amb 120 hect\u00e0rees, onze camps de futbol, un pavell\u00f3 cobert de b\u00e0squet, amplis gimnasos i vestidors, el complex integra totes les categories del club, [&hellip;]\" \/>\n<meta property=\"og:url\" content=\"https:\/\/breinco.com\/ca\/proyecto\/ciutat-esportiva-del-reial-madrid-a-valdebebas\/\" \/>\n<meta property=\"og:site_name\" content=\"Breinco\" \/>\n<meta property=\"article:publisher\" content=\"https:\/\/www.facebook.com\/breincosmart\/\" \/>\n<meta property=\"article:modified_time\" content=\"2026-04-17T11:00:40+00:00\" \/>\n<meta property=\"og:image\" content=\"https:\/\/breinco.com\/wp-content\/uploads\/2026\/02\/breinco-feat-img.webp\" \/>\n\t<meta property=\"og:image:width\" content=\"1200\" \/>\n\t<meta property=\"og:image:height\" content=\"800\" \/>\n\t<meta property=\"og:image:type\" content=\"image\/webp\" \/>\n<meta name=\"twitter:card\" content=\"summary_large_image\" \/>\n<meta name=\"twitter:site\" content=\"@breincoGroup\" \/>\n<meta name=\"twitter:label1\" content=\"Temps estimat de lectura\" \/>\n\t<meta name=\"twitter:data1\" content=\"1 minut\" \/>\n<script type=\"application\/ld+json\" class=\"yoast-schema-graph\">{\"@context\":\"https:\\\/\\\/schema.org\",\"@graph\":[{\"@type\":\"WebPage\",\"@id\":\"https:\\\/\\\/breinco.com\\\/ca\\\/proyecto\\\/ciutat-esportiva-del-reial-madrid-a-valdebebas\\\/\",\"url\":\"https:\\\/\\\/breinco.com\\\/ca\\\/proyecto\\\/ciutat-esportiva-del-reial-madrid-a-valdebebas\\\/\",\"name\":\"Ciutat Esportiva del Reial Madrid a Valdebebas - Breinco\",\"isPartOf\":{\"@id\":\"https:\\\/\\\/breinco.com\\\/ca\\\/#website\"},\"datePublished\":\"2026-02-04T16:35:13+00:00\",\"dateModified\":\"2026-04-17T11:00:40+00:00\",\"breadcrumb\":{\"@id\":\"https:\\\/\\\/breinco.com\\\/ca\\\/proyecto\\\/ciutat-esportiva-del-reial-madrid-a-valdebebas\\\/#breadcrumb\"},\"inLanguage\":\"ca\",\"potentialAction\":[{\"@type\":\"ReadAction\",\"target\":[\"https:\\\/\\\/breinco.com\\\/ca\\\/proyecto\\\/ciutat-esportiva-del-reial-madrid-a-valdebebas\\\/\"]}]},{\"@type\":\"BreadcrumbList\",\"@id\":\"https:\\\/\\\/breinco.com\\\/ca\\\/proyecto\\\/ciutat-esportiva-del-reial-madrid-a-valdebebas\\\/#breadcrumb\",\"itemListElement\":[{\"@type\":\"ListItem\",\"position\":1,\"name\":\"Portada\",\"item\":\"https:\\\/\\\/breinco.com\\\/ca\\\/\"},{\"@type\":\"ListItem\",\"position\":2,\"name\":\"Proyectos\",\"item\":\"https:\\\/\\\/breinco.com\\\/ca\\\/proyecto\\\/\"},{\"@type\":\"ListItem\",\"position\":3,\"name\":\"Ciutat Esportiva del Reial Madrid a Valdebebas\"}]},{\"@type\":\"WebSite\",\"@id\":\"https:\\\/\\\/breinco.com\\\/ca\\\/#website\",\"url\":\"https:\\\/\\\/breinco.com\\\/ca\\\/\",\"name\":\"Breinco\",\"description\":\"\",\"publisher\":{\"@id\":\"https:\\\/\\\/breinco.com\\\/ca\\\/#organization\"},\"alternateName\":\"Urban Furniture, Architecture and Landscaping\",\"potentialAction\":[{\"@type\":\"SearchAction\",\"target\":{\"@type\":\"EntryPoint\",\"urlTemplate\":\"https:\\\/\\\/breinco.com\\\/ca\\\/?s={search_term_string}\"},\"query-input\":{\"@type\":\"PropertyValueSpecification\",\"valueRequired\":true,\"valueName\":\"search_term_string\"}}],\"inLanguage\":\"ca\"},{\"@type\":\"Organization\",\"@id\":\"https:\\\/\\\/breinco.com\\\/ca\\\/#organization\",\"name\":\"Breinco\",\"url\":\"https:\\\/\\\/breinco.com\\\/ca\\\/\",\"logo\":{\"@type\":\"ImageObject\",\"inLanguage\":\"ca\",\"@id\":\"https:\\\/\\\/breinco.com\\\/ca\\\/#\\\/schema\\\/logo\\\/image\\\/\",\"url\":\"https:\\\/\\\/breinco.com\\\/wp-content\\\/uploads\\\/2025\\\/04\\\/breinco-brand.svg\",\"contentUrl\":\"https:\\\/\\\/breinco.com\\\/wp-content\\\/uploads\\\/2025\\\/04\\\/breinco-brand.svg\",\"width\":26,\"height\":58,\"caption\":\"Breinco\"},\"image\":{\"@id\":\"https:\\\/\\\/breinco.com\\\/ca\\\/#\\\/schema\\\/logo\\\/image\\\/\"},\"sameAs\":[\"https:\\\/\\\/www.facebook.com\\\/breincosmart\\\/\",\"https:\\\/\\\/x.com\\\/breincoGroup\",\"https:\\\/\\\/www.instagram.com\\\/breinco\\\/\",\"https:\\\/\\\/www.linkedin.com\\\/company\\\/breinco-esp\\\/\"]}]}<\/script>\n<!-- \/ Yoast SEO plugin. -->","yoast_head_json":{"title":"Ciutat Esportiva del Reial Madrid a Valdebebas - Breinco","robots":{"index":"index","follow":"follow","max-snippet":"max-snippet:-1","max-image-preview":"max-image-preview:large","max-video-preview":"max-video-preview:-1"},"canonical":"https:\/\/breinco.com\/ca\/proyecto\/ciutat-esportiva-del-reial-madrid-a-valdebebas\/","og_locale":"ca_ES","og_type":"article","og_title":"Ciutat Esportiva del Reial Madrid a Valdebebas - Breinco","og_description":"Situada a Valdebebas, al districte ultraperif\u00e8ric de Barajas, la Ciutat Esportiva del Reial Madrid es concep com un macrocomplex que combina equipament esportiu de primer nivell amb un disseny paisatg\u00edstic excepcional. Amb 120 hect\u00e0rees, onze camps de futbol, un pavell\u00f3 cobert de b\u00e0squet, amplis gimnasos i vestidors, el complex integra totes les categories del club, [&hellip;]","og_url":"https:\/\/breinco.com\/ca\/proyecto\/ciutat-esportiva-del-reial-madrid-a-valdebebas\/","og_site_name":"Breinco","article_publisher":"https:\/\/www.facebook.com\/breincosmart\/","article_modified_time":"2026-04-17T11:00:40+00:00","og_image":[{"width":1200,"height":800,"url":"https:\/\/breinco.com\/wp-content\/uploads\/2026\/02\/breinco-feat-img.webp","type":"image\/webp"}],"twitter_card":"summary_large_image","twitter_site":"@breincoGroup","twitter_misc":{"Temps estimat de lectura":"1 minut"},"schema":{"@context":"https:\/\/schema.org","@graph":[{"@type":"WebPage","@id":"https:\/\/breinco.com\/ca\/proyecto\/ciutat-esportiva-del-reial-madrid-a-valdebebas\/","url":"https:\/\/breinco.com\/ca\/proyecto\/ciutat-esportiva-del-reial-madrid-a-valdebebas\/","name":"Ciutat Esportiva del Reial Madrid a Valdebebas - Breinco","isPartOf":{"@id":"https:\/\/breinco.com\/ca\/#website"},"datePublished":"2026-02-04T16:35:13+00:00","dateModified":"2026-04-17T11:00:40+00:00","breadcrumb":{"@id":"https:\/\/breinco.com\/ca\/proyecto\/ciutat-esportiva-del-reial-madrid-a-valdebebas\/#breadcrumb"},"inLanguage":"ca","potentialAction":[{"@type":"ReadAction","target":["https:\/\/breinco.com\/ca\/proyecto\/ciutat-esportiva-del-reial-madrid-a-valdebebas\/"]}]},{"@type":"BreadcrumbList","@id":"https:\/\/breinco.com\/ca\/proyecto\/ciutat-esportiva-del-reial-madrid-a-valdebebas\/#breadcrumb","itemListElement":[{"@type":"ListItem","position":1,"name":"Portada","item":"https:\/\/breinco.com\/ca\/"},{"@type":"ListItem","position":2,"name":"Proyectos","item":"https:\/\/breinco.com\/ca\/proyecto\/"},{"@type":"ListItem","position":3,"name":"Ciutat Esportiva del Reial Madrid a Valdebebas"}]},{"@type":"WebSite","@id":"https:\/\/breinco.com\/ca\/#website","url":"https:\/\/breinco.com\/ca\/","name":"Breinco","description":"","publisher":{"@id":"https:\/\/breinco.com\/ca\/#organization"},"alternateName":"Urban Furniture, Architecture and Landscaping","potentialAction":[{"@type":"SearchAction","target":{"@type":"EntryPoint","urlTemplate":"https:\/\/breinco.com\/ca\/?s={search_term_string}"},"query-input":{"@type":"PropertyValueSpecification","valueRequired":true,"valueName":"search_term_string"}}],"inLanguage":"ca"},{"@type":"Organization","@id":"https:\/\/breinco.com\/ca\/#organization","name":"Breinco","url":"https:\/\/breinco.com\/ca\/","logo":{"@type":"ImageObject","inLanguage":"ca","@id":"https:\/\/breinco.com\/ca\/#\/schema\/logo\/image\/","url":"https:\/\/breinco.com\/wp-content\/uploads\/2025\/04\/breinco-brand.svg","contentUrl":"https:\/\/breinco.com\/wp-content\/uploads\/2025\/04\/breinco-brand.svg","width":26,"height":58,"caption":"Breinco"},"image":{"@id":"https:\/\/breinco.com\/ca\/#\/schema\/logo\/image\/"},"sameAs":["https:\/\/www.facebook.com\/breincosmart\/","https:\/\/x.com\/breincoGroup","https:\/\/www.instagram.com\/breinco\/","https:\/\/www.linkedin.com\/company\/breinco-esp\/"]}]}},"_links":{"self":[{"href":"https:\/\/breinco.com\/ca\/wp-json\/wp\/v2\/proyecto\/22594","targetHints":{"allow":["GET"]}}],"collection":[{"href":"https:\/\/breinco.com\/ca\/wp-json\/wp\/v2\/proyecto"}],"about":[{"href":"https:\/\/breinco.com\/ca\/wp-json\/wp\/v2\/types\/proyecto"}],"wp:attachment":[{"href":"https:\/\/breinco.com\/ca\/wp-json\/wp\/v2\/media?parent=22594"}],"wp:term":[{"taxonomy":"post_tag","embeddable":true,"href":"https:\/\/breinco.com\/ca\/wp-json\/wp\/v2\/tags?post=22594"},{"taxonomy":"categoria-proyecto","embeddable":true,"href":"https:\/\/breinco.com\/ca\/wp-json\/wp\/v2\/categoria-proyecto?post=22594"}],"curies":[{"name":"wp","href":"https:\/\/api.w.org\/{rel}","templated":true}]}}

<p>Situada a Valdebebas, al districte ultraperifèric de Barajas, la <strong>Ciutat Esportiva del Reial Madrid</strong> es concep com un macrocomplex que combina equipament esportiu de primer nivell amb un disseny paisatgístic excepcional. Amb 120 hectàrees, onze camps de futbol, un pavelló cobert de bàsquet, amplis gimnasos i vestidors, el complex integra totes les categories del club, des de les divisions inferiors fins al primer equip, culminant en l&#8217;estadi Alfredo Di Stéfano amb graderies per a 7.500 espectadors.</p>

<p>En els espais exteriors s’ha incorporat <strong>Terana® Art</strong>, un paviment de panots de línies definides i superfície plana que permet crear ambients harmònics i elegants. La seva versatilitat el fa ideal per a terrasses, zones de repòs, camins d’accés, àrees de joc i espais de trobada, així com per a elements decoratius com jardineres, fonts o estanys. Els diferents formats, acabats i colors de <strong>Terana® Art</strong> permeten combinar funcionalitat, durabilitat i estètica, generant un entorn exterior confortable, sofisticat i pensat per gaudir del paisatge i la vida a l’aire lliure.</p>

<p>El resultat és un projecte on arquitectura, esport i paisatgisme s’integren, oferint un espai urbà de referència internacional que combina excel·lència funcional amb benestar i qualitat de vida, mentre <strong>Terana® Art</strong> aporta l’elegància i l’harmonia necessàries per transformar cada racó exterior en un entorn cuidat i distingit.</p>

<p></p>

<!-- This site is optimized with the Yoast SEO plugin v27.5 - https://yoast.com/product/yoast-seo-wordpress/ -->
<title>Ciutat Esportiva del Reial Madrid a Valdebebas - Breinco</title>
<meta name="robots" content="index, follow, max-snippet:-1, max-image-preview:large, max-video-preview:-1" />
<link rel="canonical" href="https://breinco.com/ca/proyecto/ciutat-esportiva-del-reial-madrid-a-valdebebas/" />
<meta property="og:locale" content="ca_ES" />
<meta property="og:type" content="article" />
<meta property="og:title" content="Ciutat Esportiva del Reial Madrid a Valdebebas - Breinco" />
<meta property="og:description" content="Situada a Valdebebas, al districte ultraperifèric de Barajas, la Ciutat Esportiva del Reial Madrid es concep com un macrocomplex que combina equipament esportiu de primer nivell amb un disseny paisatgístic excepcional. Amb 120 hectàrees, onze camps de futbol, un pavelló cobert de bàsquet, amplis gimnasos i vestidors, el complex integra totes les categories del club, [&hellip;]" />
<meta property="og:url" content="https://breinco.com/ca/proyecto/ciutat-esportiva-del-reial-madrid-a-valdebebas/" />
<meta property="og:site_name" content="Breinco" />
<meta property="article:publisher" content="https://www.facebook.com/breincosmart/" />
<meta property="article:modified_time" content="2026-04-17T11:00:40+00:00" />
<meta property="og:image" content="https://breinco.com/wp-content/uploads/2026/02/breinco-feat-img.webp" />
	<meta property="og:image:width" content="1200" />
	<meta property="og:image:height" content="800" />
	<meta property="og:image:type" content="image/webp" />
<meta name="twitter:card" content="summary_large_image" />
<meta name="twitter:site" content="@breincoGroup" />
<meta name="twitter:label1" content="Temps estimat de lectura" />
	<meta name="twitter:data1" content="1 minut" />
<script type="application/ld+json" class="yoast-schema-graph">{"@context":"https:\/\/schema.org","@graph":[{"@type":"WebPage","@id":"https:\/\/breinco.com\/ca\/proyecto\/ciutat-esportiva-del-reial-madrid-a-valdebebas\/","url":"https:\/\/breinco.com\/ca\/proyecto\/ciutat-esportiva-del-reial-madrid-a-valdebebas\/","name":"Ciutat Esportiva del Reial Madrid a Valdebebas - Breinco","isPartOf":{"@id":"https:\/\/breinco.com\/ca\/#website"},"datePublished":"2026-02-04T16:35:13+00:00","dateModified":"2026-04-17T11:00:40+00:00","breadcrumb":{"@id":"https:\/\/breinco.com\/ca\/proyecto\/ciutat-esportiva-del-reial-madrid-a-valdebebas\/#breadcrumb"},"inLanguage":"ca","potentialAction":[{"@type":"ReadAction","target":["https:\/\/breinco.com\/ca\/proyecto\/ciutat-esportiva-del-reial-madrid-a-valdebebas\/"]}]},{"@type":"BreadcrumbList","@id":"https:\/\/breinco.com\/ca\/proyecto\/ciutat-esportiva-del-reial-madrid-a-valdebebas\/#breadcrumb","itemListElement":[{"@type":"ListItem","position":1,"name":"Portada","item":"https:\/\/breinco.com\/ca\/"},{"@type":"ListItem","position":2,"name":"Proyectos","item":"https:\/\/breinco.com\/ca\/proyecto\/"},{"@type":"ListItem","position":3,"name":"Ciutat Esportiva del Reial Madrid a Valdebebas"}]},{"@type":"WebSite","@id":"https:\/\/breinco.com\/ca\/#website","url":"https:\/\/breinco.com\/ca\/","name":"Breinco","description":"","publisher":{"@id":"https:\/\/breinco.com\/ca\/#organization"},"alternateName":"Urban Furniture, Architecture and Landscaping","potentialAction":[{"@type":"SearchAction","target":{"@type":"EntryPoint","urlTemplate":"https:\/\/breinco.com\/ca\/?s={search_term_string}"},"query-input":{"@type":"PropertyValueSpecification","valueRequired":true,"valueName":"search_term_string"}}],"inLanguage":"ca"},{"@type":"Organization","@id":"https:\/\/breinco.com\/ca\/#organization","name":"Breinco","url":"https:\/\/breinco.com\/ca\/","logo":{"@type":"ImageObject","inLanguage":"ca","@id":"https:\/\/breinco.com\/ca\/#\/schema\/logo\/image\/","url":"https:\/\/breinco.com\/wp-content\/uploads\/2025\/04\/breinco-brand.svg","contentUrl":"https:\/\/breinco.com\/wp-content\/uploads\/2025\/04\/breinco-brand.svg","width":26,"height":58,"caption":"Breinco"},"image":{"@id":"https:\/\/breinco.com\/ca\/#\/schema\/logo\/image\/"},"sameAs":["https:\/\/www.facebook.com\/breincosmart\/","https:\/\/x.com\/breincoGroup","https:\/\/www.instagram.com\/breinco\/","https:\/\/www.linkedin.com\/company\/breinco-esp\/"]}]}</script>
<!-- / Yoast SEO plugin. -->

Situada a Valdebebas, al districte ultraperifèric de Barajas, la Ciutat Esportiva del Reial Madrid es concep com un macrocomplex que combina equipament esportiu de primer nivell amb un disseny paisatgístic excepcional. Amb 120 hectàrees, onze camps de futbol, un pavelló cobert de bàsquet, amplis gimnasos i vestidors, el complex integra totes les categories del club, [&hellip;]
