{"id":22600,"date":"2026-02-05T02:57:17","date_gmt":"2026-02-05T01:57:17","guid":{"rendered":"https:\/\/breinco.com\/proyecto\/placa-de-rafael-alberti-a-esplugues-de-llobregat\/"},"modified":"2026-04-17T13:00:40","modified_gmt":"2026-04-17T11:00:40","slug":"placa-de-rafael-alberti-a-esplugues-de-llobregat","status":"publish","type":"proyecto","link":"https:\/\/breinco.com\/ca\/proyecto\/placa-de-rafael-alberti-a-esplugues-de-llobregat\/","title":{"rendered":"Placa de Rafael Alberti a Esplugues de Llobregat"},"content":{"rendered":"\n<p>La <strong>Pla\u00e7a de Rafael Alberti<\/strong> ha estat renovada per convertir-se en un espai accessible i acollidor per a tota la ciutadania. Les rampa incorporades faciliten l&#8217;acc\u00e9s a tots els usuaris, mentre que l&#8217;eliminaci\u00f3 de la rampa davant del casal permet disposar d&#8217;un <strong>escenari per a esdeveniments i activitats culturals<\/strong>, integrant la pla\u00e7a en la vida comunit\u00e0ria del municipi.<\/p>\n\n<p>El paviment s&#8217;ha resolt amb <strong>Terana\u00ae six<\/strong>, combinant quatre colors \u2014<strong>Mediterr\u00e1neo, Arena, Desierto i Cor-ten<\/strong>\u2014 que generen sensaci\u00f3 de moviment i dinamisme en tot el conjunt. La paleta crom\u00e0tica organitza visualment la pla\u00e7a, assenyalant recorreguts, zones d&#8217;estada i \u00e0rees de joc per a infants, alhora que aporta calidesa i car\u00e0cter a l&#8217;espai urb\u00e0.<\/p>\n\n<p>La vegetaci\u00f3 hi juga un paper destacat: s&#8217;han plantat arbustos que ofereixen floraci\u00f3 estacional i arbres estrat\u00e8gicament situats que aporten color i ombra en diferents \u00e8poques de l&#8217;any. Aquesta intervenci\u00f3 crea recorreguts variats i \u00e0rees de descans que conviden a la perman\u00e8ncia, fomentant tant el gaudi diari com la celebraci\u00f3 d&#8217;esdeveniments comunitaris.<\/p>\n\n<p>Amb aquesta renovaci\u00f3, la pla\u00e7a combina accessibilitat, est\u00e8tica i funcionalitat, i es converteix en un espai urb\u00e0 vers\u00e0til i viu, capa\u00e7 d&#8217;adaptar-se a diferents usos i moments de l&#8217;any.<\/p>\n\n<p><\/p>\n","protected":false},"featured_media":0,"template":"","meta":{"_acf_changed":false},"tags":[813],"categoria-proyecto":[811],"class_list":["post-22600","proyecto","type-proyecto","status-publish","hentry","tag-terana-six","categoria-proyecto-paisatge-urba"],"acf":[],"yoast_head":"<!-- This site is optimized with the Yoast SEO plugin v27.4 - https:\/\/yoast.com\/product\/yoast-seo-wordpress\/ -->\n<title>Placa de Rafael Alberti a Esplugues de Llobregat - Breinco<\/title>\n<meta name=\"robots\" content=\"index, follow, max-snippet:-1, max-image-preview:large, max-video-preview:-1\" \/>\n<link rel=\"canonical\" href=\"https:\/\/breinco.com\/ca\/proyecto\/placa-de-rafael-alberti-a-esplugues-de-llobregat\/\" \/>\n<meta property=\"og:locale\" content=\"ca_ES\" \/>\n<meta property=\"og:type\" content=\"article\" \/>\n<meta property=\"og:title\" content=\"Placa de Rafael Alberti a Esplugues de Llobregat - Breinco\" \/>\n<meta property=\"og:description\" content=\"La Pla\u00e7a de Rafael Alberti ha estat renovada per convertir-se en un espai accessible i acollidor per a tota la ciutadania. Les rampa incorporades faciliten l&#8217;acc\u00e9s a tots els usuaris, mentre que l&#8217;eliminaci\u00f3 de la rampa davant del casal permet disposar d&#8217;un escenari per a esdeveniments i activitats culturals, integrant la pla\u00e7a en la vida [&hellip;]\" \/>\n<meta property=\"og:url\" content=\"https:\/\/breinco.com\/ca\/proyecto\/placa-de-rafael-alberti-a-esplugues-de-llobregat\/\" \/>\n<meta property=\"og:site_name\" content=\"Breinco\" \/>\n<meta property=\"article:publisher\" content=\"https:\/\/www.facebook.com\/breincosmart\/\" \/>\n<meta property=\"article:modified_time\" content=\"2026-04-17T11:00:40+00:00\" \/>\n<meta property=\"og:image\" content=\"https:\/\/breinco.com\/wp-content\/uploads\/2026\/02\/breinco-feat-img.webp\" \/>\n\t<meta property=\"og:image:width\" content=\"1200\" \/>\n\t<meta property=\"og:image:height\" content=\"800\" \/>\n\t<meta property=\"og:image:type\" content=\"image\/webp\" \/>\n<meta name=\"twitter:card\" content=\"summary_large_image\" \/>\n<meta name=\"twitter:site\" content=\"@breincoGroup\" \/>\n<meta name=\"twitter:label1\" content=\"Temps estimat de lectura\" \/>\n\t<meta name=\"twitter:data1\" content=\"1 minut\" \/>\n<script type=\"application\/ld+json\" class=\"yoast-schema-graph\">{\"@context\":\"https:\\\/\\\/schema.org\",\"@graph\":[{\"@type\":\"WebPage\",\"@id\":\"https:\\\/\\\/breinco.com\\\/ca\\\/proyecto\\\/placa-de-rafael-alberti-a-esplugues-de-llobregat\\\/\",\"url\":\"https:\\\/\\\/breinco.com\\\/ca\\\/proyecto\\\/placa-de-rafael-alberti-a-esplugues-de-llobregat\\\/\",\"name\":\"Placa de Rafael Alberti a Esplugues de Llobregat - Breinco\",\"isPartOf\":{\"@id\":\"https:\\\/\\\/breinco.com\\\/ca\\\/#website\"},\"datePublished\":\"2026-02-05T01:57:17+00:00\",\"dateModified\":\"2026-04-17T11:00:40+00:00\",\"breadcrumb\":{\"@id\":\"https:\\\/\\\/breinco.com\\\/ca\\\/proyecto\\\/placa-de-rafael-alberti-a-esplugues-de-llobregat\\\/#breadcrumb\"},\"inLanguage\":\"ca\",\"potentialAction\":[{\"@type\":\"ReadAction\",\"target\":[\"https:\\\/\\\/breinco.com\\\/ca\\\/proyecto\\\/placa-de-rafael-alberti-a-esplugues-de-llobregat\\\/\"]}]},{\"@type\":\"BreadcrumbList\",\"@id\":\"https:\\\/\\\/breinco.com\\\/ca\\\/proyecto\\\/placa-de-rafael-alberti-a-esplugues-de-llobregat\\\/#breadcrumb\",\"itemListElement\":[{\"@type\":\"ListItem\",\"position\":1,\"name\":\"Portada\",\"item\":\"https:\\\/\\\/breinco.com\\\/ca\\\/\"},{\"@type\":\"ListItem\",\"position\":2,\"name\":\"Proyectos\",\"item\":\"https:\\\/\\\/breinco.com\\\/ca\\\/proyecto\\\/\"},{\"@type\":\"ListItem\",\"position\":3,\"name\":\"Placa de Rafael Alberti a Esplugues de Llobregat\"}]},{\"@type\":\"WebSite\",\"@id\":\"https:\\\/\\\/breinco.com\\\/ca\\\/#website\",\"url\":\"https:\\\/\\\/breinco.com\\\/ca\\\/\",\"name\":\"Breinco\",\"description\":\"\",\"publisher\":{\"@id\":\"https:\\\/\\\/breinco.com\\\/ca\\\/#organization\"},\"alternateName\":\"Urban Furniture, Architecture and Landscaping\",\"potentialAction\":[{\"@type\":\"SearchAction\",\"target\":{\"@type\":\"EntryPoint\",\"urlTemplate\":\"https:\\\/\\\/breinco.com\\\/ca\\\/?s={search_term_string}\"},\"query-input\":{\"@type\":\"PropertyValueSpecification\",\"valueRequired\":true,\"valueName\":\"search_term_string\"}}],\"inLanguage\":\"ca\"},{\"@type\":\"Organization\",\"@id\":\"https:\\\/\\\/breinco.com\\\/ca\\\/#organization\",\"name\":\"Breinco\",\"url\":\"https:\\\/\\\/breinco.com\\\/ca\\\/\",\"logo\":{\"@type\":\"ImageObject\",\"inLanguage\":\"ca\",\"@id\":\"https:\\\/\\\/breinco.com\\\/ca\\\/#\\\/schema\\\/logo\\\/image\\\/\",\"url\":\"https:\\\/\\\/breinco.com\\\/wp-content\\\/uploads\\\/2025\\\/04\\\/breinco-brand.svg\",\"contentUrl\":\"https:\\\/\\\/breinco.com\\\/wp-content\\\/uploads\\\/2025\\\/04\\\/breinco-brand.svg\",\"width\":26,\"height\":58,\"caption\":\"Breinco\"},\"image\":{\"@id\":\"https:\\\/\\\/breinco.com\\\/ca\\\/#\\\/schema\\\/logo\\\/image\\\/\"},\"sameAs\":[\"https:\\\/\\\/www.facebook.com\\\/breincosmart\\\/\",\"https:\\\/\\\/x.com\\\/breincoGroup\",\"https:\\\/\\\/www.instagram.com\\\/breinco\\\/\",\"https:\\\/\\\/www.linkedin.com\\\/company\\\/breinco-esp\\\/\"]}]}<\/script>\n<!-- \/ Yoast SEO plugin. -->","yoast_head_json":{"title":"Placa de Rafael Alberti a Esplugues de Llobregat - Breinco","robots":{"index":"index","follow":"follow","max-snippet":"max-snippet:-1","max-image-preview":"max-image-preview:large","max-video-preview":"max-video-preview:-1"},"canonical":"https:\/\/breinco.com\/ca\/proyecto\/placa-de-rafael-alberti-a-esplugues-de-llobregat\/","og_locale":"ca_ES","og_type":"article","og_title":"Placa de Rafael Alberti a Esplugues de Llobregat - Breinco","og_description":"La Pla\u00e7a de Rafael Alberti ha estat renovada per convertir-se en un espai accessible i acollidor per a tota la ciutadania. Les rampa incorporades faciliten l&#8217;acc\u00e9s a tots els usuaris, mentre que l&#8217;eliminaci\u00f3 de la rampa davant del casal permet disposar d&#8217;un escenari per a esdeveniments i activitats culturals, integrant la pla\u00e7a en la vida [&hellip;]","og_url":"https:\/\/breinco.com\/ca\/proyecto\/placa-de-rafael-alberti-a-esplugues-de-llobregat\/","og_site_name":"Breinco","article_publisher":"https:\/\/www.facebook.com\/breincosmart\/","article_modified_time":"2026-04-17T11:00:40+00:00","og_image":[{"width":1200,"height":800,"url":"https:\/\/breinco.com\/wp-content\/uploads\/2026\/02\/breinco-feat-img.webp","type":"image\/webp"}],"twitter_card":"summary_large_image","twitter_site":"@breincoGroup","twitter_misc":{"Temps estimat de lectura":"1 minut"},"schema":{"@context":"https:\/\/schema.org","@graph":[{"@type":"WebPage","@id":"https:\/\/breinco.com\/ca\/proyecto\/placa-de-rafael-alberti-a-esplugues-de-llobregat\/","url":"https:\/\/breinco.com\/ca\/proyecto\/placa-de-rafael-alberti-a-esplugues-de-llobregat\/","name":"Placa de Rafael Alberti a Esplugues de Llobregat - Breinco","isPartOf":{"@id":"https:\/\/breinco.com\/ca\/#website"},"datePublished":"2026-02-05T01:57:17+00:00","dateModified":"2026-04-17T11:00:40+00:00","breadcrumb":{"@id":"https:\/\/breinco.com\/ca\/proyecto\/placa-de-rafael-alberti-a-esplugues-de-llobregat\/#breadcrumb"},"inLanguage":"ca","potentialAction":[{"@type":"ReadAction","target":["https:\/\/breinco.com\/ca\/proyecto\/placa-de-rafael-alberti-a-esplugues-de-llobregat\/"]}]},{"@type":"BreadcrumbList","@id":"https:\/\/breinco.com\/ca\/proyecto\/placa-de-rafael-alberti-a-esplugues-de-llobregat\/#breadcrumb","itemListElement":[{"@type":"ListItem","position":1,"name":"Portada","item":"https:\/\/breinco.com\/ca\/"},{"@type":"ListItem","position":2,"name":"Proyectos","item":"https:\/\/breinco.com\/ca\/proyecto\/"},{"@type":"ListItem","position":3,"name":"Placa de Rafael Alberti a Esplugues de Llobregat"}]},{"@type":"WebSite","@id":"https:\/\/breinco.com\/ca\/#website","url":"https:\/\/breinco.com\/ca\/","name":"Breinco","description":"","publisher":{"@id":"https:\/\/breinco.com\/ca\/#organization"},"alternateName":"Urban Furniture, Architecture and Landscaping","potentialAction":[{"@type":"SearchAction","target":{"@type":"EntryPoint","urlTemplate":"https:\/\/breinco.com\/ca\/?s={search_term_string}"},"query-input":{"@type":"PropertyValueSpecification","valueRequired":true,"valueName":"search_term_string"}}],"inLanguage":"ca"},{"@type":"Organization","@id":"https:\/\/breinco.com\/ca\/#organization","name":"Breinco","url":"https:\/\/breinco.com\/ca\/","logo":{"@type":"ImageObject","inLanguage":"ca","@id":"https:\/\/breinco.com\/ca\/#\/schema\/logo\/image\/","url":"https:\/\/breinco.com\/wp-content\/uploads\/2025\/04\/breinco-brand.svg","contentUrl":"https:\/\/breinco.com\/wp-content\/uploads\/2025\/04\/breinco-brand.svg","width":26,"height":58,"caption":"Breinco"},"image":{"@id":"https:\/\/breinco.com\/ca\/#\/schema\/logo\/image\/"},"sameAs":["https:\/\/www.facebook.com\/breincosmart\/","https:\/\/x.com\/breincoGroup","https:\/\/www.instagram.com\/breinco\/","https:\/\/www.linkedin.com\/company\/breinco-esp\/"]}]}},"_links":{"self":[{"href":"https:\/\/breinco.com\/ca\/wp-json\/wp\/v2\/proyecto\/22600","targetHints":{"allow":["GET"]}}],"collection":[{"href":"https:\/\/breinco.com\/ca\/wp-json\/wp\/v2\/proyecto"}],"about":[{"href":"https:\/\/breinco.com\/ca\/wp-json\/wp\/v2\/types\/proyecto"}],"wp:attachment":[{"href":"https:\/\/breinco.com\/ca\/wp-json\/wp\/v2\/media?parent=22600"}],"wp:term":[{"taxonomy":"post_tag","embeddable":true,"href":"https:\/\/breinco.com\/ca\/wp-json\/wp\/v2\/tags?post=22600"},{"taxonomy":"categoria-proyecto","embeddable":true,"href":"https:\/\/breinco.com\/ca\/wp-json\/wp\/v2\/categoria-proyecto?post=22600"}],"curies":[{"name":"wp","href":"https:\/\/api.w.org\/{rel}","templated":true}]}}

<p>La <strong>Plaça de Rafael Alberti</strong> ha estat renovada per convertir-se en un espai accessible i acollidor per a tota la ciutadania. Les rampa incorporades faciliten l&#8217;accés a tots els usuaris, mentre que l&#8217;eliminació de la rampa davant del casal permet disposar d&#8217;un <strong>escenari per a esdeveniments i activitats culturals</strong>, integrant la plaça en la vida comunitària del municipi.</p>

<p>El paviment s&#8217;ha resolt amb <strong>Terana® six</strong>, combinant quatre colors —<strong>Mediterráneo, Arena, Desierto i Cor-ten</strong>— que generen sensació de moviment i dinamisme en tot el conjunt. La paleta cromàtica organitza visualment la plaça, assenyalant recorreguts, zones d&#8217;estada i àrees de joc per a infants, alhora que aporta calidesa i caràcter a l&#8217;espai urbà.</p>

<p>La vegetació hi juga un paper destacat: s&#8217;han plantat arbustos que ofereixen floració estacional i arbres estratègicament situats que aporten color i ombra en diferents èpoques de l&#8217;any. Aquesta intervenció crea recorreguts variats i àrees de descans que conviden a la permanència, fomentant tant el gaudi diari com la celebració d&#8217;esdeveniments comunitaris.</p>

<p>Amb aquesta renovació, la plaça combina accessibilitat, estètica i funcionalitat, i es converteix en un espai urbà versàtil i viu, capaç d&#8217;adaptar-se a diferents usos i moments de l&#8217;any.</p>

<p></p>

<!-- This site is optimized with the Yoast SEO plugin v27.4 - https://yoast.com/product/yoast-seo-wordpress/ -->
<title>Placa de Rafael Alberti a Esplugues de Llobregat - Breinco</title>
<meta name="robots" content="index, follow, max-snippet:-1, max-image-preview:large, max-video-preview:-1" />
<link rel="canonical" href="https://breinco.com/ca/proyecto/placa-de-rafael-alberti-a-esplugues-de-llobregat/" />
<meta property="og:locale" content="ca_ES" />
<meta property="og:type" content="article" />
<meta property="og:title" content="Placa de Rafael Alberti a Esplugues de Llobregat - Breinco" />
<meta property="og:description" content="La Plaça de Rafael Alberti ha estat renovada per convertir-se en un espai accessible i acollidor per a tota la ciutadania. Les rampa incorporades faciliten l&#8217;accés a tots els usuaris, mentre que l&#8217;eliminació de la rampa davant del casal permet disposar d&#8217;un escenari per a esdeveniments i activitats culturals, integrant la plaça en la vida [&hellip;]" />
<meta property="og:url" content="https://breinco.com/ca/proyecto/placa-de-rafael-alberti-a-esplugues-de-llobregat/" />
<meta property="og:site_name" content="Breinco" />
<meta property="article:publisher" content="https://www.facebook.com/breincosmart/" />
<meta property="article:modified_time" content="2026-04-17T11:00:40+00:00" />
<meta property="og:image" content="https://breinco.com/wp-content/uploads/2026/02/breinco-feat-img.webp" />
	<meta property="og:image:width" content="1200" />
	<meta property="og:image:height" content="800" />
	<meta property="og:image:type" content="image/webp" />
<meta name="twitter:card" content="summary_large_image" />
<meta name="twitter:site" content="@breincoGroup" />
<meta name="twitter:label1" content="Temps estimat de lectura" />
	<meta name="twitter:data1" content="1 minut" />
<script type="application/ld+json" class="yoast-schema-graph">{"@context":"https:\/\/schema.org","@graph":[{"@type":"WebPage","@id":"https:\/\/breinco.com\/ca\/proyecto\/placa-de-rafael-alberti-a-esplugues-de-llobregat\/","url":"https:\/\/breinco.com\/ca\/proyecto\/placa-de-rafael-alberti-a-esplugues-de-llobregat\/","name":"Placa de Rafael Alberti a Esplugues de Llobregat - Breinco","isPartOf":{"@id":"https:\/\/breinco.com\/ca\/#website"},"datePublished":"2026-02-05T01:57:17+00:00","dateModified":"2026-04-17T11:00:40+00:00","breadcrumb":{"@id":"https:\/\/breinco.com\/ca\/proyecto\/placa-de-rafael-alberti-a-esplugues-de-llobregat\/#breadcrumb"},"inLanguage":"ca","potentialAction":[{"@type":"ReadAction","target":["https:\/\/breinco.com\/ca\/proyecto\/placa-de-rafael-alberti-a-esplugues-de-llobregat\/"]}]},{"@type":"BreadcrumbList","@id":"https:\/\/breinco.com\/ca\/proyecto\/placa-de-rafael-alberti-a-esplugues-de-llobregat\/#breadcrumb","itemListElement":[{"@type":"ListItem","position":1,"name":"Portada","item":"https:\/\/breinco.com\/ca\/"},{"@type":"ListItem","position":2,"name":"Proyectos","item":"https:\/\/breinco.com\/ca\/proyecto\/"},{"@type":"ListItem","position":3,"name":"Placa de Rafael Alberti a Esplugues de Llobregat"}]},{"@type":"WebSite","@id":"https:\/\/breinco.com\/ca\/#website","url":"https:\/\/breinco.com\/ca\/","name":"Breinco","description":"","publisher":{"@id":"https:\/\/breinco.com\/ca\/#organization"},"alternateName":"Urban Furniture, Architecture and Landscaping","potentialAction":[{"@type":"SearchAction","target":{"@type":"EntryPoint","urlTemplate":"https:\/\/breinco.com\/ca\/?s={search_term_string}"},"query-input":{"@type":"PropertyValueSpecification","valueRequired":true,"valueName":"search_term_string"}}],"inLanguage":"ca"},{"@type":"Organization","@id":"https:\/\/breinco.com\/ca\/#organization","name":"Breinco","url":"https:\/\/breinco.com\/ca\/","logo":{"@type":"ImageObject","inLanguage":"ca","@id":"https:\/\/breinco.com\/ca\/#\/schema\/logo\/image\/","url":"https:\/\/breinco.com\/wp-content\/uploads\/2025\/04\/breinco-brand.svg","contentUrl":"https:\/\/breinco.com\/wp-content\/uploads\/2025\/04\/breinco-brand.svg","width":26,"height":58,"caption":"Breinco"},"image":{"@id":"https:\/\/breinco.com\/ca\/#\/schema\/logo\/image\/"},"sameAs":["https:\/\/www.facebook.com\/breincosmart\/","https:\/\/x.com\/breincoGroup","https:\/\/www.instagram.com\/breinco\/","https:\/\/www.linkedin.com\/company\/breinco-esp\/"]}]}</script>
<!-- / Yoast SEO plugin. -->

La Plaça de Rafael Alberti ha estat renovada per convertir-se en un espai accessible i acollidor per a tota la ciutadania. Les rampa incorporades faciliten l&#8217;accés a tots els usuaris, mentre que l&#8217;eliminació de la rampa davant del casal permet disposar d&#8217;un escenari per a esdeveniments i activitats culturals, integrant la plaça en la vida [&hellip;]
