{"id":22602,"date":"2026-02-05T08:31:43","date_gmt":"2026-02-05T07:31:43","guid":{"rendered":"https:\/\/breinco.com\/proyecto\/port-nautic-sostenible-a-lestartit-girona-6\/"},"modified":"2026-04-17T13:00:40","modified_gmt":"2026-04-17T11:00:40","slug":"port-nautic-sostenible-a-lestartit-girona-6","status":"publish","type":"proyecto","link":"https:\/\/breinco.com\/ca\/proyecto\/port-nautic-sostenible-a-lestartit-girona-6\/","title":{"rendered":"Port N\u00e0utic sostenible a l&#8217;Estartit, Girona"},"content":{"rendered":"\n<p class=\"has-text-align-left\">Ubicat al cor de la Costa Brava, el port n\u00e0utic de l\u2019Estartit s&#8217;ha consolidat com un referent en sostenibilitat i efici\u00e8ncia energ\u00e8tica. El projecte, liderat per l&#8217;estudi Aspecte Paisatge (Martiri\u00e0 Figueres i Feixas), transforma aquest enclavament costaner en una infraestructura adaptada al segle XXI, prioritzant l&#8217;accessibilitat, la funcionalitat i el respecte mediambiental.<\/p>\n\n<p class=\"has-text-align-left\">La primera fase de remodelaci\u00f3 va suposar la renovaci\u00f3 completa de les instal\u00b7lacions portu\u00e0ries, amb la construcci\u00f3 del nou dic de Garb\u00ed i el condicionament de l&#8217;acc\u00e9s de vianants a peu d&#8217;embarcaci\u00f3. Aquesta zona s&#8217;ha pavimentat amb <strong>Llosa Vulcano\u00ae<\/strong> fotocatal\u00edtiques <strong>AirClean\u00ae<\/strong>, cobrint un total de 2.000 m\u00b2 amb un paviment capa\u00e7 de descontaminar l&#8217;aire urb\u00e0.<\/p>\n\n<p class=\"has-text-align-left\">Gr\u00e0cies a la tecnologia fotocatal\u00edtica incorporada a la superf\u00edcie, aquests materials activen un proc\u00e9s qu\u00edmic amb la llum solar que transforma els \u00f2xids de nitrogen (NOx) en nitrats inofensius, millorant la qualitat de l&#8217;aire. Aquest paviment tamb\u00e9 presenta propietats autonetejadores, la qual cosa redueix costos de manteniment i n\u2019allarga la vida \u00fatil.<\/p>\n\n<p class=\"has-text-align-left\">L&#8217;\u00fas de l&#8217;AirClean\u00ae al port de l&#8217;Estartit no nom\u00e9s aporta una est\u00e8tica contempor\u00e0nia i funcional, sin\u00f3 que tamb\u00e9 reflecteix una <strong>aposta ferma per solucions constructives actives en la lluita contra la contaminaci\u00f3 atmosf\u00e8rica.<\/strong><\/p>\n\n<p class=\"has-text-align-left\">Aquest projecte pioner mostra com els materials intel\u00b7ligents poden integrar sostenibilitat, disseny i tecnologia en infraestructures costaneres d&#8217;alt rendiment.<\/p>\n","protected":false},"featured_media":0,"template":"","meta":{"_acf_changed":false},"tags":[789],"categoria-proyecto":[],"class_list":["post-22602","proyecto","type-proyecto","status-publish","hentry","tag-llosa-vulcano"],"acf":[],"yoast_head":"<!-- This site is optimized with the Yoast SEO plugin v27.5 - https:\/\/yoast.com\/product\/yoast-seo-wordpress\/ -->\n<title>Port N\u00e0utic sostenible a l&#039;Estartit, Girona - Breinco<\/title>\n<meta name=\"robots\" content=\"index, follow, max-snippet:-1, max-image-preview:large, max-video-preview:-1\" \/>\n<link rel=\"canonical\" href=\"https:\/\/breinco.com\/ca\/proyecto\/port-nautic-sostenible-a-lestartit-girona-6\/\" \/>\n<meta property=\"og:locale\" content=\"ca_ES\" \/>\n<meta property=\"og:type\" content=\"article\" \/>\n<meta property=\"og:title\" content=\"Port N\u00e0utic sostenible a l&#039;Estartit, Girona - Breinco\" \/>\n<meta property=\"og:description\" content=\"Ubicat al cor de la Costa Brava, el port n\u00e0utic de l\u2019Estartit s&#8217;ha consolidat com un referent en sostenibilitat i efici\u00e8ncia energ\u00e8tica. El projecte, liderat per l&#8217;estudi Aspecte Paisatge (Martiri\u00e0 Figueres i Feixas), transforma aquest enclavament costaner en una infraestructura adaptada al segle XXI, prioritzant l&#8217;accessibilitat, la funcionalitat i el respecte mediambiental. La primera fase [&hellip;]\" \/>\n<meta property=\"og:url\" content=\"https:\/\/breinco.com\/ca\/proyecto\/port-nautic-sostenible-a-lestartit-girona-6\/\" \/>\n<meta property=\"og:site_name\" content=\"Breinco\" \/>\n<meta property=\"article:publisher\" content=\"https:\/\/www.facebook.com\/breincosmart\/\" \/>\n<meta property=\"article:modified_time\" content=\"2026-04-17T11:00:40+00:00\" \/>\n<meta property=\"og:image\" content=\"https:\/\/breinco.com\/wp-content\/uploads\/2026\/02\/breinco-feat-img.webp\" \/>\n\t<meta property=\"og:image:width\" content=\"1200\" \/>\n\t<meta property=\"og:image:height\" content=\"800\" \/>\n\t<meta property=\"og:image:type\" content=\"image\/webp\" \/>\n<meta name=\"twitter:card\" content=\"summary_large_image\" \/>\n<meta name=\"twitter:site\" content=\"@breincoGroup\" \/>\n<meta name=\"twitter:label1\" content=\"Temps estimat de lectura\" \/>\n\t<meta name=\"twitter:data1\" content=\"1 minut\" \/>\n<script type=\"application\/ld+json\" class=\"yoast-schema-graph\">{\"@context\":\"https:\\\/\\\/schema.org\",\"@graph\":[{\"@type\":\"WebPage\",\"@id\":\"https:\\\/\\\/breinco.com\\\/ca\\\/proyecto\\\/port-nautic-sostenible-a-lestartit-girona-6\\\/\",\"url\":\"https:\\\/\\\/breinco.com\\\/ca\\\/proyecto\\\/port-nautic-sostenible-a-lestartit-girona-6\\\/\",\"name\":\"Port N\u00e0utic sostenible a l'Estartit, Girona - Breinco\",\"isPartOf\":{\"@id\":\"https:\\\/\\\/breinco.com\\\/ca\\\/#website\"},\"datePublished\":\"2026-02-05T07:31:43+00:00\",\"dateModified\":\"2026-04-17T11:00:40+00:00\",\"breadcrumb\":{\"@id\":\"https:\\\/\\\/breinco.com\\\/ca\\\/proyecto\\\/port-nautic-sostenible-a-lestartit-girona-6\\\/#breadcrumb\"},\"inLanguage\":\"ca\",\"potentialAction\":[{\"@type\":\"ReadAction\",\"target\":[\"https:\\\/\\\/breinco.com\\\/ca\\\/proyecto\\\/port-nautic-sostenible-a-lestartit-girona-6\\\/\"]}]},{\"@type\":\"BreadcrumbList\",\"@id\":\"https:\\\/\\\/breinco.com\\\/ca\\\/proyecto\\\/port-nautic-sostenible-a-lestartit-girona-6\\\/#breadcrumb\",\"itemListElement\":[{\"@type\":\"ListItem\",\"position\":1,\"name\":\"Portada\",\"item\":\"https:\\\/\\\/breinco.com\\\/ca\\\/\"},{\"@type\":\"ListItem\",\"position\":2,\"name\":\"Proyectos\",\"item\":\"https:\\\/\\\/breinco.com\\\/ca\\\/proyecto\\\/\"},{\"@type\":\"ListItem\",\"position\":3,\"name\":\"Port N\u00e0utic sostenible a l&#8217;Estartit, Girona\"}]},{\"@type\":\"WebSite\",\"@id\":\"https:\\\/\\\/breinco.com\\\/ca\\\/#website\",\"url\":\"https:\\\/\\\/breinco.com\\\/ca\\\/\",\"name\":\"Breinco\",\"description\":\"\",\"publisher\":{\"@id\":\"https:\\\/\\\/breinco.com\\\/ca\\\/#organization\"},\"alternateName\":\"Urban Furniture, Architecture and Landscaping\",\"potentialAction\":[{\"@type\":\"SearchAction\",\"target\":{\"@type\":\"EntryPoint\",\"urlTemplate\":\"https:\\\/\\\/breinco.com\\\/ca\\\/?s={search_term_string}\"},\"query-input\":{\"@type\":\"PropertyValueSpecification\",\"valueRequired\":true,\"valueName\":\"search_term_string\"}}],\"inLanguage\":\"ca\"},{\"@type\":\"Organization\",\"@id\":\"https:\\\/\\\/breinco.com\\\/ca\\\/#organization\",\"name\":\"Breinco\",\"url\":\"https:\\\/\\\/breinco.com\\\/ca\\\/\",\"logo\":{\"@type\":\"ImageObject\",\"inLanguage\":\"ca\",\"@id\":\"https:\\\/\\\/breinco.com\\\/ca\\\/#\\\/schema\\\/logo\\\/image\\\/\",\"url\":\"https:\\\/\\\/breinco.com\\\/wp-content\\\/uploads\\\/2025\\\/04\\\/breinco-brand.svg\",\"contentUrl\":\"https:\\\/\\\/breinco.com\\\/wp-content\\\/uploads\\\/2025\\\/04\\\/breinco-brand.svg\",\"width\":26,\"height\":58,\"caption\":\"Breinco\"},\"image\":{\"@id\":\"https:\\\/\\\/breinco.com\\\/ca\\\/#\\\/schema\\\/logo\\\/image\\\/\"},\"sameAs\":[\"https:\\\/\\\/www.facebook.com\\\/breincosmart\\\/\",\"https:\\\/\\\/x.com\\\/breincoGroup\",\"https:\\\/\\\/www.instagram.com\\\/breinco\\\/\",\"https:\\\/\\\/www.linkedin.com\\\/company\\\/breinco-esp\\\/\"]}]}<\/script>\n<!-- \/ Yoast SEO plugin. -->","yoast_head_json":{"title":"Port N\u00e0utic sostenible a l'Estartit, Girona - Breinco","robots":{"index":"index","follow":"follow","max-snippet":"max-snippet:-1","max-image-preview":"max-image-preview:large","max-video-preview":"max-video-preview:-1"},"canonical":"https:\/\/breinco.com\/ca\/proyecto\/port-nautic-sostenible-a-lestartit-girona-6\/","og_locale":"ca_ES","og_type":"article","og_title":"Port N\u00e0utic sostenible a l'Estartit, Girona - Breinco","og_description":"Ubicat al cor de la Costa Brava, el port n\u00e0utic de l\u2019Estartit s&#8217;ha consolidat com un referent en sostenibilitat i efici\u00e8ncia energ\u00e8tica. El projecte, liderat per l&#8217;estudi Aspecte Paisatge (Martiri\u00e0 Figueres i Feixas), transforma aquest enclavament costaner en una infraestructura adaptada al segle XXI, prioritzant l&#8217;accessibilitat, la funcionalitat i el respecte mediambiental. La primera fase [&hellip;]","og_url":"https:\/\/breinco.com\/ca\/proyecto\/port-nautic-sostenible-a-lestartit-girona-6\/","og_site_name":"Breinco","article_publisher":"https:\/\/www.facebook.com\/breincosmart\/","article_modified_time":"2026-04-17T11:00:40+00:00","og_image":[{"width":1200,"height":800,"url":"https:\/\/breinco.com\/wp-content\/uploads\/2026\/02\/breinco-feat-img.webp","type":"image\/webp"}],"twitter_card":"summary_large_image","twitter_site":"@breincoGroup","twitter_misc":{"Temps estimat de lectura":"1 minut"},"schema":{"@context":"https:\/\/schema.org","@graph":[{"@type":"WebPage","@id":"https:\/\/breinco.com\/ca\/proyecto\/port-nautic-sostenible-a-lestartit-girona-6\/","url":"https:\/\/breinco.com\/ca\/proyecto\/port-nautic-sostenible-a-lestartit-girona-6\/","name":"Port N\u00e0utic sostenible a l'Estartit, Girona - Breinco","isPartOf":{"@id":"https:\/\/breinco.com\/ca\/#website"},"datePublished":"2026-02-05T07:31:43+00:00","dateModified":"2026-04-17T11:00:40+00:00","breadcrumb":{"@id":"https:\/\/breinco.com\/ca\/proyecto\/port-nautic-sostenible-a-lestartit-girona-6\/#breadcrumb"},"inLanguage":"ca","potentialAction":[{"@type":"ReadAction","target":["https:\/\/breinco.com\/ca\/proyecto\/port-nautic-sostenible-a-lestartit-girona-6\/"]}]},{"@type":"BreadcrumbList","@id":"https:\/\/breinco.com\/ca\/proyecto\/port-nautic-sostenible-a-lestartit-girona-6\/#breadcrumb","itemListElement":[{"@type":"ListItem","position":1,"name":"Portada","item":"https:\/\/breinco.com\/ca\/"},{"@type":"ListItem","position":2,"name":"Proyectos","item":"https:\/\/breinco.com\/ca\/proyecto\/"},{"@type":"ListItem","position":3,"name":"Port N\u00e0utic sostenible a l&#8217;Estartit, Girona"}]},{"@type":"WebSite","@id":"https:\/\/breinco.com\/ca\/#website","url":"https:\/\/breinco.com\/ca\/","name":"Breinco","description":"","publisher":{"@id":"https:\/\/breinco.com\/ca\/#organization"},"alternateName":"Urban Furniture, Architecture and Landscaping","potentialAction":[{"@type":"SearchAction","target":{"@type":"EntryPoint","urlTemplate":"https:\/\/breinco.com\/ca\/?s={search_term_string}"},"query-input":{"@type":"PropertyValueSpecification","valueRequired":true,"valueName":"search_term_string"}}],"inLanguage":"ca"},{"@type":"Organization","@id":"https:\/\/breinco.com\/ca\/#organization","name":"Breinco","url":"https:\/\/breinco.com\/ca\/","logo":{"@type":"ImageObject","inLanguage":"ca","@id":"https:\/\/breinco.com\/ca\/#\/schema\/logo\/image\/","url":"https:\/\/breinco.com\/wp-content\/uploads\/2025\/04\/breinco-brand.svg","contentUrl":"https:\/\/breinco.com\/wp-content\/uploads\/2025\/04\/breinco-brand.svg","width":26,"height":58,"caption":"Breinco"},"image":{"@id":"https:\/\/breinco.com\/ca\/#\/schema\/logo\/image\/"},"sameAs":["https:\/\/www.facebook.com\/breincosmart\/","https:\/\/x.com\/breincoGroup","https:\/\/www.instagram.com\/breinco\/","https:\/\/www.linkedin.com\/company\/breinco-esp\/"]}]}},"_links":{"self":[{"href":"https:\/\/breinco.com\/ca\/wp-json\/wp\/v2\/proyecto\/22602","targetHints":{"allow":["GET"]}}],"collection":[{"href":"https:\/\/breinco.com\/ca\/wp-json\/wp\/v2\/proyecto"}],"about":[{"href":"https:\/\/breinco.com\/ca\/wp-json\/wp\/v2\/types\/proyecto"}],"wp:attachment":[{"href":"https:\/\/breinco.com\/ca\/wp-json\/wp\/v2\/media?parent=22602"}],"wp:term":[{"taxonomy":"post_tag","embeddable":true,"href":"https:\/\/breinco.com\/ca\/wp-json\/wp\/v2\/tags?post=22602"},{"taxonomy":"categoria-proyecto","embeddable":true,"href":"https:\/\/breinco.com\/ca\/wp-json\/wp\/v2\/categoria-proyecto?post=22602"}],"curies":[{"name":"wp","href":"https:\/\/api.w.org\/{rel}","templated":true}]}}

Port Nàutic sostenible a l&#8217;Estartit, Girona

<p class="has-text-align-left">Ubicat al cor de la Costa Brava, el port nàutic de l’Estartit s&#8217;ha consolidat com un referent en sostenibilitat i eficiència energètica. El projecte, liderat per l&#8217;estudi Aspecte Paisatge (Martirià Figueres i Feixas), transforma aquest enclavament costaner en una infraestructura adaptada al segle XXI, prioritzant l&#8217;accessibilitat, la funcionalitat i el respecte mediambiental.</p>

<p class="has-text-align-left">La primera fase de remodelació va suposar la renovació completa de les instal·lacions portuàries, amb la construcció del nou dic de Garbí i el condicionament de l&#8217;accés de vianants a peu d&#8217;embarcació. Aquesta zona s&#8217;ha pavimentat amb <strong>Llosa Vulcano®</strong> fotocatalítiques <strong>AirClean®</strong>, cobrint un total de 2.000 m² amb un paviment capaç de descontaminar l&#8217;aire urbà.</p>

<p class="has-text-align-left">Gràcies a la tecnologia fotocatalítica incorporada a la superfície, aquests materials activen un procés químic amb la llum solar que transforma els òxids de nitrogen (NOx) en nitrats inofensius, millorant la qualitat de l&#8217;aire. Aquest paviment també presenta propietats autonetejadores, la qual cosa redueix costos de manteniment i n’allarga la vida útil.</p>

<p class="has-text-align-left">L&#8217;ús de l&#8217;AirClean® al port de l&#8217;Estartit no només aporta una estètica contemporània i funcional, sinó que també reflecteix una <strong>aposta ferma per solucions constructives actives en la lluita contra la contaminació atmosfèrica.</strong></p>

<p class="has-text-align-left">Aquest projecte pioner mostra com els materials intel·ligents poden integrar sostenibilitat, disseny i tecnologia en infraestructures costaneres d&#8217;alt rendiment.</p>

<!-- This site is optimized with the Yoast SEO plugin v27.5 - https://yoast.com/product/yoast-seo-wordpress/ -->
<title>Port Nàutic sostenible a l&#039;Estartit, Girona - Breinco</title>
<meta name="robots" content="index, follow, max-snippet:-1, max-image-preview:large, max-video-preview:-1" />
<link rel="canonical" href="https://breinco.com/ca/proyecto/port-nautic-sostenible-a-lestartit-girona-6/" />
<meta property="og:locale" content="ca_ES" />
<meta property="og:type" content="article" />
<meta property="og:title" content="Port Nàutic sostenible a l&#039;Estartit, Girona - Breinco" />
<meta property="og:description" content="Ubicat al cor de la Costa Brava, el port nàutic de l’Estartit s&#8217;ha consolidat com un referent en sostenibilitat i eficiència energètica. El projecte, liderat per l&#8217;estudi Aspecte Paisatge (Martirià Figueres i Feixas), transforma aquest enclavament costaner en una infraestructura adaptada al segle XXI, prioritzant l&#8217;accessibilitat, la funcionalitat i el respecte mediambiental. La primera fase [&hellip;]" />
<meta property="og:url" content="https://breinco.com/ca/proyecto/port-nautic-sostenible-a-lestartit-girona-6/" />
<meta property="og:site_name" content="Breinco" />
<meta property="article:publisher" content="https://www.facebook.com/breincosmart/" />
<meta property="article:modified_time" content="2026-04-17T11:00:40+00:00" />
<meta property="og:image" content="https://breinco.com/wp-content/uploads/2026/02/breinco-feat-img.webp" />
	<meta property="og:image:width" content="1200" />
	<meta property="og:image:height" content="800" />
	<meta property="og:image:type" content="image/webp" />
<meta name="twitter:card" content="summary_large_image" />
<meta name="twitter:site" content="@breincoGroup" />
<meta name="twitter:label1" content="Temps estimat de lectura" />
	<meta name="twitter:data1" content="1 minut" />
<script type="application/ld+json" class="yoast-schema-graph">{"@context":"https:\/\/schema.org","@graph":[{"@type":"WebPage","@id":"https:\/\/breinco.com\/ca\/proyecto\/port-nautic-sostenible-a-lestartit-girona-6\/","url":"https:\/\/breinco.com\/ca\/proyecto\/port-nautic-sostenible-a-lestartit-girona-6\/","name":"Port Nàutic sostenible a l'Estartit, Girona - Breinco","isPartOf":{"@id":"https:\/\/breinco.com\/ca\/#website"},"datePublished":"2026-02-05T07:31:43+00:00","dateModified":"2026-04-17T11:00:40+00:00","breadcrumb":{"@id":"https:\/\/breinco.com\/ca\/proyecto\/port-nautic-sostenible-a-lestartit-girona-6\/#breadcrumb"},"inLanguage":"ca","potentialAction":[{"@type":"ReadAction","target":["https:\/\/breinco.com\/ca\/proyecto\/port-nautic-sostenible-a-lestartit-girona-6\/"]}]},{"@type":"BreadcrumbList","@id":"https:\/\/breinco.com\/ca\/proyecto\/port-nautic-sostenible-a-lestartit-girona-6\/#breadcrumb","itemListElement":[{"@type":"ListItem","position":1,"name":"Portada","item":"https:\/\/breinco.com\/ca\/"},{"@type":"ListItem","position":2,"name":"Proyectos","item":"https:\/\/breinco.com\/ca\/proyecto\/"},{"@type":"ListItem","position":3,"name":"Port Nàutic sostenible a l&#8217;Estartit, Girona"}]},{"@type":"WebSite","@id":"https:\/\/breinco.com\/ca\/#website","url":"https:\/\/breinco.com\/ca\/","name":"Breinco","description":"","publisher":{"@id":"https:\/\/breinco.com\/ca\/#organization"},"alternateName":"Urban Furniture, Architecture and Landscaping","potentialAction":[{"@type":"SearchAction","target":{"@type":"EntryPoint","urlTemplate":"https:\/\/breinco.com\/ca\/?s={search_term_string}"},"query-input":{"@type":"PropertyValueSpecification","valueRequired":true,"valueName":"search_term_string"}}],"inLanguage":"ca"},{"@type":"Organization","@id":"https:\/\/breinco.com\/ca\/#organization","name":"Breinco","url":"https:\/\/breinco.com\/ca\/","logo":{"@type":"ImageObject","inLanguage":"ca","@id":"https:\/\/breinco.com\/ca\/#\/schema\/logo\/image\/","url":"https:\/\/breinco.com\/wp-content\/uploads\/2025\/04\/breinco-brand.svg","contentUrl":"https:\/\/breinco.com\/wp-content\/uploads\/2025\/04\/breinco-brand.svg","width":26,"height":58,"caption":"Breinco"},"image":{"@id":"https:\/\/breinco.com\/ca\/#\/schema\/logo\/image\/"},"sameAs":["https:\/\/www.facebook.com\/breincosmart\/","https:\/\/x.com\/breincoGroup","https:\/\/www.instagram.com\/breinco\/","https:\/\/www.linkedin.com\/company\/breinco-esp\/"]}]}</script>
<!-- / Yoast SEO plugin. -->

Port Nàutic sostenible a l'Estartit, Girona - Breinco

Ubicat al cor de la Costa Brava, el port nàutic de l’Estartit s&#8217;ha consolidat com un referent en sostenibilitat i eficiència energètica. El projecte, liderat per l&#8217;estudi Aspecte Paisatge (Martirià Figueres i Feixas), transforma aquest enclavament costaner en una infraestructura adaptada al segle XXI, prioritzant l&#8217;accessibilitat, la funcionalitat i el respecte mediambiental. La primera fase [&hellip;]
