{"id":22606,"date":"2026-02-05T10:18:39","date_gmt":"2026-02-05T09:18:39","guid":{"rendered":"https:\/\/breinco.com\/proyecto\/hotel-w-i-el-nou-passeig-de-lescullera-de-la-barceloneta\/"},"modified":"2026-04-17T13:00:40","modified_gmt":"2026-04-17T11:00:40","slug":"hotel-w-i-el-nou-passeig-de-lescullera-de-la-barceloneta","status":"publish","type":"proyecto","link":"https:\/\/breinco.com\/ca\/proyecto\/hotel-w-i-el-nou-passeig-de-lescullera-de-la-barceloneta\/","title":{"rendered":"Hotel W i el nou Passeig de l&#8217;Escullera de la Barceloneta"},"content":{"rendered":"\n<h3 class=\"wp-block-heading\" id=\"_PV-EabCBOY6mkdUPnoztkQg_120\"><\/h3>\n\n<p>La intervenci\u00f3 al <strong>Passeig Mar\u00edtim de la Barceloneta i voltants de l&#8217;Hotel W<\/strong> se centra en la millora de les zones de vianants i espais d&#8217;acc\u00e9s, refor\u00e7ant la connexi\u00f3 entre la platja, els serveis tur\u00edstics i la ciutat.<\/p>\n\n<p>En aquest context, s&#8217;ha incorporat <strong>Llosa Vulcano\u00ae<\/strong>, un paviment crom\u00e0tic que aporta <strong>una nova dimensi\u00f3 al disseny del paisatge urb\u00e0<\/strong>. El seu color i textura permeten transformar les superf\u00edcies de vianants en espais de gran pres\u00e8ncia visual, mantenint l&#8217;eleg\u00e0ncia i l&#8217;harmonia amb l&#8217;entorn mar\u00edtim i urb\u00e0.<\/p>\n\n<p>En aquest cas, la <strong>Llosa Vulcano\u00ae<\/strong> \u00e9s una pe\u00e7a d&#8217;<strong>alta duresa i color estable<\/strong>, id\u00f2nia per a places p\u00fabliques, voreres i accessos a edificis, aix\u00ed com per a zones de tr\u00e0nsit ocasional de vehicles lleugers. La seva instal\u00b7laci\u00f3, amb el gruix i la col\u00b7locaci\u00f3 adequats, garanteix durabilitat i resist\u00e8ncia davant l&#8217;\u00fas intensiu i les condicions pr\u00f2pies del litoral.<\/p>\n\n<p>El resultat \u00e9s un <strong>entorn urb\u00e0 renovat, confortable i visualment atractiu<\/strong>, on el paviment contribueix a la identitat i qualitat del passeig, refor\u00e7ant l&#8217;experi\u00e8ncia de residents i visitants.\n<a href=\"https:\/\/ca.wikiloc.com\/rutes-senderisme\/hotel-w-y-el-nuevo-paseo-del-rompeolas-barcelona-50285775\"><\/a><\/p>\n\n<p><a href=\"https:\/\/ca.wikiloc.com\/rutes-senderisme\/hotel-w-y-el-nuevo-paseo-del-rompeolas-barcelona-50285775\"><\/a><\/p>\n\n<p><a href=\"https:\/\/ca.wikiloc.com\/rutes-senderisme\/hotel-w-y-el-nuevo-paseo-del-rompeolas-barcelona-50285775\"><\/a><\/p>\n\n<p><a href=\"https:\/\/ca.wikiloc.com\/rutes-senderisme\/hotel-w-y-el-nuevo-paseo-del-rompeolas-barcelona-50285775\"><\/a><\/p>\n\n<p><a href=\"https:\/\/ca.wikiloc.com\/rutes-senderisme\/hotel-w-y-el-nuevo-paseo-del-rompeolas-barcelona-50285775\"><\/a><\/p>\n\n<p><a href=\"https:\/\/ca.wikiloc.com\/rutes-senderisme\/hotel-w-y-el-nuevo-paseo-del-rompeolas-barcelona-50285775\"><\/a><\/p>\n","protected":false},"featured_media":0,"template":"","meta":{"_acf_changed":false},"tags":[789],"categoria-proyecto":[],"class_list":["post-22606","proyecto","type-proyecto","status-publish","hentry","tag-llosa-vulcano"],"acf":[],"yoast_head":"<!-- This site is optimized with the Yoast SEO plugin v27.5 - https:\/\/yoast.com\/product\/yoast-seo-wordpress\/ -->\n<title>Hotel W i el nou Passeig de l&#039;Escullera de la Barceloneta - Breinco<\/title>\n<meta name=\"robots\" content=\"index, follow, max-snippet:-1, max-image-preview:large, max-video-preview:-1\" \/>\n<link rel=\"canonical\" href=\"https:\/\/breinco.com\/ca\/proyecto\/hotel-w-i-el-nou-passeig-de-lescullera-de-la-barceloneta\/\" \/>\n<meta property=\"og:locale\" content=\"ca_ES\" \/>\n<meta property=\"og:type\" content=\"article\" \/>\n<meta property=\"og:title\" content=\"Hotel W i el nou Passeig de l&#039;Escullera de la Barceloneta - Breinco\" \/>\n<meta property=\"og:description\" content=\"La intervenci\u00f3 al Passeig Mar\u00edtim de la Barceloneta i voltants de l&#8217;Hotel W se centra en la millora de les zones de vianants i espais d&#8217;acc\u00e9s, refor\u00e7ant la connexi\u00f3 entre la platja, els serveis tur\u00edstics i la ciutat. En aquest context, s&#8217;ha incorporat Llosa Vulcano\u00ae, un paviment crom\u00e0tic que aporta una nova dimensi\u00f3 al disseny [&hellip;]\" \/>\n<meta property=\"og:url\" content=\"https:\/\/breinco.com\/ca\/proyecto\/hotel-w-i-el-nou-passeig-de-lescullera-de-la-barceloneta\/\" \/>\n<meta property=\"og:site_name\" content=\"Breinco\" \/>\n<meta property=\"article:publisher\" content=\"https:\/\/www.facebook.com\/breincosmart\/\" \/>\n<meta property=\"article:modified_time\" content=\"2026-04-17T11:00:40+00:00\" \/>\n<meta property=\"og:image\" content=\"https:\/\/breinco.com\/wp-content\/uploads\/2026\/02\/breinco-feat-img.webp\" \/>\n\t<meta property=\"og:image:width\" content=\"1200\" \/>\n\t<meta property=\"og:image:height\" content=\"800\" \/>\n\t<meta property=\"og:image:type\" content=\"image\/webp\" \/>\n<meta name=\"twitter:card\" content=\"summary_large_image\" \/>\n<meta name=\"twitter:site\" content=\"@breincoGroup\" \/>\n<meta name=\"twitter:label1\" content=\"Temps estimat de lectura\" \/>\n\t<meta name=\"twitter:data1\" content=\"1 minut\" \/>\n<script type=\"application\/ld+json\" class=\"yoast-schema-graph\">{\"@context\":\"https:\\\/\\\/schema.org\",\"@graph\":[{\"@type\":\"WebPage\",\"@id\":\"https:\\\/\\\/breinco.com\\\/ca\\\/proyecto\\\/hotel-w-i-el-nou-passeig-de-lescullera-de-la-barceloneta\\\/\",\"url\":\"https:\\\/\\\/breinco.com\\\/ca\\\/proyecto\\\/hotel-w-i-el-nou-passeig-de-lescullera-de-la-barceloneta\\\/\",\"name\":\"Hotel W i el nou Passeig de l'Escullera de la Barceloneta - Breinco\",\"isPartOf\":{\"@id\":\"https:\\\/\\\/breinco.com\\\/ca\\\/#website\"},\"datePublished\":\"2026-02-05T09:18:39+00:00\",\"dateModified\":\"2026-04-17T11:00:40+00:00\",\"breadcrumb\":{\"@id\":\"https:\\\/\\\/breinco.com\\\/ca\\\/proyecto\\\/hotel-w-i-el-nou-passeig-de-lescullera-de-la-barceloneta\\\/#breadcrumb\"},\"inLanguage\":\"ca\",\"potentialAction\":[{\"@type\":\"ReadAction\",\"target\":[\"https:\\\/\\\/breinco.com\\\/ca\\\/proyecto\\\/hotel-w-i-el-nou-passeig-de-lescullera-de-la-barceloneta\\\/\"]}]},{\"@type\":\"BreadcrumbList\",\"@id\":\"https:\\\/\\\/breinco.com\\\/ca\\\/proyecto\\\/hotel-w-i-el-nou-passeig-de-lescullera-de-la-barceloneta\\\/#breadcrumb\",\"itemListElement\":[{\"@type\":\"ListItem\",\"position\":1,\"name\":\"Portada\",\"item\":\"https:\\\/\\\/breinco.com\\\/ca\\\/\"},{\"@type\":\"ListItem\",\"position\":2,\"name\":\"Proyectos\",\"item\":\"https:\\\/\\\/breinco.com\\\/ca\\\/proyecto\\\/\"},{\"@type\":\"ListItem\",\"position\":3,\"name\":\"Hotel W i el nou Passeig de l&#8217;Escullera de la Barceloneta\"}]},{\"@type\":\"WebSite\",\"@id\":\"https:\\\/\\\/breinco.com\\\/ca\\\/#website\",\"url\":\"https:\\\/\\\/breinco.com\\\/ca\\\/\",\"name\":\"Breinco\",\"description\":\"\",\"publisher\":{\"@id\":\"https:\\\/\\\/breinco.com\\\/ca\\\/#organization\"},\"alternateName\":\"Urban Furniture, Architecture and Landscaping\",\"potentialAction\":[{\"@type\":\"SearchAction\",\"target\":{\"@type\":\"EntryPoint\",\"urlTemplate\":\"https:\\\/\\\/breinco.com\\\/ca\\\/?s={search_term_string}\"},\"query-input\":{\"@type\":\"PropertyValueSpecification\",\"valueRequired\":true,\"valueName\":\"search_term_string\"}}],\"inLanguage\":\"ca\"},{\"@type\":\"Organization\",\"@id\":\"https:\\\/\\\/breinco.com\\\/ca\\\/#organization\",\"name\":\"Breinco\",\"url\":\"https:\\\/\\\/breinco.com\\\/ca\\\/\",\"logo\":{\"@type\":\"ImageObject\",\"inLanguage\":\"ca\",\"@id\":\"https:\\\/\\\/breinco.com\\\/ca\\\/#\\\/schema\\\/logo\\\/image\\\/\",\"url\":\"https:\\\/\\\/breinco.com\\\/wp-content\\\/uploads\\\/2025\\\/04\\\/breinco-brand.svg\",\"contentUrl\":\"https:\\\/\\\/breinco.com\\\/wp-content\\\/uploads\\\/2025\\\/04\\\/breinco-brand.svg\",\"width\":26,\"height\":58,\"caption\":\"Breinco\"},\"image\":{\"@id\":\"https:\\\/\\\/breinco.com\\\/ca\\\/#\\\/schema\\\/logo\\\/image\\\/\"},\"sameAs\":[\"https:\\\/\\\/www.facebook.com\\\/breincosmart\\\/\",\"https:\\\/\\\/x.com\\\/breincoGroup\",\"https:\\\/\\\/www.instagram.com\\\/breinco\\\/\",\"https:\\\/\\\/www.linkedin.com\\\/company\\\/breinco-esp\\\/\"]}]}<\/script>\n<!-- \/ Yoast SEO plugin. -->","yoast_head_json":{"title":"Hotel W i el nou Passeig de l'Escullera de la Barceloneta - Breinco","robots":{"index":"index","follow":"follow","max-snippet":"max-snippet:-1","max-image-preview":"max-image-preview:large","max-video-preview":"max-video-preview:-1"},"canonical":"https:\/\/breinco.com\/ca\/proyecto\/hotel-w-i-el-nou-passeig-de-lescullera-de-la-barceloneta\/","og_locale":"ca_ES","og_type":"article","og_title":"Hotel W i el nou Passeig de l'Escullera de la Barceloneta - Breinco","og_description":"La intervenci\u00f3 al Passeig Mar\u00edtim de la Barceloneta i voltants de l&#8217;Hotel W se centra en la millora de les zones de vianants i espais d&#8217;acc\u00e9s, refor\u00e7ant la connexi\u00f3 entre la platja, els serveis tur\u00edstics i la ciutat. En aquest context, s&#8217;ha incorporat Llosa Vulcano\u00ae, un paviment crom\u00e0tic que aporta una nova dimensi\u00f3 al disseny [&hellip;]","og_url":"https:\/\/breinco.com\/ca\/proyecto\/hotel-w-i-el-nou-passeig-de-lescullera-de-la-barceloneta\/","og_site_name":"Breinco","article_publisher":"https:\/\/www.facebook.com\/breincosmart\/","article_modified_time":"2026-04-17T11:00:40+00:00","og_image":[{"width":1200,"height":800,"url":"https:\/\/breinco.com\/wp-content\/uploads\/2026\/02\/breinco-feat-img.webp","type":"image\/webp"}],"twitter_card":"summary_large_image","twitter_site":"@breincoGroup","twitter_misc":{"Temps estimat de lectura":"1 minut"},"schema":{"@context":"https:\/\/schema.org","@graph":[{"@type":"WebPage","@id":"https:\/\/breinco.com\/ca\/proyecto\/hotel-w-i-el-nou-passeig-de-lescullera-de-la-barceloneta\/","url":"https:\/\/breinco.com\/ca\/proyecto\/hotel-w-i-el-nou-passeig-de-lescullera-de-la-barceloneta\/","name":"Hotel W i el nou Passeig de l'Escullera de la Barceloneta - Breinco","isPartOf":{"@id":"https:\/\/breinco.com\/ca\/#website"},"datePublished":"2026-02-05T09:18:39+00:00","dateModified":"2026-04-17T11:00:40+00:00","breadcrumb":{"@id":"https:\/\/breinco.com\/ca\/proyecto\/hotel-w-i-el-nou-passeig-de-lescullera-de-la-barceloneta\/#breadcrumb"},"inLanguage":"ca","potentialAction":[{"@type":"ReadAction","target":["https:\/\/breinco.com\/ca\/proyecto\/hotel-w-i-el-nou-passeig-de-lescullera-de-la-barceloneta\/"]}]},{"@type":"BreadcrumbList","@id":"https:\/\/breinco.com\/ca\/proyecto\/hotel-w-i-el-nou-passeig-de-lescullera-de-la-barceloneta\/#breadcrumb","itemListElement":[{"@type":"ListItem","position":1,"name":"Portada","item":"https:\/\/breinco.com\/ca\/"},{"@type":"ListItem","position":2,"name":"Proyectos","item":"https:\/\/breinco.com\/ca\/proyecto\/"},{"@type":"ListItem","position":3,"name":"Hotel W i el nou Passeig de l&#8217;Escullera de la Barceloneta"}]},{"@type":"WebSite","@id":"https:\/\/breinco.com\/ca\/#website","url":"https:\/\/breinco.com\/ca\/","name":"Breinco","description":"","publisher":{"@id":"https:\/\/breinco.com\/ca\/#organization"},"alternateName":"Urban Furniture, Architecture and Landscaping","potentialAction":[{"@type":"SearchAction","target":{"@type":"EntryPoint","urlTemplate":"https:\/\/breinco.com\/ca\/?s={search_term_string}"},"query-input":{"@type":"PropertyValueSpecification","valueRequired":true,"valueName":"search_term_string"}}],"inLanguage":"ca"},{"@type":"Organization","@id":"https:\/\/breinco.com\/ca\/#organization","name":"Breinco","url":"https:\/\/breinco.com\/ca\/","logo":{"@type":"ImageObject","inLanguage":"ca","@id":"https:\/\/breinco.com\/ca\/#\/schema\/logo\/image\/","url":"https:\/\/breinco.com\/wp-content\/uploads\/2025\/04\/breinco-brand.svg","contentUrl":"https:\/\/breinco.com\/wp-content\/uploads\/2025\/04\/breinco-brand.svg","width":26,"height":58,"caption":"Breinco"},"image":{"@id":"https:\/\/breinco.com\/ca\/#\/schema\/logo\/image\/"},"sameAs":["https:\/\/www.facebook.com\/breincosmart\/","https:\/\/x.com\/breincoGroup","https:\/\/www.instagram.com\/breinco\/","https:\/\/www.linkedin.com\/company\/breinco-esp\/"]}]}},"_links":{"self":[{"href":"https:\/\/breinco.com\/ca\/wp-json\/wp\/v2\/proyecto\/22606","targetHints":{"allow":["GET"]}}],"collection":[{"href":"https:\/\/breinco.com\/ca\/wp-json\/wp\/v2\/proyecto"}],"about":[{"href":"https:\/\/breinco.com\/ca\/wp-json\/wp\/v2\/types\/proyecto"}],"wp:attachment":[{"href":"https:\/\/breinco.com\/ca\/wp-json\/wp\/v2\/media?parent=22606"}],"wp:term":[{"taxonomy":"post_tag","embeddable":true,"href":"https:\/\/breinco.com\/ca\/wp-json\/wp\/v2\/tags?post=22606"},{"taxonomy":"categoria-proyecto","embeddable":true,"href":"https:\/\/breinco.com\/ca\/wp-json\/wp\/v2\/categoria-proyecto?post=22606"}],"curies":[{"name":"wp","href":"https:\/\/api.w.org\/{rel}","templated":true}]}}

<h3 class="wp-block-heading" id="_PV-EabCBOY6mkdUPnoztkQg_120"></h3>

<p>La intervenció al <strong>Passeig Marítim de la Barceloneta i voltants de l&#8217;Hotel W</strong> se centra en la millora de les zones de vianants i espais d&#8217;accés, reforçant la connexió entre la platja, els serveis turístics i la ciutat.</p>

<p>En aquest context, s&#8217;ha incorporat <strong>Llosa Vulcano®</strong>, un paviment cromàtic que aporta <strong>una nova dimensió al disseny del paisatge urbà</strong>. El seu color i textura permeten transformar les superfícies de vianants en espais de gran presència visual, mantenint l&#8217;elegància i l&#8217;harmonia amb l&#8217;entorn marítim i urbà.</p>

<p>En aquest cas, la <strong>Llosa Vulcano®</strong> és una peça d&#8217;<strong>alta duresa i color estable</strong>, idònia per a places públiques, voreres i accessos a edificis, així com per a zones de trànsit ocasional de vehicles lleugers. La seva instal·lació, amb el gruix i la col·locació adequats, garanteix durabilitat i resistència davant l&#8217;ús intensiu i les condicions pròpies del litoral.</p>

<p>El resultat és un <strong>entorn urbà renovat, confortable i visualment atractiu</strong>, on el paviment contribueix a la identitat i qualitat del passeig, reforçant l&#8217;experiència de residents i visitants.
<a href="https://ca.wikiloc.com/rutes-senderisme/hotel-w-y-el-nuevo-paseo-del-rompeolas-barcelona-50285775"></a></p>

<p><a href="https://ca.wikiloc.com/rutes-senderisme/hotel-w-y-el-nuevo-paseo-del-rompeolas-barcelona-50285775"></a></p>

<p><a href="https://ca.wikiloc.com/rutes-senderisme/hotel-w-y-el-nuevo-paseo-del-rompeolas-barcelona-50285775"></a></p>

<p><a href="https://ca.wikiloc.com/rutes-senderisme/hotel-w-y-el-nuevo-paseo-del-rompeolas-barcelona-50285775"></a></p>

<p><a href="https://ca.wikiloc.com/rutes-senderisme/hotel-w-y-el-nuevo-paseo-del-rompeolas-barcelona-50285775"></a></p>

<p><a href="https://ca.wikiloc.com/rutes-senderisme/hotel-w-y-el-nuevo-paseo-del-rompeolas-barcelona-50285775"></a></p>

<!-- This site is optimized with the Yoast SEO plugin v27.5 - https://yoast.com/product/yoast-seo-wordpress/ -->
<title>Hotel W i el nou Passeig de l&#039;Escullera de la Barceloneta - Breinco</title>
<meta name="robots" content="index, follow, max-snippet:-1, max-image-preview:large, max-video-preview:-1" />
<link rel="canonical" href="https://breinco.com/ca/proyecto/hotel-w-i-el-nou-passeig-de-lescullera-de-la-barceloneta/" />
<meta property="og:locale" content="ca_ES" />
<meta property="og:type" content="article" />
<meta property="og:title" content="Hotel W i el nou Passeig de l&#039;Escullera de la Barceloneta - Breinco" />
<meta property="og:description" content="La intervenció al Passeig Marítim de la Barceloneta i voltants de l&#8217;Hotel W se centra en la millora de les zones de vianants i espais d&#8217;accés, reforçant la connexió entre la platja, els serveis turístics i la ciutat. En aquest context, s&#8217;ha incorporat Llosa Vulcano®, un paviment cromàtic que aporta una nova dimensió al disseny [&hellip;]" />
<meta property="og:url" content="https://breinco.com/ca/proyecto/hotel-w-i-el-nou-passeig-de-lescullera-de-la-barceloneta/" />
<meta property="og:site_name" content="Breinco" />
<meta property="article:publisher" content="https://www.facebook.com/breincosmart/" />
<meta property="article:modified_time" content="2026-04-17T11:00:40+00:00" />
<meta property="og:image" content="https://breinco.com/wp-content/uploads/2026/02/breinco-feat-img.webp" />
	<meta property="og:image:width" content="1200" />
	<meta property="og:image:height" content="800" />
	<meta property="og:image:type" content="image/webp" />
<meta name="twitter:card" content="summary_large_image" />
<meta name="twitter:site" content="@breincoGroup" />
<meta name="twitter:label1" content="Temps estimat de lectura" />
	<meta name="twitter:data1" content="1 minut" />
<script type="application/ld+json" class="yoast-schema-graph">{"@context":"https:\/\/schema.org","@graph":[{"@type":"WebPage","@id":"https:\/\/breinco.com\/ca\/proyecto\/hotel-w-i-el-nou-passeig-de-lescullera-de-la-barceloneta\/","url":"https:\/\/breinco.com\/ca\/proyecto\/hotel-w-i-el-nou-passeig-de-lescullera-de-la-barceloneta\/","name":"Hotel W i el nou Passeig de l'Escullera de la Barceloneta - Breinco","isPartOf":{"@id":"https:\/\/breinco.com\/ca\/#website"},"datePublished":"2026-02-05T09:18:39+00:00","dateModified":"2026-04-17T11:00:40+00:00","breadcrumb":{"@id":"https:\/\/breinco.com\/ca\/proyecto\/hotel-w-i-el-nou-passeig-de-lescullera-de-la-barceloneta\/#breadcrumb"},"inLanguage":"ca","potentialAction":[{"@type":"ReadAction","target":["https:\/\/breinco.com\/ca\/proyecto\/hotel-w-i-el-nou-passeig-de-lescullera-de-la-barceloneta\/"]}]},{"@type":"BreadcrumbList","@id":"https:\/\/breinco.com\/ca\/proyecto\/hotel-w-i-el-nou-passeig-de-lescullera-de-la-barceloneta\/#breadcrumb","itemListElement":[{"@type":"ListItem","position":1,"name":"Portada","item":"https:\/\/breinco.com\/ca\/"},{"@type":"ListItem","position":2,"name":"Proyectos","item":"https:\/\/breinco.com\/ca\/proyecto\/"},{"@type":"ListItem","position":3,"name":"Hotel W i el nou Passeig de l&#8217;Escullera de la Barceloneta"}]},{"@type":"WebSite","@id":"https:\/\/breinco.com\/ca\/#website","url":"https:\/\/breinco.com\/ca\/","name":"Breinco","description":"","publisher":{"@id":"https:\/\/breinco.com\/ca\/#organization"},"alternateName":"Urban Furniture, Architecture and Landscaping","potentialAction":[{"@type":"SearchAction","target":{"@type":"EntryPoint","urlTemplate":"https:\/\/breinco.com\/ca\/?s={search_term_string}"},"query-input":{"@type":"PropertyValueSpecification","valueRequired":true,"valueName":"search_term_string"}}],"inLanguage":"ca"},{"@type":"Organization","@id":"https:\/\/breinco.com\/ca\/#organization","name":"Breinco","url":"https:\/\/breinco.com\/ca\/","logo":{"@type":"ImageObject","inLanguage":"ca","@id":"https:\/\/breinco.com\/ca\/#\/schema\/logo\/image\/","url":"https:\/\/breinco.com\/wp-content\/uploads\/2025\/04\/breinco-brand.svg","contentUrl":"https:\/\/breinco.com\/wp-content\/uploads\/2025\/04\/breinco-brand.svg","width":26,"height":58,"caption":"Breinco"},"image":{"@id":"https:\/\/breinco.com\/ca\/#\/schema\/logo\/image\/"},"sameAs":["https:\/\/www.facebook.com\/breincosmart\/","https:\/\/x.com\/breincoGroup","https:\/\/www.instagram.com\/breinco\/","https:\/\/www.linkedin.com\/company\/breinco-esp\/"]}]}</script>
<!-- / Yoast SEO plugin. -->

La intervenció al Passeig Marítim de la Barceloneta i voltants de l&#8217;Hotel W se centra en la millora de les zones de vianants i espais d&#8217;accés, reforçant la connexió entre la platja, els serveis turístics i la ciutat. En aquest context, s&#8217;ha incorporat Llosa Vulcano®, un paviment cromàtic que aporta una nova dimensió al disseny [&hellip;]
