{"id":22617,"date":"2025-11-10T11:09:26","date_gmt":"2025-11-10T10:09:26","guid":{"rendered":"https:\/\/breinco.com\/proyecto\/jardins-de-larche-a-paris\/"},"modified":"2026-04-17T13:00:41","modified_gmt":"2026-04-17T11:00:41","slug":"jardins-de-larche-a-paris","status":"publish","type":"proyecto","link":"https:\/\/breinco.com\/ca\/proyecto\/jardins-de-larche-a-paris\/","title":{"rendered":"Jardins de l\u2019Arche a Paris"},"content":{"rendered":"\n<p>Al cor del districte financer m\u00e9s important d&#8217;Europa, el projecte <strong>La promenade des Jardins de l\u2019Arche<\/strong> redefineix l&#8217;espai p\u00fablic de <strong>La D\u00e9fense<\/strong> com un gran eix verd que connecta els barris de Nanterre i Puteaux. La intervenci\u00f3 transforma una zona de car\u00e0cter infraestructural en un entorn amable, de vianants i contemporani, on l&#8217;arquitectura i el paisatge es fonen amb naturalitat.<\/p>\n\n<p class=\"has-medium-font-size\">Una continu\u00eftat urbana i paisatg\u00edstica<\/p>\n\n<p>El nou passeig, dissenyat per l&#8217;oficina <strong>AWP<\/strong>, es concep com una gran rampa enjardinada que enlla\u00e7a les diferents cotes del districte, generant una seq\u00fc\u00e8ncia fluida d&#8217;espais p\u00fablics. Jardins, places i recorreguts s&#8217;alternen per crear un paisatge din\u00e0mic que convida a rec\u00f3rrer-lo a peu i a descobrir noves perspectives de l&#8217;entorn urb\u00e0.<\/p>\n\n<p>El projecte actua com un gran espai connector entre els edificis del districte i el futur <strong>Arena 92<\/strong>, afavorint la relaci\u00f3 entre l&#8217;arquitectura existent i els nous desenvolupaments. A trav\u00e9s de la llum, el relleu i la materialitat, es construeix una atmosfera que combina monumentalitat i escala humana.<\/p>\n\n<p class=\"has-medium-font-size\">Paviment i mobiliari a mida<\/p>\n\n<p>Per a aquesta intervenci\u00f3, Breinco ha col\u00b7laborat amb la fabricaci\u00f3 de lloses de formig\u00f3 arquitect\u00f2nic, <strong>bancs i escales<\/strong>, dissenyats a mida per integrar-se en el paisatge urb\u00e0 del projecte.<\/p>\n\n<p>Les lloses, de 1<strong>115x50x15 cm<\/strong>, es van realitzar en tres tonalitats \u2014<strong>White, Fusi\u00f3n i Ceniza<\/strong>\u2014 que aporten un joc crom\u00e0tic subtil i elegant. La seva composici\u00f3 incorpora un 20 % d&#8217;\u00e0rrid reciclat, fet que reflecteix el comprom\u00eds ambiental del projecte.<\/p>\n\n<p>Els bancs i graons, fabricats amb la tecnologia <strong>WetCast\u00ae<\/strong>, presenten acabats d&#8217;alta precisi\u00f3 i superf\u00edcies suaus que conviden a l&#8217;\u00fas quotidi\u00e0. Les peces es produeixen amb <strong>formig\u00f3 blanc d&#8217;altes prestacions<\/strong>, garantint durabilitat i puresa est\u00e8tica en un entorn de gran exig\u00e8ncia urbana.<\/p>\n\n<p class=\"has-medium-font-size\">Un espai p\u00fablic per al futur<\/p>\n\n<p>La promenade des Jardins de l\u2019Arche simbolitza l&#8217;ambici\u00f3 del <strong>Grand Paris<\/strong>: un model de ciutat sostenible, accessible i connectada. En aquest gran espai p\u00fablic, la t\u00e8cnica, el disseny i la sostenibilitat es combinen per crear un paisatge urb\u00e0 que respira modernitat i equilibri.<\/p>\n","protected":false},"featured_media":0,"template":"","meta":{"_acf_changed":false},"tags":[830,1199,1200,825,808],"categoria-proyecto":[807],"class_list":["post-22617","proyecto","type-proyecto","status-publish","hentry","tag-bancs","tag-escaleras","tag-losa","tag-mobiliari","tag-wetcast","categoria-proyecto-formigo-arquitectonic"],"acf":[],"yoast_head":"<!-- This site is optimized with the Yoast SEO plugin v27.5 - https:\/\/yoast.com\/product\/yoast-seo-wordpress\/ -->\n<title>Jardins de l\u2019Arche a Paris - Breinco<\/title>\n<meta name=\"robots\" content=\"index, follow, max-snippet:-1, max-image-preview:large, max-video-preview:-1\" \/>\n<link rel=\"canonical\" href=\"https:\/\/breinco.com\/ca\/proyecto\/jardins-de-larche-a-paris\/\" \/>\n<meta property=\"og:locale\" content=\"ca_ES\" \/>\n<meta property=\"og:type\" content=\"article\" \/>\n<meta property=\"og:title\" content=\"Jardins de l\u2019Arche a Paris - Breinco\" \/>\n<meta property=\"og:description\" content=\"Al cor del districte financer m\u00e9s important d&#8217;Europa, el projecte La promenade des Jardins de l\u2019Arche redefineix l&#8217;espai p\u00fablic de La D\u00e9fense com un gran eix verd que connecta els barris de Nanterre i Puteaux. La intervenci\u00f3 transforma una zona de car\u00e0cter infraestructural en un entorn amable, de vianants i contemporani, on l&#8217;arquitectura i el [&hellip;]\" \/>\n<meta property=\"og:url\" content=\"https:\/\/breinco.com\/ca\/proyecto\/jardins-de-larche-a-paris\/\" \/>\n<meta property=\"og:site_name\" content=\"Breinco\" \/>\n<meta property=\"article:publisher\" content=\"https:\/\/www.facebook.com\/breincosmart\/\" \/>\n<meta property=\"article:modified_time\" content=\"2026-04-17T11:00:41+00:00\" \/>\n<meta property=\"og:image\" content=\"https:\/\/breinco.com\/wp-content\/uploads\/2026\/02\/breinco-feat-img.webp\" \/>\n\t<meta property=\"og:image:width\" content=\"1200\" \/>\n\t<meta property=\"og:image:height\" content=\"800\" \/>\n\t<meta property=\"og:image:type\" content=\"image\/webp\" \/>\n<meta name=\"twitter:card\" content=\"summary_large_image\" \/>\n<meta name=\"twitter:site\" content=\"@breincoGroup\" \/>\n<meta name=\"twitter:label1\" content=\"Temps estimat de lectura\" \/>\n\t<meta name=\"twitter:data1\" content=\"2 minuts\" \/>\n<script type=\"application\/ld+json\" class=\"yoast-schema-graph\">{\"@context\":\"https:\\\/\\\/schema.org\",\"@graph\":[{\"@type\":\"WebPage\",\"@id\":\"https:\\\/\\\/breinco.com\\\/ca\\\/proyecto\\\/jardins-de-larche-a-paris\\\/\",\"url\":\"https:\\\/\\\/breinco.com\\\/ca\\\/proyecto\\\/jardins-de-larche-a-paris\\\/\",\"name\":\"Jardins de l\u2019Arche a Paris - Breinco\",\"isPartOf\":{\"@id\":\"https:\\\/\\\/breinco.com\\\/ca\\\/#website\"},\"datePublished\":\"2025-11-10T10:09:26+00:00\",\"dateModified\":\"2026-04-17T11:00:41+00:00\",\"breadcrumb\":{\"@id\":\"https:\\\/\\\/breinco.com\\\/ca\\\/proyecto\\\/jardins-de-larche-a-paris\\\/#breadcrumb\"},\"inLanguage\":\"ca\",\"potentialAction\":[{\"@type\":\"ReadAction\",\"target\":[\"https:\\\/\\\/breinco.com\\\/ca\\\/proyecto\\\/jardins-de-larche-a-paris\\\/\"]}]},{\"@type\":\"BreadcrumbList\",\"@id\":\"https:\\\/\\\/breinco.com\\\/ca\\\/proyecto\\\/jardins-de-larche-a-paris\\\/#breadcrumb\",\"itemListElement\":[{\"@type\":\"ListItem\",\"position\":1,\"name\":\"Portada\",\"item\":\"https:\\\/\\\/breinco.com\\\/ca\\\/\"},{\"@type\":\"ListItem\",\"position\":2,\"name\":\"Proyectos\",\"item\":\"https:\\\/\\\/breinco.com\\\/ca\\\/proyecto\\\/\"},{\"@type\":\"ListItem\",\"position\":3,\"name\":\"Jardins de l\u2019Arche a Paris\"}]},{\"@type\":\"WebSite\",\"@id\":\"https:\\\/\\\/breinco.com\\\/ca\\\/#website\",\"url\":\"https:\\\/\\\/breinco.com\\\/ca\\\/\",\"name\":\"Breinco\",\"description\":\"\",\"publisher\":{\"@id\":\"https:\\\/\\\/breinco.com\\\/ca\\\/#organization\"},\"alternateName\":\"Urban Furniture, Architecture and Landscaping\",\"potentialAction\":[{\"@type\":\"SearchAction\",\"target\":{\"@type\":\"EntryPoint\",\"urlTemplate\":\"https:\\\/\\\/breinco.com\\\/ca\\\/?s={search_term_string}\"},\"query-input\":{\"@type\":\"PropertyValueSpecification\",\"valueRequired\":true,\"valueName\":\"search_term_string\"}}],\"inLanguage\":\"ca\"},{\"@type\":\"Organization\",\"@id\":\"https:\\\/\\\/breinco.com\\\/ca\\\/#organization\",\"name\":\"Breinco\",\"url\":\"https:\\\/\\\/breinco.com\\\/ca\\\/\",\"logo\":{\"@type\":\"ImageObject\",\"inLanguage\":\"ca\",\"@id\":\"https:\\\/\\\/breinco.com\\\/ca\\\/#\\\/schema\\\/logo\\\/image\\\/\",\"url\":\"https:\\\/\\\/breinco.com\\\/wp-content\\\/uploads\\\/2025\\\/04\\\/breinco-brand.svg\",\"contentUrl\":\"https:\\\/\\\/breinco.com\\\/wp-content\\\/uploads\\\/2025\\\/04\\\/breinco-brand.svg\",\"width\":26,\"height\":58,\"caption\":\"Breinco\"},\"image\":{\"@id\":\"https:\\\/\\\/breinco.com\\\/ca\\\/#\\\/schema\\\/logo\\\/image\\\/\"},\"sameAs\":[\"https:\\\/\\\/www.facebook.com\\\/breincosmart\\\/\",\"https:\\\/\\\/x.com\\\/breincoGroup\",\"https:\\\/\\\/www.instagram.com\\\/breinco\\\/\",\"https:\\\/\\\/www.linkedin.com\\\/company\\\/breinco-esp\\\/\"]}]}<\/script>\n<!-- \/ Yoast SEO plugin. -->","yoast_head_json":{"title":"Jardins de l\u2019Arche a Paris - Breinco","robots":{"index":"index","follow":"follow","max-snippet":"max-snippet:-1","max-image-preview":"max-image-preview:large","max-video-preview":"max-video-preview:-1"},"canonical":"https:\/\/breinco.com\/ca\/proyecto\/jardins-de-larche-a-paris\/","og_locale":"ca_ES","og_type":"article","og_title":"Jardins de l\u2019Arche a Paris - Breinco","og_description":"Al cor del districte financer m\u00e9s important d&#8217;Europa, el projecte La promenade des Jardins de l\u2019Arche redefineix l&#8217;espai p\u00fablic de La D\u00e9fense com un gran eix verd que connecta els barris de Nanterre i Puteaux. La intervenci\u00f3 transforma una zona de car\u00e0cter infraestructural en un entorn amable, de vianants i contemporani, on l&#8217;arquitectura i el [&hellip;]","og_url":"https:\/\/breinco.com\/ca\/proyecto\/jardins-de-larche-a-paris\/","og_site_name":"Breinco","article_publisher":"https:\/\/www.facebook.com\/breincosmart\/","article_modified_time":"2026-04-17T11:00:41+00:00","og_image":[{"width":1200,"height":800,"url":"https:\/\/breinco.com\/wp-content\/uploads\/2026\/02\/breinco-feat-img.webp","type":"image\/webp"}],"twitter_card":"summary_large_image","twitter_site":"@breincoGroup","twitter_misc":{"Temps estimat de lectura":"2 minuts"},"schema":{"@context":"https:\/\/schema.org","@graph":[{"@type":"WebPage","@id":"https:\/\/breinco.com\/ca\/proyecto\/jardins-de-larche-a-paris\/","url":"https:\/\/breinco.com\/ca\/proyecto\/jardins-de-larche-a-paris\/","name":"Jardins de l\u2019Arche a Paris - Breinco","isPartOf":{"@id":"https:\/\/breinco.com\/ca\/#website"},"datePublished":"2025-11-10T10:09:26+00:00","dateModified":"2026-04-17T11:00:41+00:00","breadcrumb":{"@id":"https:\/\/breinco.com\/ca\/proyecto\/jardins-de-larche-a-paris\/#breadcrumb"},"inLanguage":"ca","potentialAction":[{"@type":"ReadAction","target":["https:\/\/breinco.com\/ca\/proyecto\/jardins-de-larche-a-paris\/"]}]},{"@type":"BreadcrumbList","@id":"https:\/\/breinco.com\/ca\/proyecto\/jardins-de-larche-a-paris\/#breadcrumb","itemListElement":[{"@type":"ListItem","position":1,"name":"Portada","item":"https:\/\/breinco.com\/ca\/"},{"@type":"ListItem","position":2,"name":"Proyectos","item":"https:\/\/breinco.com\/ca\/proyecto\/"},{"@type":"ListItem","position":3,"name":"Jardins de l\u2019Arche a Paris"}]},{"@type":"WebSite","@id":"https:\/\/breinco.com\/ca\/#website","url":"https:\/\/breinco.com\/ca\/","name":"Breinco","description":"","publisher":{"@id":"https:\/\/breinco.com\/ca\/#organization"},"alternateName":"Urban Furniture, Architecture and Landscaping","potentialAction":[{"@type":"SearchAction","target":{"@type":"EntryPoint","urlTemplate":"https:\/\/breinco.com\/ca\/?s={search_term_string}"},"query-input":{"@type":"PropertyValueSpecification","valueRequired":true,"valueName":"search_term_string"}}],"inLanguage":"ca"},{"@type":"Organization","@id":"https:\/\/breinco.com\/ca\/#organization","name":"Breinco","url":"https:\/\/breinco.com\/ca\/","logo":{"@type":"ImageObject","inLanguage":"ca","@id":"https:\/\/breinco.com\/ca\/#\/schema\/logo\/image\/","url":"https:\/\/breinco.com\/wp-content\/uploads\/2025\/04\/breinco-brand.svg","contentUrl":"https:\/\/breinco.com\/wp-content\/uploads\/2025\/04\/breinco-brand.svg","width":26,"height":58,"caption":"Breinco"},"image":{"@id":"https:\/\/breinco.com\/ca\/#\/schema\/logo\/image\/"},"sameAs":["https:\/\/www.facebook.com\/breincosmart\/","https:\/\/x.com\/breincoGroup","https:\/\/www.instagram.com\/breinco\/","https:\/\/www.linkedin.com\/company\/breinco-esp\/"]}]}},"_links":{"self":[{"href":"https:\/\/breinco.com\/ca\/wp-json\/wp\/v2\/proyecto\/22617","targetHints":{"allow":["GET"]}}],"collection":[{"href":"https:\/\/breinco.com\/ca\/wp-json\/wp\/v2\/proyecto"}],"about":[{"href":"https:\/\/breinco.com\/ca\/wp-json\/wp\/v2\/types\/proyecto"}],"wp:attachment":[{"href":"https:\/\/breinco.com\/ca\/wp-json\/wp\/v2\/media?parent=22617"}],"wp:term":[{"taxonomy":"post_tag","embeddable":true,"href":"https:\/\/breinco.com\/ca\/wp-json\/wp\/v2\/tags?post=22617"},{"taxonomy":"categoria-proyecto","embeddable":true,"href":"https:\/\/breinco.com\/ca\/wp-json\/wp\/v2\/categoria-proyecto?post=22617"}],"curies":[{"name":"wp","href":"https:\/\/api.w.org\/{rel}","templated":true}]}}

<p>Al cor del districte financer més important d&#8217;Europa, el projecte <strong>La promenade des Jardins de l’Arche</strong> redefineix l&#8217;espai públic de <strong>La Défense</strong> com un gran eix verd que connecta els barris de Nanterre i Puteaux. La intervenció transforma una zona de caràcter infraestructural en un entorn amable, de vianants i contemporani, on l&#8217;arquitectura i el paisatge es fonen amb naturalitat.</p>

<p class="has-medium-font-size">Una continuïtat urbana i paisatgística</p>

<p>El nou passeig, dissenyat per l&#8217;oficina <strong>AWP</strong>, es concep com una gran rampa enjardinada que enllaça les diferents cotes del districte, generant una seqüència fluida d&#8217;espais públics. Jardins, places i recorreguts s&#8217;alternen per crear un paisatge dinàmic que convida a recórrer-lo a peu i a descobrir noves perspectives de l&#8217;entorn urbà.</p>

<p>El projecte actua com un gran espai connector entre els edificis del districte i el futur <strong>Arena 92</strong>, afavorint la relació entre l&#8217;arquitectura existent i els nous desenvolupaments. A través de la llum, el relleu i la materialitat, es construeix una atmosfera que combina monumentalitat i escala humana.</p>

<p class="has-medium-font-size">Paviment i mobiliari a mida</p>

<p>Per a aquesta intervenció, Breinco ha col·laborat amb la fabricació de lloses de formigó arquitectònic, <strong>bancs i escales</strong>, dissenyats a mida per integrar-se en el paisatge urbà del projecte.</p>

<p>Les lloses, de 1<strong>115x50x15 cm</strong>, es van realitzar en tres tonalitats —<strong>White, Fusión i Ceniza</strong>— que aporten un joc cromàtic subtil i elegant. La seva composició incorpora un 20 % d&#8217;àrrid reciclat, fet que reflecteix el compromís ambiental del projecte.</p>

<p>Els bancs i graons, fabricats amb la tecnologia <strong>WetCast®</strong>, presenten acabats d&#8217;alta precisió i superfícies suaus que conviden a l&#8217;ús quotidià. Les peces es produeixen amb <strong>formigó blanc d&#8217;altes prestacions</strong>, garantint durabilitat i puresa estètica en un entorn de gran exigència urbana.</p>

<p class="has-medium-font-size">Un espai públic per al futur</p>

<p>La promenade des Jardins de l’Arche simbolitza l&#8217;ambició del <strong>Grand Paris</strong>: un model de ciutat sostenible, accessible i connectada. En aquest gran espai públic, la tècnica, el disseny i la sostenibilitat es combinen per crear un paisatge urbà que respira modernitat i equilibri.</p>

<!-- This site is optimized with the Yoast SEO plugin v27.5 - https://yoast.com/product/yoast-seo-wordpress/ -->
<title>Jardins de l’Arche a Paris - Breinco</title>
<meta name="robots" content="index, follow, max-snippet:-1, max-image-preview:large, max-video-preview:-1" />
<link rel="canonical" href="https://breinco.com/ca/proyecto/jardins-de-larche-a-paris/" />
<meta property="og:locale" content="ca_ES" />
<meta property="og:type" content="article" />
<meta property="og:title" content="Jardins de l’Arche a Paris - Breinco" />
<meta property="og:description" content="Al cor del districte financer més important d&#8217;Europa, el projecte La promenade des Jardins de l’Arche redefineix l&#8217;espai públic de La Défense com un gran eix verd que connecta els barris de Nanterre i Puteaux. La intervenció transforma una zona de caràcter infraestructural en un entorn amable, de vianants i contemporani, on l&#8217;arquitectura i el [&hellip;]" />
<meta property="og:url" content="https://breinco.com/ca/proyecto/jardins-de-larche-a-paris/" />
<meta property="og:site_name" content="Breinco" />
<meta property="article:publisher" content="https://www.facebook.com/breincosmart/" />
<meta property="article:modified_time" content="2026-04-17T11:00:41+00:00" />
<meta property="og:image" content="https://breinco.com/wp-content/uploads/2026/02/breinco-feat-img.webp" />
	<meta property="og:image:width" content="1200" />
	<meta property="og:image:height" content="800" />
	<meta property="og:image:type" content="image/webp" />
<meta name="twitter:card" content="summary_large_image" />
<meta name="twitter:site" content="@breincoGroup" />
<meta name="twitter:label1" content="Temps estimat de lectura" />
	<meta name="twitter:data1" content="2 minuts" />
<script type="application/ld+json" class="yoast-schema-graph">{"@context":"https:\/\/schema.org","@graph":[{"@type":"WebPage","@id":"https:\/\/breinco.com\/ca\/proyecto\/jardins-de-larche-a-paris\/","url":"https:\/\/breinco.com\/ca\/proyecto\/jardins-de-larche-a-paris\/","name":"Jardins de l’Arche a Paris - Breinco","isPartOf":{"@id":"https:\/\/breinco.com\/ca\/#website"},"datePublished":"2025-11-10T10:09:26+00:00","dateModified":"2026-04-17T11:00:41+00:00","breadcrumb":{"@id":"https:\/\/breinco.com\/ca\/proyecto\/jardins-de-larche-a-paris\/#breadcrumb"},"inLanguage":"ca","potentialAction":[{"@type":"ReadAction","target":["https:\/\/breinco.com\/ca\/proyecto\/jardins-de-larche-a-paris\/"]}]},{"@type":"BreadcrumbList","@id":"https:\/\/breinco.com\/ca\/proyecto\/jardins-de-larche-a-paris\/#breadcrumb","itemListElement":[{"@type":"ListItem","position":1,"name":"Portada","item":"https:\/\/breinco.com\/ca\/"},{"@type":"ListItem","position":2,"name":"Proyectos","item":"https:\/\/breinco.com\/ca\/proyecto\/"},{"@type":"ListItem","position":3,"name":"Jardins de l’Arche a Paris"}]},{"@type":"WebSite","@id":"https:\/\/breinco.com\/ca\/#website","url":"https:\/\/breinco.com\/ca\/","name":"Breinco","description":"","publisher":{"@id":"https:\/\/breinco.com\/ca\/#organization"},"alternateName":"Urban Furniture, Architecture and Landscaping","potentialAction":[{"@type":"SearchAction","target":{"@type":"EntryPoint","urlTemplate":"https:\/\/breinco.com\/ca\/?s={search_term_string}"},"query-input":{"@type":"PropertyValueSpecification","valueRequired":true,"valueName":"search_term_string"}}],"inLanguage":"ca"},{"@type":"Organization","@id":"https:\/\/breinco.com\/ca\/#organization","name":"Breinco","url":"https:\/\/breinco.com\/ca\/","logo":{"@type":"ImageObject","inLanguage":"ca","@id":"https:\/\/breinco.com\/ca\/#\/schema\/logo\/image\/","url":"https:\/\/breinco.com\/wp-content\/uploads\/2025\/04\/breinco-brand.svg","contentUrl":"https:\/\/breinco.com\/wp-content\/uploads\/2025\/04\/breinco-brand.svg","width":26,"height":58,"caption":"Breinco"},"image":{"@id":"https:\/\/breinco.com\/ca\/#\/schema\/logo\/image\/"},"sameAs":["https:\/\/www.facebook.com\/breincosmart\/","https:\/\/x.com\/breincoGroup","https:\/\/www.instagram.com\/breinco\/","https:\/\/www.linkedin.com\/company\/breinco-esp\/"]}]}</script>
<!-- / Yoast SEO plugin. -->

Al cor del districte financer més important d&#8217;Europa, el projecte La promenade des Jardins de l’Arche redefineix l&#8217;espai públic de La Défense com un gran eix verd que connecta els barris de Nanterre i Puteaux. La intervenció transforma una zona de caràcter infraestructural en un entorn amable, de vianants i contemporani, on l&#8217;arquitectura i el [&hellip;]
