{"id":22618,"date":"2026-02-11T09:32:50","date_gmt":"2026-02-11T08:32:50","guid":{"rendered":"https:\/\/breinco.com\/proyecto\/bodega-les-vinyes-del-convent-a-tarragona-2\/"},"modified":"2026-04-17T13:00:41","modified_gmt":"2026-04-17T11:00:41","slug":"bodega-les-vinyes-del-convent-a-tarragona-2","status":"publish","type":"proyecto","link":"https:\/\/breinco.com\/ca\/proyecto\/bodega-les-vinyes-del-convent-a-tarragona-2\/","title":{"rendered":"Bodega Les Vinyes del Convent a Tarragona"},"content":{"rendered":"\n<p>Les Vinyes del Convent \u00e9s un celler familiar ubicat a Horta de Sant Joan, a la comarca de la Terra Alta, Tarragona. Situat entre paratges singulars i amb vistes al Parc Natural dels Ports i a les Roques d\u2019en Benet, el celler combina arquitectura moderna i s\u00f2bria amb refer\u00e8ncies a la seva hist\u00f2ria: un antic mol\u00ed d\u2019oli transformat en instal\u00b7lacions que inclouen una capella, un claustre, un museu i una botiga.<\/p>\n\n<p>El projecte exterior se centra en l&#8217;organitzaci\u00f3 dels espais d&#8217;acc\u00e9s, els passejos i les circulacions dins del recinte, buscant un equilibri entre funcionalitat, seguretat i est\u00e8tica, i respectant la integraci\u00f3 amb el paisatge agr\u00edcola i els elements arquitect\u00f2nics del conjunt.<\/p>\n\n<p>En camins d&#8217;acc\u00e9s i de passeig s&#8217;ha incorporat <strong>Llosa Trama\u00ae<\/strong>, una soluci\u00f3 innovadora de paviment h\u00edbrid dissenyada per suportar c\u00e0rregues lleugeres de vehicles i, al mateix temps, integrar elements verds o funcionals a la seva superf\u00edcie. Cada llosa de 12 cm de gruix inclou una reixeta de formig\u00f3 de 5 cm d&#8217;amplada que defineix illes de 8 \u00d7 8 cm. En lloc d&#8217;omplir aquestes illes amb gespa o gravilla, s&#8217;ha incorporat el <strong>Taco Trama<\/strong>, una pe\u00e7a de 8 \u00d7 8 \u00d7 6 cm que encaixa perfectament en cada buit, aportant estabilitat, resist\u00e8ncia i uniformitat al paviment.<\/p>\n\n<p>El disseny permet la instal\u00b7laci\u00f3 de reg per goteig a trav\u00e9s de cavitats inferiors, optimitzant el consum d&#8217;aigua i assegurant un paviment flexible, drenant i durador. Aquesta combinaci\u00f3 crea camins i passejos funcionals, c\u00f2modes per al tr\u00e0nsit de vianants i de vehicles lleugers, i visualment harm\u00f2nics amb el paisatge que envolta el celler.<\/p>\n\n<p>El resultat \u00e9s un espai exterior cuidat al detall, on cada recorregut reflecteix la hist\u00f2ria, l&#8217;arquitectura i la identitat vitivin\u00edcola de Les Vinyes del Convent, en perfecta harmonia amb el seu entorn natural.<\/p>\n","protected":false},"featured_media":0,"template":"","meta":{"_acf_changed":false},"tags":[803,1201],"categoria-proyecto":[],"class_list":["post-22618","proyecto","type-proyecto","status-publish","hentry","tag-llosa-trama","tag-taco-trama"],"acf":[],"yoast_head":"<!-- This site is optimized with the Yoast SEO plugin v27.5 - https:\/\/yoast.com\/product\/yoast-seo-wordpress\/ -->\n<title>Bodega Les Vinyes del Convent a Tarragona - Breinco<\/title>\n<meta name=\"robots\" content=\"index, follow, max-snippet:-1, max-image-preview:large, max-video-preview:-1\" \/>\n<link rel=\"canonical\" href=\"https:\/\/breinco.com\/ca\/proyecto\/bodega-les-vinyes-del-convent-a-tarragona-2\/\" \/>\n<meta property=\"og:locale\" content=\"ca_ES\" \/>\n<meta property=\"og:type\" content=\"article\" \/>\n<meta property=\"og:title\" content=\"Bodega Les Vinyes del Convent a Tarragona - Breinco\" \/>\n<meta property=\"og:description\" content=\"Les Vinyes del Convent \u00e9s un celler familiar ubicat a Horta de Sant Joan, a la comarca de la Terra Alta, Tarragona. Situat entre paratges singulars i amb vistes al Parc Natural dels Ports i a les Roques d\u2019en Benet, el celler combina arquitectura moderna i s\u00f2bria amb refer\u00e8ncies a la seva hist\u00f2ria: un antic [&hellip;]\" \/>\n<meta property=\"og:url\" content=\"https:\/\/breinco.com\/ca\/proyecto\/bodega-les-vinyes-del-convent-a-tarragona-2\/\" \/>\n<meta property=\"og:site_name\" content=\"Breinco\" \/>\n<meta property=\"article:publisher\" content=\"https:\/\/www.facebook.com\/breincosmart\/\" \/>\n<meta property=\"article:modified_time\" content=\"2026-04-17T11:00:41+00:00\" \/>\n<meta property=\"og:image\" content=\"https:\/\/breinco.com\/wp-content\/uploads\/2026\/02\/breinco-feat-img.webp\" \/>\n\t<meta property=\"og:image:width\" content=\"1200\" \/>\n\t<meta property=\"og:image:height\" content=\"800\" \/>\n\t<meta property=\"og:image:type\" content=\"image\/webp\" \/>\n<meta name=\"twitter:card\" content=\"summary_large_image\" \/>\n<meta name=\"twitter:site\" content=\"@breincoGroup\" \/>\n<meta name=\"twitter:label1\" content=\"Temps estimat de lectura\" \/>\n\t<meta name=\"twitter:data1\" content=\"2 minuts\" \/>\n<script type=\"application\/ld+json\" class=\"yoast-schema-graph\">{\"@context\":\"https:\\\/\\\/schema.org\",\"@graph\":[{\"@type\":\"WebPage\",\"@id\":\"https:\\\/\\\/breinco.com\\\/ca\\\/proyecto\\\/bodega-les-vinyes-del-convent-a-tarragona-2\\\/\",\"url\":\"https:\\\/\\\/breinco.com\\\/ca\\\/proyecto\\\/bodega-les-vinyes-del-convent-a-tarragona-2\\\/\",\"name\":\"Bodega Les Vinyes del Convent a Tarragona - Breinco\",\"isPartOf\":{\"@id\":\"https:\\\/\\\/breinco.com\\\/ca\\\/#website\"},\"datePublished\":\"2026-02-11T08:32:50+00:00\",\"dateModified\":\"2026-04-17T11:00:41+00:00\",\"breadcrumb\":{\"@id\":\"https:\\\/\\\/breinco.com\\\/ca\\\/proyecto\\\/bodega-les-vinyes-del-convent-a-tarragona-2\\\/#breadcrumb\"},\"inLanguage\":\"ca\",\"potentialAction\":[{\"@type\":\"ReadAction\",\"target\":[\"https:\\\/\\\/breinco.com\\\/ca\\\/proyecto\\\/bodega-les-vinyes-del-convent-a-tarragona-2\\\/\"]}]},{\"@type\":\"BreadcrumbList\",\"@id\":\"https:\\\/\\\/breinco.com\\\/ca\\\/proyecto\\\/bodega-les-vinyes-del-convent-a-tarragona-2\\\/#breadcrumb\",\"itemListElement\":[{\"@type\":\"ListItem\",\"position\":1,\"name\":\"Portada\",\"item\":\"https:\\\/\\\/breinco.com\\\/ca\\\/\"},{\"@type\":\"ListItem\",\"position\":2,\"name\":\"Proyectos\",\"item\":\"https:\\\/\\\/breinco.com\\\/ca\\\/proyecto\\\/\"},{\"@type\":\"ListItem\",\"position\":3,\"name\":\"Bodega Les Vinyes del Convent a Tarragona\"}]},{\"@type\":\"WebSite\",\"@id\":\"https:\\\/\\\/breinco.com\\\/ca\\\/#website\",\"url\":\"https:\\\/\\\/breinco.com\\\/ca\\\/\",\"name\":\"Breinco\",\"description\":\"\",\"publisher\":{\"@id\":\"https:\\\/\\\/breinco.com\\\/ca\\\/#organization\"},\"alternateName\":\"Urban Furniture, Architecture and Landscaping\",\"potentialAction\":[{\"@type\":\"SearchAction\",\"target\":{\"@type\":\"EntryPoint\",\"urlTemplate\":\"https:\\\/\\\/breinco.com\\\/ca\\\/?s={search_term_string}\"},\"query-input\":{\"@type\":\"PropertyValueSpecification\",\"valueRequired\":true,\"valueName\":\"search_term_string\"}}],\"inLanguage\":\"ca\"},{\"@type\":\"Organization\",\"@id\":\"https:\\\/\\\/breinco.com\\\/ca\\\/#organization\",\"name\":\"Breinco\",\"url\":\"https:\\\/\\\/breinco.com\\\/ca\\\/\",\"logo\":{\"@type\":\"ImageObject\",\"inLanguage\":\"ca\",\"@id\":\"https:\\\/\\\/breinco.com\\\/ca\\\/#\\\/schema\\\/logo\\\/image\\\/\",\"url\":\"https:\\\/\\\/breinco.com\\\/wp-content\\\/uploads\\\/2025\\\/04\\\/breinco-brand.svg\",\"contentUrl\":\"https:\\\/\\\/breinco.com\\\/wp-content\\\/uploads\\\/2025\\\/04\\\/breinco-brand.svg\",\"width\":26,\"height\":58,\"caption\":\"Breinco\"},\"image\":{\"@id\":\"https:\\\/\\\/breinco.com\\\/ca\\\/#\\\/schema\\\/logo\\\/image\\\/\"},\"sameAs\":[\"https:\\\/\\\/www.facebook.com\\\/breincosmart\\\/\",\"https:\\\/\\\/x.com\\\/breincoGroup\",\"https:\\\/\\\/www.instagram.com\\\/breinco\\\/\",\"https:\\\/\\\/www.linkedin.com\\\/company\\\/breinco-esp\\\/\"]}]}<\/script>\n<!-- \/ Yoast SEO plugin. -->","yoast_head_json":{"title":"Bodega Les Vinyes del Convent a Tarragona - Breinco","robots":{"index":"index","follow":"follow","max-snippet":"max-snippet:-1","max-image-preview":"max-image-preview:large","max-video-preview":"max-video-preview:-1"},"canonical":"https:\/\/breinco.com\/ca\/proyecto\/bodega-les-vinyes-del-convent-a-tarragona-2\/","og_locale":"ca_ES","og_type":"article","og_title":"Bodega Les Vinyes del Convent a Tarragona - Breinco","og_description":"Les Vinyes del Convent \u00e9s un celler familiar ubicat a Horta de Sant Joan, a la comarca de la Terra Alta, Tarragona. Situat entre paratges singulars i amb vistes al Parc Natural dels Ports i a les Roques d\u2019en Benet, el celler combina arquitectura moderna i s\u00f2bria amb refer\u00e8ncies a la seva hist\u00f2ria: un antic [&hellip;]","og_url":"https:\/\/breinco.com\/ca\/proyecto\/bodega-les-vinyes-del-convent-a-tarragona-2\/","og_site_name":"Breinco","article_publisher":"https:\/\/www.facebook.com\/breincosmart\/","article_modified_time":"2026-04-17T11:00:41+00:00","og_image":[{"width":1200,"height":800,"url":"https:\/\/breinco.com\/wp-content\/uploads\/2026\/02\/breinco-feat-img.webp","type":"image\/webp"}],"twitter_card":"summary_large_image","twitter_site":"@breincoGroup","twitter_misc":{"Temps estimat de lectura":"2 minuts"},"schema":{"@context":"https:\/\/schema.org","@graph":[{"@type":"WebPage","@id":"https:\/\/breinco.com\/ca\/proyecto\/bodega-les-vinyes-del-convent-a-tarragona-2\/","url":"https:\/\/breinco.com\/ca\/proyecto\/bodega-les-vinyes-del-convent-a-tarragona-2\/","name":"Bodega Les Vinyes del Convent a Tarragona - Breinco","isPartOf":{"@id":"https:\/\/breinco.com\/ca\/#website"},"datePublished":"2026-02-11T08:32:50+00:00","dateModified":"2026-04-17T11:00:41+00:00","breadcrumb":{"@id":"https:\/\/breinco.com\/ca\/proyecto\/bodega-les-vinyes-del-convent-a-tarragona-2\/#breadcrumb"},"inLanguage":"ca","potentialAction":[{"@type":"ReadAction","target":["https:\/\/breinco.com\/ca\/proyecto\/bodega-les-vinyes-del-convent-a-tarragona-2\/"]}]},{"@type":"BreadcrumbList","@id":"https:\/\/breinco.com\/ca\/proyecto\/bodega-les-vinyes-del-convent-a-tarragona-2\/#breadcrumb","itemListElement":[{"@type":"ListItem","position":1,"name":"Portada","item":"https:\/\/breinco.com\/ca\/"},{"@type":"ListItem","position":2,"name":"Proyectos","item":"https:\/\/breinco.com\/ca\/proyecto\/"},{"@type":"ListItem","position":3,"name":"Bodega Les Vinyes del Convent a Tarragona"}]},{"@type":"WebSite","@id":"https:\/\/breinco.com\/ca\/#website","url":"https:\/\/breinco.com\/ca\/","name":"Breinco","description":"","publisher":{"@id":"https:\/\/breinco.com\/ca\/#organization"},"alternateName":"Urban Furniture, Architecture and Landscaping","potentialAction":[{"@type":"SearchAction","target":{"@type":"EntryPoint","urlTemplate":"https:\/\/breinco.com\/ca\/?s={search_term_string}"},"query-input":{"@type":"PropertyValueSpecification","valueRequired":true,"valueName":"search_term_string"}}],"inLanguage":"ca"},{"@type":"Organization","@id":"https:\/\/breinco.com\/ca\/#organization","name":"Breinco","url":"https:\/\/breinco.com\/ca\/","logo":{"@type":"ImageObject","inLanguage":"ca","@id":"https:\/\/breinco.com\/ca\/#\/schema\/logo\/image\/","url":"https:\/\/breinco.com\/wp-content\/uploads\/2025\/04\/breinco-brand.svg","contentUrl":"https:\/\/breinco.com\/wp-content\/uploads\/2025\/04\/breinco-brand.svg","width":26,"height":58,"caption":"Breinco"},"image":{"@id":"https:\/\/breinco.com\/ca\/#\/schema\/logo\/image\/"},"sameAs":["https:\/\/www.facebook.com\/breincosmart\/","https:\/\/x.com\/breincoGroup","https:\/\/www.instagram.com\/breinco\/","https:\/\/www.linkedin.com\/company\/breinco-esp\/"]}]}},"_links":{"self":[{"href":"https:\/\/breinco.com\/ca\/wp-json\/wp\/v2\/proyecto\/22618","targetHints":{"allow":["GET"]}}],"collection":[{"href":"https:\/\/breinco.com\/ca\/wp-json\/wp\/v2\/proyecto"}],"about":[{"href":"https:\/\/breinco.com\/ca\/wp-json\/wp\/v2\/types\/proyecto"}],"wp:attachment":[{"href":"https:\/\/breinco.com\/ca\/wp-json\/wp\/v2\/media?parent=22618"}],"wp:term":[{"taxonomy":"post_tag","embeddable":true,"href":"https:\/\/breinco.com\/ca\/wp-json\/wp\/v2\/tags?post=22618"},{"taxonomy":"categoria-proyecto","embeddable":true,"href":"https:\/\/breinco.com\/ca\/wp-json\/wp\/v2\/categoria-proyecto?post=22618"}],"curies":[{"name":"wp","href":"https:\/\/api.w.org\/{rel}","templated":true}]}}

<p>Les Vinyes del Convent és un celler familiar ubicat a Horta de Sant Joan, a la comarca de la Terra Alta, Tarragona. Situat entre paratges singulars i amb vistes al Parc Natural dels Ports i a les Roques d’en Benet, el celler combina arquitectura moderna i sòbria amb referències a la seva història: un antic molí d’oli transformat en instal·lacions que inclouen una capella, un claustre, un museu i una botiga.</p>

<p>El projecte exterior se centra en l&#8217;organització dels espais d&#8217;accés, els passejos i les circulacions dins del recinte, buscant un equilibri entre funcionalitat, seguretat i estètica, i respectant la integració amb el paisatge agrícola i els elements arquitectònics del conjunt.</p>

<p>En camins d&#8217;accés i de passeig s&#8217;ha incorporat <strong>Llosa Trama®</strong>, una solució innovadora de paviment híbrid dissenyada per suportar càrregues lleugeres de vehicles i, al mateix temps, integrar elements verds o funcionals a la seva superfície. Cada llosa de 12 cm de gruix inclou una reixeta de formigó de 5 cm d&#8217;amplada que defineix illes de 8 × 8 cm. En lloc d&#8217;omplir aquestes illes amb gespa o gravilla, s&#8217;ha incorporat el <strong>Taco Trama</strong>, una peça de 8 × 8 × 6 cm que encaixa perfectament en cada buit, aportant estabilitat, resistència i uniformitat al paviment.</p>

<p>El disseny permet la instal·lació de reg per goteig a través de cavitats inferiors, optimitzant el consum d&#8217;aigua i assegurant un paviment flexible, drenant i durador. Aquesta combinació crea camins i passejos funcionals, còmodes per al trànsit de vianants i de vehicles lleugers, i visualment harmònics amb el paisatge que envolta el celler.</p>

<p>El resultat és un espai exterior cuidat al detall, on cada recorregut reflecteix la història, l&#8217;arquitectura i la identitat vitivinícola de Les Vinyes del Convent, en perfecta harmonia amb el seu entorn natural.</p>

<!-- This site is optimized with the Yoast SEO plugin v27.5 - https://yoast.com/product/yoast-seo-wordpress/ -->
<title>Bodega Les Vinyes del Convent a Tarragona - Breinco</title>
<meta name="robots" content="index, follow, max-snippet:-1, max-image-preview:large, max-video-preview:-1" />
<link rel="canonical" href="https://breinco.com/ca/proyecto/bodega-les-vinyes-del-convent-a-tarragona-2/" />
<meta property="og:locale" content="ca_ES" />
<meta property="og:type" content="article" />
<meta property="og:title" content="Bodega Les Vinyes del Convent a Tarragona - Breinco" />
<meta property="og:description" content="Les Vinyes del Convent és un celler familiar ubicat a Horta de Sant Joan, a la comarca de la Terra Alta, Tarragona. Situat entre paratges singulars i amb vistes al Parc Natural dels Ports i a les Roques d’en Benet, el celler combina arquitectura moderna i sòbria amb referències a la seva història: un antic [&hellip;]" />
<meta property="og:url" content="https://breinco.com/ca/proyecto/bodega-les-vinyes-del-convent-a-tarragona-2/" />
<meta property="og:site_name" content="Breinco" />
<meta property="article:publisher" content="https://www.facebook.com/breincosmart/" />
<meta property="article:modified_time" content="2026-04-17T11:00:41+00:00" />
<meta property="og:image" content="https://breinco.com/wp-content/uploads/2026/02/breinco-feat-img.webp" />
	<meta property="og:image:width" content="1200" />
	<meta property="og:image:height" content="800" />
	<meta property="og:image:type" content="image/webp" />
<meta name="twitter:card" content="summary_large_image" />
<meta name="twitter:site" content="@breincoGroup" />
<meta name="twitter:label1" content="Temps estimat de lectura" />
	<meta name="twitter:data1" content="2 minuts" />
<script type="application/ld+json" class="yoast-schema-graph">{"@context":"https:\/\/schema.org","@graph":[{"@type":"WebPage","@id":"https:\/\/breinco.com\/ca\/proyecto\/bodega-les-vinyes-del-convent-a-tarragona-2\/","url":"https:\/\/breinco.com\/ca\/proyecto\/bodega-les-vinyes-del-convent-a-tarragona-2\/","name":"Bodega Les Vinyes del Convent a Tarragona - Breinco","isPartOf":{"@id":"https:\/\/breinco.com\/ca\/#website"},"datePublished":"2026-02-11T08:32:50+00:00","dateModified":"2026-04-17T11:00:41+00:00","breadcrumb":{"@id":"https:\/\/breinco.com\/ca\/proyecto\/bodega-les-vinyes-del-convent-a-tarragona-2\/#breadcrumb"},"inLanguage":"ca","potentialAction":[{"@type":"ReadAction","target":["https:\/\/breinco.com\/ca\/proyecto\/bodega-les-vinyes-del-convent-a-tarragona-2\/"]}]},{"@type":"BreadcrumbList","@id":"https:\/\/breinco.com\/ca\/proyecto\/bodega-les-vinyes-del-convent-a-tarragona-2\/#breadcrumb","itemListElement":[{"@type":"ListItem","position":1,"name":"Portada","item":"https:\/\/breinco.com\/ca\/"},{"@type":"ListItem","position":2,"name":"Proyectos","item":"https:\/\/breinco.com\/ca\/proyecto\/"},{"@type":"ListItem","position":3,"name":"Bodega Les Vinyes del Convent a Tarragona"}]},{"@type":"WebSite","@id":"https:\/\/breinco.com\/ca\/#website","url":"https:\/\/breinco.com\/ca\/","name":"Breinco","description":"","publisher":{"@id":"https:\/\/breinco.com\/ca\/#organization"},"alternateName":"Urban Furniture, Architecture and Landscaping","potentialAction":[{"@type":"SearchAction","target":{"@type":"EntryPoint","urlTemplate":"https:\/\/breinco.com\/ca\/?s={search_term_string}"},"query-input":{"@type":"PropertyValueSpecification","valueRequired":true,"valueName":"search_term_string"}}],"inLanguage":"ca"},{"@type":"Organization","@id":"https:\/\/breinco.com\/ca\/#organization","name":"Breinco","url":"https:\/\/breinco.com\/ca\/","logo":{"@type":"ImageObject","inLanguage":"ca","@id":"https:\/\/breinco.com\/ca\/#\/schema\/logo\/image\/","url":"https:\/\/breinco.com\/wp-content\/uploads\/2025\/04\/breinco-brand.svg","contentUrl":"https:\/\/breinco.com\/wp-content\/uploads\/2025\/04\/breinco-brand.svg","width":26,"height":58,"caption":"Breinco"},"image":{"@id":"https:\/\/breinco.com\/ca\/#\/schema\/logo\/image\/"},"sameAs":["https:\/\/www.facebook.com\/breincosmart\/","https:\/\/x.com\/breincoGroup","https:\/\/www.instagram.com\/breinco\/","https:\/\/www.linkedin.com\/company\/breinco-esp\/"]}]}</script>
<!-- / Yoast SEO plugin. -->

Les Vinyes del Convent és un celler familiar ubicat a Horta de Sant Joan, a la comarca de la Terra Alta, Tarragona. Situat entre paratges singulars i amb vistes al Parc Natural dels Ports i a les Roques d’en Benet, el celler combina arquitectura moderna i sòbria amb referències a la seva història: un antic [&hellip;]
