{"id":22624,"date":"2025-11-10T09:56:37","date_gmt":"2025-11-10T08:56:37","guid":{"rendered":"https:\/\/breinco.com\/proyecto\/placa-dels-germans-sabat-una-zona-de-qualitat-per-al-vianant\/"},"modified":"2026-04-17T13:00:41","modified_gmt":"2026-04-17T11:00:41","slug":"placa-dels-germans-sabat-una-zona-de-qualitat-per-al-vianant","status":"publish","type":"proyecto","link":"https:\/\/breinco.com\/ca\/proyecto\/placa-dels-germans-sabat-una-zona-de-qualitat-per-al-vianant\/","title":{"rendered":"Pla\u00e7a dels Germans S\u00e0bat: una zona de qualitat per al vianant"},"content":{"rendered":"\n<p>La Pla\u00e7a dels Germans S\u00e0bat ha experimentat una profunda transformaci\u00f3 que l&#8217;ha convertit en un espai de conviv\u00e8ncia de vianants, funcional i contemporani.<br\/>El nou disseny redefineix la pla\u00e7a com un punt de trobada que fomenta la vida social, el descans i el comer\u00e7 local.<\/p>\n\n<p class=\"has-medium-font-size\"><strong>Una pla\u00e7a renovada per a la vida urbana<\/strong><\/p>\n\n<p>Antigament, la Pla\u00e7a dels Germans S\u00e0bat era una esplanada asfaltada destinada al tr\u00e0nsit rodat i a l&#8217;aparcament. El projecte de renovaci\u00f3 ha apostat per retornar el protagonisme al vianant, reduint la circulaci\u00f3 de vehicles i introduint zones verdes i de descans que aporten qualitat ambiental i confort urb\u00e0.<\/p>\n\n<p>Entre les actuacions destacades s&#8217;inclouen la <strong>plantaci\u00f3 d&#8217;una quinzena d&#8217;arbres<\/strong>, la creaci\u00f3 d&#8217;\u00e0rees ombrejades i la incorporaci\u00f3 d&#8217;<strong>un aparcament per a bicicletes<\/strong>, refor\u00e7ant la mobilitat sostenible. A m\u00e9s, el nou disseny garanteix l&#8217;<strong>accessibilitat universal<\/strong>, adaptant la pla\u00e7a a persones amb mobilitat redu\u00efda.<\/p>\n\n<p class=\"has-medium-font-size\"><strong>Un banc curvilini que abra\u00e7a la pla\u00e7a<\/strong><\/p>\n\n<p>Un dels elements m\u00e9s representatius del projecte \u00e9s el <strong>banc curvilini de formig\u00f3 arquitect\u00f2nic Wet-Cast\u00ae<\/strong>, dissenyat en col\u00b7laboraci\u00f3 amb el Departament T\u00e8cnic de Breinco. Aquest mobiliari urb\u00e0 envolta la pla\u00e7a amb una l\u00ednia fluida i org\u00e0nica que articula els espais d&#8217;estada, separant-los de les zones de circulaci\u00f3.<\/p>\n\n<p>El banc es complementa amb <strong>lloses de paviment Wet-Cast\u00ae<\/strong>, que aporten continu\u00eftat visual i una textura refinada, integrant el conjunt amb l&#8217;arquitectura i la vegetaci\u00f3 de l&#8217;entorn.<\/p>\n\n<p class=\"has-medium-font-size\"><strong>Wet-Cast\u00ae | Versatilitat, disseny i sostenibilitat<\/strong><\/p>\n\n<p>El formig\u00f3 arquitect\u00f2nic <strong>Wet-Cast\u00ae<\/strong> de Breinco ofereix una soluci\u00f3 a mida per a projectes amb altes exig\u00e8ncies est\u00e8tiques i funcionals. La seva tecnologia permet fabricar peces \u00faniques, resistents i d&#8217;alta qualitat, adaptades a qualsevol geometria o acabat.<\/p>\n\n<p>La nova Pla\u00e7a dels Germans S\u00e0bat es consolida com una zona amable, verda i social, pensada per al benestar del ciutad\u00e0.<\/p>\n","protected":false},"featured_media":0,"template":"","meta":{"_acf_changed":false},"tags":[1204,1205,825,808],"categoria-proyecto":[807,811],"class_list":["post-22624","proyecto","type-proyecto","status-publish","hentry","tag-banco","tag-llosa","tag-mobiliari","tag-wetcast","categoria-proyecto-formigo-arquitectonic","categoria-proyecto-paisatge-urba"],"acf":[],"yoast_head":"<!-- This site is optimized with the Yoast SEO plugin v27.4 - https:\/\/yoast.com\/product\/yoast-seo-wordpress\/ -->\n<title>Pla\u00e7a dels Germans S\u00e0bat: una zona de qualitat per al vianant - Breinco<\/title>\n<meta name=\"robots\" content=\"index, follow, max-snippet:-1, max-image-preview:large, max-video-preview:-1\" \/>\n<link rel=\"canonical\" href=\"https:\/\/breinco.com\/ca\/proyecto\/placa-dels-germans-sabat-una-zona-de-qualitat-per-al-vianant\/\" \/>\n<meta property=\"og:locale\" content=\"ca_ES\" \/>\n<meta property=\"og:type\" content=\"article\" \/>\n<meta property=\"og:title\" content=\"Pla\u00e7a dels Germans S\u00e0bat: una zona de qualitat per al vianant - Breinco\" \/>\n<meta property=\"og:description\" content=\"La Pla\u00e7a dels Germans S\u00e0bat ha experimentat una profunda transformaci\u00f3 que l&#8217;ha convertit en un espai de conviv\u00e8ncia de vianants, funcional i contemporani.El nou disseny redefineix la pla\u00e7a com un punt de trobada que fomenta la vida social, el descans i el comer\u00e7 local. Una pla\u00e7a renovada per a la vida urbana Antigament, la Pla\u00e7a [&hellip;]\" \/>\n<meta property=\"og:url\" content=\"https:\/\/breinco.com\/ca\/proyecto\/placa-dels-germans-sabat-una-zona-de-qualitat-per-al-vianant\/\" \/>\n<meta property=\"og:site_name\" content=\"Breinco\" \/>\n<meta property=\"article:publisher\" content=\"https:\/\/www.facebook.com\/breincosmart\/\" \/>\n<meta property=\"article:modified_time\" content=\"2026-04-17T11:00:41+00:00\" \/>\n<meta property=\"og:image\" content=\"https:\/\/breinco.com\/wp-content\/uploads\/2026\/02\/breinco-feat-img.webp\" \/>\n\t<meta property=\"og:image:width\" content=\"1200\" \/>\n\t<meta property=\"og:image:height\" content=\"800\" \/>\n\t<meta property=\"og:image:type\" content=\"image\/webp\" \/>\n<meta name=\"twitter:card\" content=\"summary_large_image\" \/>\n<meta name=\"twitter:site\" content=\"@breincoGroup\" \/>\n<meta name=\"twitter:label1\" content=\"Temps estimat de lectura\" \/>\n\t<meta name=\"twitter:data1\" content=\"2 minuts\" \/>\n<script type=\"application\/ld+json\" class=\"yoast-schema-graph\">{\"@context\":\"https:\\\/\\\/schema.org\",\"@graph\":[{\"@type\":\"WebPage\",\"@id\":\"https:\\\/\\\/breinco.com\\\/ca\\\/proyecto\\\/placa-dels-germans-sabat-una-zona-de-qualitat-per-al-vianant\\\/\",\"url\":\"https:\\\/\\\/breinco.com\\\/ca\\\/proyecto\\\/placa-dels-germans-sabat-una-zona-de-qualitat-per-al-vianant\\\/\",\"name\":\"Pla\u00e7a dels Germans S\u00e0bat: una zona de qualitat per al vianant - Breinco\",\"isPartOf\":{\"@id\":\"https:\\\/\\\/breinco.com\\\/ca\\\/#website\"},\"datePublished\":\"2025-11-10T08:56:37+00:00\",\"dateModified\":\"2026-04-17T11:00:41+00:00\",\"breadcrumb\":{\"@id\":\"https:\\\/\\\/breinco.com\\\/ca\\\/proyecto\\\/placa-dels-germans-sabat-una-zona-de-qualitat-per-al-vianant\\\/#breadcrumb\"},\"inLanguage\":\"ca\",\"potentialAction\":[{\"@type\":\"ReadAction\",\"target\":[\"https:\\\/\\\/breinco.com\\\/ca\\\/proyecto\\\/placa-dels-germans-sabat-una-zona-de-qualitat-per-al-vianant\\\/\"]}]},{\"@type\":\"BreadcrumbList\",\"@id\":\"https:\\\/\\\/breinco.com\\\/ca\\\/proyecto\\\/placa-dels-germans-sabat-una-zona-de-qualitat-per-al-vianant\\\/#breadcrumb\",\"itemListElement\":[{\"@type\":\"ListItem\",\"position\":1,\"name\":\"Portada\",\"item\":\"https:\\\/\\\/breinco.com\\\/ca\\\/\"},{\"@type\":\"ListItem\",\"position\":2,\"name\":\"Proyectos\",\"item\":\"https:\\\/\\\/breinco.com\\\/ca\\\/proyecto\\\/\"},{\"@type\":\"ListItem\",\"position\":3,\"name\":\"Pla\u00e7a dels Germans S\u00e0bat: una zona de qualitat per al vianant\"}]},{\"@type\":\"WebSite\",\"@id\":\"https:\\\/\\\/breinco.com\\\/ca\\\/#website\",\"url\":\"https:\\\/\\\/breinco.com\\\/ca\\\/\",\"name\":\"Breinco\",\"description\":\"\",\"publisher\":{\"@id\":\"https:\\\/\\\/breinco.com\\\/ca\\\/#organization\"},\"alternateName\":\"Urban Furniture, Architecture and Landscaping\",\"potentialAction\":[{\"@type\":\"SearchAction\",\"target\":{\"@type\":\"EntryPoint\",\"urlTemplate\":\"https:\\\/\\\/breinco.com\\\/ca\\\/?s={search_term_string}\"},\"query-input\":{\"@type\":\"PropertyValueSpecification\",\"valueRequired\":true,\"valueName\":\"search_term_string\"}}],\"inLanguage\":\"ca\"},{\"@type\":\"Organization\",\"@id\":\"https:\\\/\\\/breinco.com\\\/ca\\\/#organization\",\"name\":\"Breinco\",\"url\":\"https:\\\/\\\/breinco.com\\\/ca\\\/\",\"logo\":{\"@type\":\"ImageObject\",\"inLanguage\":\"ca\",\"@id\":\"https:\\\/\\\/breinco.com\\\/ca\\\/#\\\/schema\\\/logo\\\/image\\\/\",\"url\":\"https:\\\/\\\/breinco.com\\\/wp-content\\\/uploads\\\/2025\\\/04\\\/breinco-brand.svg\",\"contentUrl\":\"https:\\\/\\\/breinco.com\\\/wp-content\\\/uploads\\\/2025\\\/04\\\/breinco-brand.svg\",\"width\":26,\"height\":58,\"caption\":\"Breinco\"},\"image\":{\"@id\":\"https:\\\/\\\/breinco.com\\\/ca\\\/#\\\/schema\\\/logo\\\/image\\\/\"},\"sameAs\":[\"https:\\\/\\\/www.facebook.com\\\/breincosmart\\\/\",\"https:\\\/\\\/x.com\\\/breincoGroup\",\"https:\\\/\\\/www.instagram.com\\\/breinco\\\/\",\"https:\\\/\\\/www.linkedin.com\\\/company\\\/breinco-esp\\\/\"]}]}<\/script>\n<!-- \/ Yoast SEO plugin. -->","yoast_head_json":{"title":"Pla\u00e7a dels Germans S\u00e0bat: una zona de qualitat per al vianant - Breinco","robots":{"index":"index","follow":"follow","max-snippet":"max-snippet:-1","max-image-preview":"max-image-preview:large","max-video-preview":"max-video-preview:-1"},"canonical":"https:\/\/breinco.com\/ca\/proyecto\/placa-dels-germans-sabat-una-zona-de-qualitat-per-al-vianant\/","og_locale":"ca_ES","og_type":"article","og_title":"Pla\u00e7a dels Germans S\u00e0bat: una zona de qualitat per al vianant - Breinco","og_description":"La Pla\u00e7a dels Germans S\u00e0bat ha experimentat una profunda transformaci\u00f3 que l&#8217;ha convertit en un espai de conviv\u00e8ncia de vianants, funcional i contemporani.El nou disseny redefineix la pla\u00e7a com un punt de trobada que fomenta la vida social, el descans i el comer\u00e7 local. Una pla\u00e7a renovada per a la vida urbana Antigament, la Pla\u00e7a [&hellip;]","og_url":"https:\/\/breinco.com\/ca\/proyecto\/placa-dels-germans-sabat-una-zona-de-qualitat-per-al-vianant\/","og_site_name":"Breinco","article_publisher":"https:\/\/www.facebook.com\/breincosmart\/","article_modified_time":"2026-04-17T11:00:41+00:00","og_image":[{"width":1200,"height":800,"url":"https:\/\/breinco.com\/wp-content\/uploads\/2026\/02\/breinco-feat-img.webp","type":"image\/webp"}],"twitter_card":"summary_large_image","twitter_site":"@breincoGroup","twitter_misc":{"Temps estimat de lectura":"2 minuts"},"schema":{"@context":"https:\/\/schema.org","@graph":[{"@type":"WebPage","@id":"https:\/\/breinco.com\/ca\/proyecto\/placa-dels-germans-sabat-una-zona-de-qualitat-per-al-vianant\/","url":"https:\/\/breinco.com\/ca\/proyecto\/placa-dels-germans-sabat-una-zona-de-qualitat-per-al-vianant\/","name":"Pla\u00e7a dels Germans S\u00e0bat: una zona de qualitat per al vianant - Breinco","isPartOf":{"@id":"https:\/\/breinco.com\/ca\/#website"},"datePublished":"2025-11-10T08:56:37+00:00","dateModified":"2026-04-17T11:00:41+00:00","breadcrumb":{"@id":"https:\/\/breinco.com\/ca\/proyecto\/placa-dels-germans-sabat-una-zona-de-qualitat-per-al-vianant\/#breadcrumb"},"inLanguage":"ca","potentialAction":[{"@type":"ReadAction","target":["https:\/\/breinco.com\/ca\/proyecto\/placa-dels-germans-sabat-una-zona-de-qualitat-per-al-vianant\/"]}]},{"@type":"BreadcrumbList","@id":"https:\/\/breinco.com\/ca\/proyecto\/placa-dels-germans-sabat-una-zona-de-qualitat-per-al-vianant\/#breadcrumb","itemListElement":[{"@type":"ListItem","position":1,"name":"Portada","item":"https:\/\/breinco.com\/ca\/"},{"@type":"ListItem","position":2,"name":"Proyectos","item":"https:\/\/breinco.com\/ca\/proyecto\/"},{"@type":"ListItem","position":3,"name":"Pla\u00e7a dels Germans S\u00e0bat: una zona de qualitat per al vianant"}]},{"@type":"WebSite","@id":"https:\/\/breinco.com\/ca\/#website","url":"https:\/\/breinco.com\/ca\/","name":"Breinco","description":"","publisher":{"@id":"https:\/\/breinco.com\/ca\/#organization"},"alternateName":"Urban Furniture, Architecture and Landscaping","potentialAction":[{"@type":"SearchAction","target":{"@type":"EntryPoint","urlTemplate":"https:\/\/breinco.com\/ca\/?s={search_term_string}"},"query-input":{"@type":"PropertyValueSpecification","valueRequired":true,"valueName":"search_term_string"}}],"inLanguage":"ca"},{"@type":"Organization","@id":"https:\/\/breinco.com\/ca\/#organization","name":"Breinco","url":"https:\/\/breinco.com\/ca\/","logo":{"@type":"ImageObject","inLanguage":"ca","@id":"https:\/\/breinco.com\/ca\/#\/schema\/logo\/image\/","url":"https:\/\/breinco.com\/wp-content\/uploads\/2025\/04\/breinco-brand.svg","contentUrl":"https:\/\/breinco.com\/wp-content\/uploads\/2025\/04\/breinco-brand.svg","width":26,"height":58,"caption":"Breinco"},"image":{"@id":"https:\/\/breinco.com\/ca\/#\/schema\/logo\/image\/"},"sameAs":["https:\/\/www.facebook.com\/breincosmart\/","https:\/\/x.com\/breincoGroup","https:\/\/www.instagram.com\/breinco\/","https:\/\/www.linkedin.com\/company\/breinco-esp\/"]}]}},"_links":{"self":[{"href":"https:\/\/breinco.com\/ca\/wp-json\/wp\/v2\/proyecto\/22624","targetHints":{"allow":["GET"]}}],"collection":[{"href":"https:\/\/breinco.com\/ca\/wp-json\/wp\/v2\/proyecto"}],"about":[{"href":"https:\/\/breinco.com\/ca\/wp-json\/wp\/v2\/types\/proyecto"}],"wp:attachment":[{"href":"https:\/\/breinco.com\/ca\/wp-json\/wp\/v2\/media?parent=22624"}],"wp:term":[{"taxonomy":"post_tag","embeddable":true,"href":"https:\/\/breinco.com\/ca\/wp-json\/wp\/v2\/tags?post=22624"},{"taxonomy":"categoria-proyecto","embeddable":true,"href":"https:\/\/breinco.com\/ca\/wp-json\/wp\/v2\/categoria-proyecto?post=22624"}],"curies":[{"name":"wp","href":"https:\/\/api.w.org\/{rel}","templated":true}]}}

Plaça dels Germans Sàbat: una zona de qualitat per al vianant

<p>La Plaça dels Germans Sàbat ha experimentat una profunda transformació que l&#8217;ha convertit en un espai de convivència de vianants, funcional i contemporani.<br/>El nou disseny redefineix la plaça com un punt de trobada que fomenta la vida social, el descans i el comerç local.</p>

<p class="has-medium-font-size"><strong>Una plaça renovada per a la vida urbana</strong></p>

<p>Antigament, la Plaça dels Germans Sàbat era una esplanada asfaltada destinada al trànsit rodat i a l&#8217;aparcament. El projecte de renovació ha apostat per retornar el protagonisme al vianant, reduint la circulació de vehicles i introduint zones verdes i de descans que aporten qualitat ambiental i confort urbà.</p>

<p>Entre les actuacions destacades s&#8217;inclouen la <strong>plantació d&#8217;una quinzena d&#8217;arbres</strong>, la creació d&#8217;àrees ombrejades i la incorporació d&#8217;<strong>un aparcament per a bicicletes</strong>, reforçant la mobilitat sostenible. A més, el nou disseny garanteix l&#8217;<strong>accessibilitat universal</strong>, adaptant la plaça a persones amb mobilitat reduïda.</p>

<p class="has-medium-font-size"><strong>Un banc curvilini que abraça la plaça</strong></p>

<p>Un dels elements més representatius del projecte és el <strong>banc curvilini de formigó arquitectònic Wet-Cast®</strong>, dissenyat en col·laboració amb el Departament Tècnic de Breinco. Aquest mobiliari urbà envolta la plaça amb una línia fluida i orgànica que articula els espais d&#8217;estada, separant-los de les zones de circulació.</p>

<p>El banc es complementa amb <strong>lloses de paviment Wet-Cast®</strong>, que aporten continuïtat visual i una textura refinada, integrant el conjunt amb l&#8217;arquitectura i la vegetació de l&#8217;entorn.</p>

<p class="has-medium-font-size"><strong>Wet-Cast® | Versatilitat, disseny i sostenibilitat</strong></p>

<p>El formigó arquitectònic <strong>Wet-Cast®</strong> de Breinco ofereix una solució a mida per a projectes amb altes exigències estètiques i funcionals. La seva tecnologia permet fabricar peces úniques, resistents i d&#8217;alta qualitat, adaptades a qualsevol geometria o acabat.</p>

<p>La nova Plaça dels Germans Sàbat es consolida com una zona amable, verda i social, pensada per al benestar del ciutadà.</p>

<!-- This site is optimized with the Yoast SEO plugin v27.4 - https://yoast.com/product/yoast-seo-wordpress/ -->
<title>Plaça dels Germans Sàbat: una zona de qualitat per al vianant - Breinco</title>
<meta name="robots" content="index, follow, max-snippet:-1, max-image-preview:large, max-video-preview:-1" />
<link rel="canonical" href="https://breinco.com/ca/proyecto/placa-dels-germans-sabat-una-zona-de-qualitat-per-al-vianant/" />
<meta property="og:locale" content="ca_ES" />
<meta property="og:type" content="article" />
<meta property="og:title" content="Plaça dels Germans Sàbat: una zona de qualitat per al vianant - Breinco" />
<meta property="og:description" content="La Plaça dels Germans Sàbat ha experimentat una profunda transformació que l&#8217;ha convertit en un espai de convivència de vianants, funcional i contemporani.El nou disseny redefineix la plaça com un punt de trobada que fomenta la vida social, el descans i el comerç local. Una plaça renovada per a la vida urbana Antigament, la Plaça [&hellip;]" />
<meta property="og:url" content="https://breinco.com/ca/proyecto/placa-dels-germans-sabat-una-zona-de-qualitat-per-al-vianant/" />
<meta property="og:site_name" content="Breinco" />
<meta property="article:publisher" content="https://www.facebook.com/breincosmart/" />
<meta property="article:modified_time" content="2026-04-17T11:00:41+00:00" />
<meta property="og:image" content="https://breinco.com/wp-content/uploads/2026/02/breinco-feat-img.webp" />
	<meta property="og:image:width" content="1200" />
	<meta property="og:image:height" content="800" />
	<meta property="og:image:type" content="image/webp" />
<meta name="twitter:card" content="summary_large_image" />
<meta name="twitter:site" content="@breincoGroup" />
<meta name="twitter:label1" content="Temps estimat de lectura" />
	<meta name="twitter:data1" content="2 minuts" />
<script type="application/ld+json" class="yoast-schema-graph">{"@context":"https:\/\/schema.org","@graph":[{"@type":"WebPage","@id":"https:\/\/breinco.com\/ca\/proyecto\/placa-dels-germans-sabat-una-zona-de-qualitat-per-al-vianant\/","url":"https:\/\/breinco.com\/ca\/proyecto\/placa-dels-germans-sabat-una-zona-de-qualitat-per-al-vianant\/","name":"Plaça dels Germans Sàbat: una zona de qualitat per al vianant - Breinco","isPartOf":{"@id":"https:\/\/breinco.com\/ca\/#website"},"datePublished":"2025-11-10T08:56:37+00:00","dateModified":"2026-04-17T11:00:41+00:00","breadcrumb":{"@id":"https:\/\/breinco.com\/ca\/proyecto\/placa-dels-germans-sabat-una-zona-de-qualitat-per-al-vianant\/#breadcrumb"},"inLanguage":"ca","potentialAction":[{"@type":"ReadAction","target":["https:\/\/breinco.com\/ca\/proyecto\/placa-dels-germans-sabat-una-zona-de-qualitat-per-al-vianant\/"]}]},{"@type":"BreadcrumbList","@id":"https:\/\/breinco.com\/ca\/proyecto\/placa-dels-germans-sabat-una-zona-de-qualitat-per-al-vianant\/#breadcrumb","itemListElement":[{"@type":"ListItem","position":1,"name":"Portada","item":"https:\/\/breinco.com\/ca\/"},{"@type":"ListItem","position":2,"name":"Proyectos","item":"https:\/\/breinco.com\/ca\/proyecto\/"},{"@type":"ListItem","position":3,"name":"Plaça dels Germans Sàbat: una zona de qualitat per al vianant"}]},{"@type":"WebSite","@id":"https:\/\/breinco.com\/ca\/#website","url":"https:\/\/breinco.com\/ca\/","name":"Breinco","description":"","publisher":{"@id":"https:\/\/breinco.com\/ca\/#organization"},"alternateName":"Urban Furniture, Architecture and Landscaping","potentialAction":[{"@type":"SearchAction","target":{"@type":"EntryPoint","urlTemplate":"https:\/\/breinco.com\/ca\/?s={search_term_string}"},"query-input":{"@type":"PropertyValueSpecification","valueRequired":true,"valueName":"search_term_string"}}],"inLanguage":"ca"},{"@type":"Organization","@id":"https:\/\/breinco.com\/ca\/#organization","name":"Breinco","url":"https:\/\/breinco.com\/ca\/","logo":{"@type":"ImageObject","inLanguage":"ca","@id":"https:\/\/breinco.com\/ca\/#\/schema\/logo\/image\/","url":"https:\/\/breinco.com\/wp-content\/uploads\/2025\/04\/breinco-brand.svg","contentUrl":"https:\/\/breinco.com\/wp-content\/uploads\/2025\/04\/breinco-brand.svg","width":26,"height":58,"caption":"Breinco"},"image":{"@id":"https:\/\/breinco.com\/ca\/#\/schema\/logo\/image\/"},"sameAs":["https:\/\/www.facebook.com\/breincosmart\/","https:\/\/x.com\/breincoGroup","https:\/\/www.instagram.com\/breinco\/","https:\/\/www.linkedin.com\/company\/breinco-esp\/"]}]}</script>
<!-- / Yoast SEO plugin. -->

Plaça dels Germans Sàbat: una zona de qualitat per al vianant - Breinco

La Plaça dels Germans Sàbat ha experimentat una profunda transformació que l&#8217;ha convertit en un espai de convivència de vianants, funcional i contemporani.El nou disseny redefineix la plaça com un punt de trobada que fomenta la vida social, el descans i el comerç local. Una plaça renovada per a la vida urbana Antigament, la Plaça [&hellip;]
