{"id":22628,"date":"2026-02-11T16:17:35","date_gmt":"2026-02-11T15:17:35","guid":{"rendered":"https:\/\/breinco.com\/proyecto\/remodelacio-de-la-placa-de-lhostal-a-tona\/"},"modified":"2026-04-17T13:00:41","modified_gmt":"2026-04-17T11:00:41","slug":"remodelacio-de-la-placa-de-lhostal-a-tona","status":"publish","type":"proyecto","link":"https:\/\/breinco.com\/ca\/proyecto\/remodelacio-de-la-placa-de-lhostal-a-tona\/","title":{"rendered":"Remodelaci\u00f3 de la Pla\u00e7a de l&#8217;Hostal a Tona"},"content":{"rendered":"\n<p>La Pla\u00e7a de l&#8217;Hostal, ubicada al municipi de Tona, ha estat objecte d&#8217;una remodelaci\u00f3 integral amb l&#8217;objectiu de transformar l&#8217;espai en una pla\u00e7a contempor\u00e0nia, accessible i pensada per al gaudi de tots els usuaris. El projecte incorpora una \u00e0rea l\u00fadica infantil, zones d&#8217;estada i amplis recorreguts per a vianants, creant un entorn urb\u00e0 din\u00e0mic, segur i acollidor.<\/p>\n\n<p>La intervenci\u00f3 aposta per un disseny funcional i ordenat, on les \u00e0rees de pas i passeig s&#8217;organitzen mitjan\u00e7ant <strong>tra\u00e7ats circulars<\/strong> que generen moviment i dinamisme, tot facilitant la circulaci\u00f3 i aportant un car\u00e0cter singular a la pla\u00e7a.<\/p>\n\n<p>Per a la pavimentaci\u00f3 de tota la superf\u00edcie s&#8217;hi ha incorporat <strong>Tegula\u00ae six<\/strong>, un llambord\u00ed rectangular amb acabat r\u00fastic d&#8217;alta qualitat decorativa. La seva col\u00b7locaci\u00f3 a 90\u00ba i la combinaci\u00f3 de tons suaus creen una est\u00e8tica tradicional reinterpretada en clau contempor\u00e0nia, aportant calidesa, continu\u00eftat visual i equilibri al conjunt.<\/p>\n\n<p>A les <strong>parts interiors dels tra\u00e7ats circulars<\/strong>, s&#8217;hi ha integrat <strong>Taco Tegula\u00ae<\/strong>, un cub de 8\u202f\u00d7\u202f8\u202f\u00d7\u202f6\u202fcm dissenyat per segmentar superf\u00edcies llargues o emmarcar detalls on seria necessari tallar peces m\u00e9s grans. La seva incorporaci\u00f3 permet definir els per\u00edmetres dels tra\u00e7ats circulars i els elements singulars, com ara tapes de registre, assegurant precisi\u00f3, uniformitat i una terminaci\u00f3 est\u00e8tica cuidada.<\/p>\n\n<p>L&#8217;\u00fas conjunt de <strong>Tegula\u00ae six<\/strong> i <strong>Taco Tegula\u00ae<\/strong> garanteix un paviment flexible, h\u00edbrid i durador, ideal per a espais de vianants i zones de passeig, i resol la pla\u00e7a de manera funcional i visualment atractiva.<\/p>\n\n<p>El resultat \u00e9s un espai p\u00fablic renovat, viu i vers\u00e0til, on els tra\u00e7ats circulars, les \u00e0rees de joc i els recorreguts per a vianants s&#8217;integren en harmonia, i consoliden la pla\u00e7a com a punt de trobada, oci i conviv\u00e8ncia dins de Tona.<\/p>\n\n<p><\/p>\n","protected":false},"featured_media":0,"template":"","meta":{"_acf_changed":false},"tags":[1209,815],"categoria-proyecto":[],"class_list":["post-22628","proyecto","type-proyecto","status-publish","hentry","tag-taco-tegula","tag-tegula-six"],"acf":[],"yoast_head":"<!-- This site is optimized with the Yoast SEO plugin v27.5 - https:\/\/yoast.com\/product\/yoast-seo-wordpress\/ -->\n<title>Remodelaci\u00f3 de la Pla\u00e7a de l&#039;Hostal a Tona - Breinco<\/title>\n<meta name=\"robots\" content=\"index, follow, max-snippet:-1, max-image-preview:large, max-video-preview:-1\" \/>\n<link rel=\"canonical\" href=\"https:\/\/breinco.com\/ca\/proyecto\/remodelacio-de-la-placa-de-lhostal-a-tona\/\" \/>\n<meta property=\"og:locale\" content=\"ca_ES\" \/>\n<meta property=\"og:type\" content=\"article\" \/>\n<meta property=\"og:title\" content=\"Remodelaci\u00f3 de la Pla\u00e7a de l&#039;Hostal a Tona - Breinco\" \/>\n<meta property=\"og:description\" content=\"La Pla\u00e7a de l&#8217;Hostal, ubicada al municipi de Tona, ha estat objecte d&#8217;una remodelaci\u00f3 integral amb l&#8217;objectiu de transformar l&#8217;espai en una pla\u00e7a contempor\u00e0nia, accessible i pensada per al gaudi de tots els usuaris. El projecte incorpora una \u00e0rea l\u00fadica infantil, zones d&#8217;estada i amplis recorreguts per a vianants, creant un entorn urb\u00e0 din\u00e0mic, segur [&hellip;]\" \/>\n<meta property=\"og:url\" content=\"https:\/\/breinco.com\/ca\/proyecto\/remodelacio-de-la-placa-de-lhostal-a-tona\/\" \/>\n<meta property=\"og:site_name\" content=\"Breinco\" \/>\n<meta property=\"article:publisher\" content=\"https:\/\/www.facebook.com\/breincosmart\/\" \/>\n<meta property=\"article:modified_time\" content=\"2026-04-17T11:00:41+00:00\" \/>\n<meta property=\"og:image\" content=\"https:\/\/breinco.com\/wp-content\/uploads\/2026\/02\/breinco-feat-img.webp\" \/>\n\t<meta property=\"og:image:width\" content=\"1200\" \/>\n\t<meta property=\"og:image:height\" content=\"800\" \/>\n\t<meta property=\"og:image:type\" content=\"image\/webp\" \/>\n<meta name=\"twitter:card\" content=\"summary_large_image\" \/>\n<meta name=\"twitter:site\" content=\"@breincoGroup\" \/>\n<meta name=\"twitter:label1\" content=\"Temps estimat de lectura\" \/>\n\t<meta name=\"twitter:data1\" content=\"2 minuts\" \/>\n<script type=\"application\/ld+json\" class=\"yoast-schema-graph\">{\"@context\":\"https:\\\/\\\/schema.org\",\"@graph\":[{\"@type\":\"WebPage\",\"@id\":\"https:\\\/\\\/breinco.com\\\/ca\\\/proyecto\\\/remodelacio-de-la-placa-de-lhostal-a-tona\\\/\",\"url\":\"https:\\\/\\\/breinco.com\\\/ca\\\/proyecto\\\/remodelacio-de-la-placa-de-lhostal-a-tona\\\/\",\"name\":\"Remodelaci\u00f3 de la Pla\u00e7a de l'Hostal a Tona - Breinco\",\"isPartOf\":{\"@id\":\"https:\\\/\\\/breinco.com\\\/ca\\\/#website\"},\"datePublished\":\"2026-02-11T15:17:35+00:00\",\"dateModified\":\"2026-04-17T11:00:41+00:00\",\"breadcrumb\":{\"@id\":\"https:\\\/\\\/breinco.com\\\/ca\\\/proyecto\\\/remodelacio-de-la-placa-de-lhostal-a-tona\\\/#breadcrumb\"},\"inLanguage\":\"ca\",\"potentialAction\":[{\"@type\":\"ReadAction\",\"target\":[\"https:\\\/\\\/breinco.com\\\/ca\\\/proyecto\\\/remodelacio-de-la-placa-de-lhostal-a-tona\\\/\"]}]},{\"@type\":\"BreadcrumbList\",\"@id\":\"https:\\\/\\\/breinco.com\\\/ca\\\/proyecto\\\/remodelacio-de-la-placa-de-lhostal-a-tona\\\/#breadcrumb\",\"itemListElement\":[{\"@type\":\"ListItem\",\"position\":1,\"name\":\"Portada\",\"item\":\"https:\\\/\\\/breinco.com\\\/ca\\\/\"},{\"@type\":\"ListItem\",\"position\":2,\"name\":\"Proyectos\",\"item\":\"https:\\\/\\\/breinco.com\\\/ca\\\/proyecto\\\/\"},{\"@type\":\"ListItem\",\"position\":3,\"name\":\"Remodelaci\u00f3 de la Pla\u00e7a de l&#8217;Hostal a Tona\"}]},{\"@type\":\"WebSite\",\"@id\":\"https:\\\/\\\/breinco.com\\\/ca\\\/#website\",\"url\":\"https:\\\/\\\/breinco.com\\\/ca\\\/\",\"name\":\"Breinco\",\"description\":\"\",\"publisher\":{\"@id\":\"https:\\\/\\\/breinco.com\\\/ca\\\/#organization\"},\"alternateName\":\"Urban Furniture, Architecture and Landscaping\",\"potentialAction\":[{\"@type\":\"SearchAction\",\"target\":{\"@type\":\"EntryPoint\",\"urlTemplate\":\"https:\\\/\\\/breinco.com\\\/ca\\\/?s={search_term_string}\"},\"query-input\":{\"@type\":\"PropertyValueSpecification\",\"valueRequired\":true,\"valueName\":\"search_term_string\"}}],\"inLanguage\":\"ca\"},{\"@type\":\"Organization\",\"@id\":\"https:\\\/\\\/breinco.com\\\/ca\\\/#organization\",\"name\":\"Breinco\",\"url\":\"https:\\\/\\\/breinco.com\\\/ca\\\/\",\"logo\":{\"@type\":\"ImageObject\",\"inLanguage\":\"ca\",\"@id\":\"https:\\\/\\\/breinco.com\\\/ca\\\/#\\\/schema\\\/logo\\\/image\\\/\",\"url\":\"https:\\\/\\\/breinco.com\\\/wp-content\\\/uploads\\\/2025\\\/04\\\/breinco-brand.svg\",\"contentUrl\":\"https:\\\/\\\/breinco.com\\\/wp-content\\\/uploads\\\/2025\\\/04\\\/breinco-brand.svg\",\"width\":26,\"height\":58,\"caption\":\"Breinco\"},\"image\":{\"@id\":\"https:\\\/\\\/breinco.com\\\/ca\\\/#\\\/schema\\\/logo\\\/image\\\/\"},\"sameAs\":[\"https:\\\/\\\/www.facebook.com\\\/breincosmart\\\/\",\"https:\\\/\\\/x.com\\\/breincoGroup\",\"https:\\\/\\\/www.instagram.com\\\/breinco\\\/\",\"https:\\\/\\\/www.linkedin.com\\\/company\\\/breinco-esp\\\/\"]}]}<\/script>\n<!-- \/ Yoast SEO plugin. -->","yoast_head_json":{"title":"Remodelaci\u00f3 de la Pla\u00e7a de l'Hostal a Tona - Breinco","robots":{"index":"index","follow":"follow","max-snippet":"max-snippet:-1","max-image-preview":"max-image-preview:large","max-video-preview":"max-video-preview:-1"},"canonical":"https:\/\/breinco.com\/ca\/proyecto\/remodelacio-de-la-placa-de-lhostal-a-tona\/","og_locale":"ca_ES","og_type":"article","og_title":"Remodelaci\u00f3 de la Pla\u00e7a de l'Hostal a Tona - Breinco","og_description":"La Pla\u00e7a de l&#8217;Hostal, ubicada al municipi de Tona, ha estat objecte d&#8217;una remodelaci\u00f3 integral amb l&#8217;objectiu de transformar l&#8217;espai en una pla\u00e7a contempor\u00e0nia, accessible i pensada per al gaudi de tots els usuaris. El projecte incorpora una \u00e0rea l\u00fadica infantil, zones d&#8217;estada i amplis recorreguts per a vianants, creant un entorn urb\u00e0 din\u00e0mic, segur [&hellip;]","og_url":"https:\/\/breinco.com\/ca\/proyecto\/remodelacio-de-la-placa-de-lhostal-a-tona\/","og_site_name":"Breinco","article_publisher":"https:\/\/www.facebook.com\/breincosmart\/","article_modified_time":"2026-04-17T11:00:41+00:00","og_image":[{"width":1200,"height":800,"url":"https:\/\/breinco.com\/wp-content\/uploads\/2026\/02\/breinco-feat-img.webp","type":"image\/webp"}],"twitter_card":"summary_large_image","twitter_site":"@breincoGroup","twitter_misc":{"Temps estimat de lectura":"2 minuts"},"schema":{"@context":"https:\/\/schema.org","@graph":[{"@type":"WebPage","@id":"https:\/\/breinco.com\/ca\/proyecto\/remodelacio-de-la-placa-de-lhostal-a-tona\/","url":"https:\/\/breinco.com\/ca\/proyecto\/remodelacio-de-la-placa-de-lhostal-a-tona\/","name":"Remodelaci\u00f3 de la Pla\u00e7a de l'Hostal a Tona - Breinco","isPartOf":{"@id":"https:\/\/breinco.com\/ca\/#website"},"datePublished":"2026-02-11T15:17:35+00:00","dateModified":"2026-04-17T11:00:41+00:00","breadcrumb":{"@id":"https:\/\/breinco.com\/ca\/proyecto\/remodelacio-de-la-placa-de-lhostal-a-tona\/#breadcrumb"},"inLanguage":"ca","potentialAction":[{"@type":"ReadAction","target":["https:\/\/breinco.com\/ca\/proyecto\/remodelacio-de-la-placa-de-lhostal-a-tona\/"]}]},{"@type":"BreadcrumbList","@id":"https:\/\/breinco.com\/ca\/proyecto\/remodelacio-de-la-placa-de-lhostal-a-tona\/#breadcrumb","itemListElement":[{"@type":"ListItem","position":1,"name":"Portada","item":"https:\/\/breinco.com\/ca\/"},{"@type":"ListItem","position":2,"name":"Proyectos","item":"https:\/\/breinco.com\/ca\/proyecto\/"},{"@type":"ListItem","position":3,"name":"Remodelaci\u00f3 de la Pla\u00e7a de l&#8217;Hostal a Tona"}]},{"@type":"WebSite","@id":"https:\/\/breinco.com\/ca\/#website","url":"https:\/\/breinco.com\/ca\/","name":"Breinco","description":"","publisher":{"@id":"https:\/\/breinco.com\/ca\/#organization"},"alternateName":"Urban Furniture, Architecture and Landscaping","potentialAction":[{"@type":"SearchAction","target":{"@type":"EntryPoint","urlTemplate":"https:\/\/breinco.com\/ca\/?s={search_term_string}"},"query-input":{"@type":"PropertyValueSpecification","valueRequired":true,"valueName":"search_term_string"}}],"inLanguage":"ca"},{"@type":"Organization","@id":"https:\/\/breinco.com\/ca\/#organization","name":"Breinco","url":"https:\/\/breinco.com\/ca\/","logo":{"@type":"ImageObject","inLanguage":"ca","@id":"https:\/\/breinco.com\/ca\/#\/schema\/logo\/image\/","url":"https:\/\/breinco.com\/wp-content\/uploads\/2025\/04\/breinco-brand.svg","contentUrl":"https:\/\/breinco.com\/wp-content\/uploads\/2025\/04\/breinco-brand.svg","width":26,"height":58,"caption":"Breinco"},"image":{"@id":"https:\/\/breinco.com\/ca\/#\/schema\/logo\/image\/"},"sameAs":["https:\/\/www.facebook.com\/breincosmart\/","https:\/\/x.com\/breincoGroup","https:\/\/www.instagram.com\/breinco\/","https:\/\/www.linkedin.com\/company\/breinco-esp\/"]}]}},"_links":{"self":[{"href":"https:\/\/breinco.com\/ca\/wp-json\/wp\/v2\/proyecto\/22628","targetHints":{"allow":["GET"]}}],"collection":[{"href":"https:\/\/breinco.com\/ca\/wp-json\/wp\/v2\/proyecto"}],"about":[{"href":"https:\/\/breinco.com\/ca\/wp-json\/wp\/v2\/types\/proyecto"}],"wp:attachment":[{"href":"https:\/\/breinco.com\/ca\/wp-json\/wp\/v2\/media?parent=22628"}],"wp:term":[{"taxonomy":"post_tag","embeddable":true,"href":"https:\/\/breinco.com\/ca\/wp-json\/wp\/v2\/tags?post=22628"},{"taxonomy":"categoria-proyecto","embeddable":true,"href":"https:\/\/breinco.com\/ca\/wp-json\/wp\/v2\/categoria-proyecto?post=22628"}],"curies":[{"name":"wp","href":"https:\/\/api.w.org\/{rel}","templated":true}]}}

Remodelació de la Plaça de l&#8217;Hostal a Tona

<p>La Plaça de l&#8217;Hostal, ubicada al municipi de Tona, ha estat objecte d&#8217;una remodelació integral amb l&#8217;objectiu de transformar l&#8217;espai en una plaça contemporània, accessible i pensada per al gaudi de tots els usuaris. El projecte incorpora una àrea lúdica infantil, zones d&#8217;estada i amplis recorreguts per a vianants, creant un entorn urbà dinàmic, segur i acollidor.</p>

<p>La intervenció aposta per un disseny funcional i ordenat, on les àrees de pas i passeig s&#8217;organitzen mitjançant <strong>traçats circulars</strong> que generen moviment i dinamisme, tot facilitant la circulació i aportant un caràcter singular a la plaça.</p>

<p>Per a la pavimentació de tota la superfície s&#8217;hi ha incorporat <strong>Tegula® six</strong>, un llambordí rectangular amb acabat rústic d&#8217;alta qualitat decorativa. La seva col·locació a 90º i la combinació de tons suaus creen una estètica tradicional reinterpretada en clau contemporània, aportant calidesa, continuïtat visual i equilibri al conjunt.</p>

<p>A les <strong>parts interiors dels traçats circulars</strong>, s&#8217;hi ha integrat <strong>Taco Tegula®</strong>, un cub de 8 × 8 × 6 cm dissenyat per segmentar superfícies llargues o emmarcar detalls on seria necessari tallar peces més grans. La seva incorporació permet definir els perímetres dels traçats circulars i els elements singulars, com ara tapes de registre, assegurant precisió, uniformitat i una terminació estètica cuidada.</p>

<p>L&#8217;ús conjunt de <strong>Tegula® six</strong> i <strong>Taco Tegula®</strong> garanteix un paviment flexible, híbrid i durador, ideal per a espais de vianants i zones de passeig, i resol la plaça de manera funcional i visualment atractiva.</p>

<p>El resultat és un espai públic renovat, viu i versàtil, on els traçats circulars, les àrees de joc i els recorreguts per a vianants s&#8217;integren en harmonia, i consoliden la plaça com a punt de trobada, oci i convivència dins de Tona.</p>

<p></p>

<!-- This site is optimized with the Yoast SEO plugin v27.5 - https://yoast.com/product/yoast-seo-wordpress/ -->
<title>Remodelació de la Plaça de l&#039;Hostal a Tona - Breinco</title>
<meta name="robots" content="index, follow, max-snippet:-1, max-image-preview:large, max-video-preview:-1" />
<link rel="canonical" href="https://breinco.com/ca/proyecto/remodelacio-de-la-placa-de-lhostal-a-tona/" />
<meta property="og:locale" content="ca_ES" />
<meta property="og:type" content="article" />
<meta property="og:title" content="Remodelació de la Plaça de l&#039;Hostal a Tona - Breinco" />
<meta property="og:description" content="La Plaça de l&#8217;Hostal, ubicada al municipi de Tona, ha estat objecte d&#8217;una remodelació integral amb l&#8217;objectiu de transformar l&#8217;espai en una plaça contemporània, accessible i pensada per al gaudi de tots els usuaris. El projecte incorpora una àrea lúdica infantil, zones d&#8217;estada i amplis recorreguts per a vianants, creant un entorn urbà dinàmic, segur [&hellip;]" />
<meta property="og:url" content="https://breinco.com/ca/proyecto/remodelacio-de-la-placa-de-lhostal-a-tona/" />
<meta property="og:site_name" content="Breinco" />
<meta property="article:publisher" content="https://www.facebook.com/breincosmart/" />
<meta property="article:modified_time" content="2026-04-17T11:00:41+00:00" />
<meta property="og:image" content="https://breinco.com/wp-content/uploads/2026/02/breinco-feat-img.webp" />
	<meta property="og:image:width" content="1200" />
	<meta property="og:image:height" content="800" />
	<meta property="og:image:type" content="image/webp" />
<meta name="twitter:card" content="summary_large_image" />
<meta name="twitter:site" content="@breincoGroup" />
<meta name="twitter:label1" content="Temps estimat de lectura" />
	<meta name="twitter:data1" content="2 minuts" />
<script type="application/ld+json" class="yoast-schema-graph">{"@context":"https:\/\/schema.org","@graph":[{"@type":"WebPage","@id":"https:\/\/breinco.com\/ca\/proyecto\/remodelacio-de-la-placa-de-lhostal-a-tona\/","url":"https:\/\/breinco.com\/ca\/proyecto\/remodelacio-de-la-placa-de-lhostal-a-tona\/","name":"Remodelació de la Plaça de l'Hostal a Tona - Breinco","isPartOf":{"@id":"https:\/\/breinco.com\/ca\/#website"},"datePublished":"2026-02-11T15:17:35+00:00","dateModified":"2026-04-17T11:00:41+00:00","breadcrumb":{"@id":"https:\/\/breinco.com\/ca\/proyecto\/remodelacio-de-la-placa-de-lhostal-a-tona\/#breadcrumb"},"inLanguage":"ca","potentialAction":[{"@type":"ReadAction","target":["https:\/\/breinco.com\/ca\/proyecto\/remodelacio-de-la-placa-de-lhostal-a-tona\/"]}]},{"@type":"BreadcrumbList","@id":"https:\/\/breinco.com\/ca\/proyecto\/remodelacio-de-la-placa-de-lhostal-a-tona\/#breadcrumb","itemListElement":[{"@type":"ListItem","position":1,"name":"Portada","item":"https:\/\/breinco.com\/ca\/"},{"@type":"ListItem","position":2,"name":"Proyectos","item":"https:\/\/breinco.com\/ca\/proyecto\/"},{"@type":"ListItem","position":3,"name":"Remodelació de la Plaça de l&#8217;Hostal a Tona"}]},{"@type":"WebSite","@id":"https:\/\/breinco.com\/ca\/#website","url":"https:\/\/breinco.com\/ca\/","name":"Breinco","description":"","publisher":{"@id":"https:\/\/breinco.com\/ca\/#organization"},"alternateName":"Urban Furniture, Architecture and Landscaping","potentialAction":[{"@type":"SearchAction","target":{"@type":"EntryPoint","urlTemplate":"https:\/\/breinco.com\/ca\/?s={search_term_string}"},"query-input":{"@type":"PropertyValueSpecification","valueRequired":true,"valueName":"search_term_string"}}],"inLanguage":"ca"},{"@type":"Organization","@id":"https:\/\/breinco.com\/ca\/#organization","name":"Breinco","url":"https:\/\/breinco.com\/ca\/","logo":{"@type":"ImageObject","inLanguage":"ca","@id":"https:\/\/breinco.com\/ca\/#\/schema\/logo\/image\/","url":"https:\/\/breinco.com\/wp-content\/uploads\/2025\/04\/breinco-brand.svg","contentUrl":"https:\/\/breinco.com\/wp-content\/uploads\/2025\/04\/breinco-brand.svg","width":26,"height":58,"caption":"Breinco"},"image":{"@id":"https:\/\/breinco.com\/ca\/#\/schema\/logo\/image\/"},"sameAs":["https:\/\/www.facebook.com\/breincosmart\/","https:\/\/x.com\/breincoGroup","https:\/\/www.instagram.com\/breinco\/","https:\/\/www.linkedin.com\/company\/breinco-esp\/"]}]}</script>
<!-- / Yoast SEO plugin. -->

Remodelació de la Plaça de l'Hostal a Tona - Breinco

La Plaça de l&#8217;Hostal, ubicada al municipi de Tona, ha estat objecte d&#8217;una remodelació integral amb l&#8217;objectiu de transformar l&#8217;espai en una plaça contemporània, accessible i pensada per al gaudi de tots els usuaris. El projecte incorpora una àrea lúdica infantil, zones d&#8217;estada i amplis recorreguts per a vianants, creant un entorn urbà dinàmic, segur [&hellip;]
