{"id":22630,"date":"2026-02-11T16:11:03","date_gmt":"2026-02-11T15:11:03","guid":{"rendered":"https:\/\/breinco.com\/proyecto\/placa-de-catalunya-a-centelles\/"},"modified":"2026-04-17T13:00:41","modified_gmt":"2026-04-17T11:00:41","slug":"placa-de-catalunya-a-centelles","status":"publish","type":"proyecto","link":"https:\/\/breinco.com\/ca\/proyecto\/placa-de-catalunya-a-centelles\/","title":{"rendered":"Pla\u00e7a de Catalunya a Centelles"},"content":{"rendered":"\n<p>Ubicada al cor de Centelles, la Pla\u00e7a Catalunya ha estat renovada amb l&#8217;objectiu de revitalitzar l&#8217;espai urb\u00e0 i convertir-lo en un punt de trobada din\u00e0mic, accessible i acollidor per als ve\u00efns. El projecte aposta per una intervenci\u00f3 respectuosa amb l&#8217;entorn, on el disseny, la funcionalitat i la qualitat dels materials es combinen per crear un espai p\u00fablic d&#8217;\u00fas quotidi\u00e0 i alta qualitat est\u00e8tica.<\/p>\n\n<p>L&#8217;actuaci\u00f3 busca refor\u00e7ar el car\u00e0cter tradicional de la pla\u00e7a, millorant l&#8217;accessibilitat i la comoditat dels recorreguts per a vianants, aix\u00ed com la integraci\u00f3 de les zones d&#8217;estada i passeig. El paviment t\u00e9 un paper clau en la definici\u00f3 de l&#8217;espai, aportant continu\u00eftat visual, ordre i una imatge c\u00e0lida i propera.<\/p>\n\n<p>Per a fer-ho, s&#8217;hi ha incorporat <strong>Tegula\u00ae six<\/strong>, una soluci\u00f3 que combina un panot rectangular amb un acabat r\u00fastic d&#8217;alta qualitat decorativa. En aquest projecte s&#8217;ha utilitzat una <strong>combinaci\u00f3 de quatre tonalitats \u2014Mediterr\u00e1neo, Ceniza, Grey y Corten\u2014<\/strong>, creant un joc crom\u00e0tic equilibrat que aporta riquesa visual, dinamisme i profunditat al conjunt, mantenint una est\u00e8tica harm\u00f2nica i atemporal.<\/p>\n\n<p><strong>Tegula\u00ae six<\/strong> resulta especialment adequada per a camins d&#8217;acc\u00e9s, passejos i patis amb tr\u00e0nsit de vianants i c\u00e0rregues lleugeres, garantint una superf\u00edcie confortable, resistent i duradora. La seva col\u00b7locaci\u00f3 a 90\u00ba refor\u00e7a l&#8217;aparen\u00e7a tradicional del paviment, reinterpretada des d&#8217;un enfocament contemporani, integrant-se de forma natural en l&#8217;entorn urb\u00e0.<\/p>\n\n<p>El resultat \u00e9s un espai p\u00fablic renovat, ordenat i acollidor, que potencia la vida social i urbana de Centelles, oferint una pla\u00e7a contempor\u00e0nia amb un fort vincle amb la seva identitat hist\u00f2rica i arquitect\u00f2nica.<\/p>\n","protected":false},"featured_media":0,"template":"","meta":{"_acf_changed":false},"tags":[815],"categoria-proyecto":[],"class_list":["post-22630","proyecto","type-proyecto","status-publish","hentry","tag-tegula-six"],"acf":[],"yoast_head":"<!-- This site is optimized with the Yoast SEO plugin v27.5 - https:\/\/yoast.com\/product\/yoast-seo-wordpress\/ -->\n<title>Pla\u00e7a de Catalunya a Centelles - Breinco<\/title>\n<meta name=\"robots\" content=\"index, follow, max-snippet:-1, max-image-preview:large, max-video-preview:-1\" \/>\n<link rel=\"canonical\" href=\"https:\/\/breinco.com\/ca\/proyecto\/placa-de-catalunya-a-centelles\/\" \/>\n<meta property=\"og:locale\" content=\"ca_ES\" \/>\n<meta property=\"og:type\" content=\"article\" \/>\n<meta property=\"og:title\" content=\"Pla\u00e7a de Catalunya a Centelles - Breinco\" \/>\n<meta property=\"og:description\" content=\"Ubicada al cor de Centelles, la Pla\u00e7a Catalunya ha estat renovada amb l&#8217;objectiu de revitalitzar l&#8217;espai urb\u00e0 i convertir-lo en un punt de trobada din\u00e0mic, accessible i acollidor per als ve\u00efns. El projecte aposta per una intervenci\u00f3 respectuosa amb l&#8217;entorn, on el disseny, la funcionalitat i la qualitat dels materials es combinen per crear un [&hellip;]\" \/>\n<meta property=\"og:url\" content=\"https:\/\/breinco.com\/ca\/proyecto\/placa-de-catalunya-a-centelles\/\" \/>\n<meta property=\"og:site_name\" content=\"Breinco\" \/>\n<meta property=\"article:publisher\" content=\"https:\/\/www.facebook.com\/breincosmart\/\" \/>\n<meta property=\"article:modified_time\" content=\"2026-04-17T11:00:41+00:00\" \/>\n<meta property=\"og:image\" content=\"https:\/\/breinco.com\/wp-content\/uploads\/2026\/02\/breinco-feat-img.webp\" \/>\n\t<meta property=\"og:image:width\" content=\"1200\" \/>\n\t<meta property=\"og:image:height\" content=\"800\" \/>\n\t<meta property=\"og:image:type\" content=\"image\/webp\" \/>\n<meta name=\"twitter:card\" content=\"summary_large_image\" \/>\n<meta name=\"twitter:site\" content=\"@breincoGroup\" \/>\n<meta name=\"twitter:label1\" content=\"Temps estimat de lectura\" \/>\n\t<meta name=\"twitter:data1\" content=\"1 minut\" \/>\n<script type=\"application\/ld+json\" class=\"yoast-schema-graph\">{\"@context\":\"https:\\\/\\\/schema.org\",\"@graph\":[{\"@type\":\"WebPage\",\"@id\":\"https:\\\/\\\/breinco.com\\\/ca\\\/proyecto\\\/placa-de-catalunya-a-centelles\\\/\",\"url\":\"https:\\\/\\\/breinco.com\\\/ca\\\/proyecto\\\/placa-de-catalunya-a-centelles\\\/\",\"name\":\"Pla\u00e7a de Catalunya a Centelles - Breinco\",\"isPartOf\":{\"@id\":\"https:\\\/\\\/breinco.com\\\/ca\\\/#website\"},\"datePublished\":\"2026-02-11T15:11:03+00:00\",\"dateModified\":\"2026-04-17T11:00:41+00:00\",\"breadcrumb\":{\"@id\":\"https:\\\/\\\/breinco.com\\\/ca\\\/proyecto\\\/placa-de-catalunya-a-centelles\\\/#breadcrumb\"},\"inLanguage\":\"ca\",\"potentialAction\":[{\"@type\":\"ReadAction\",\"target\":[\"https:\\\/\\\/breinco.com\\\/ca\\\/proyecto\\\/placa-de-catalunya-a-centelles\\\/\"]}]},{\"@type\":\"BreadcrumbList\",\"@id\":\"https:\\\/\\\/breinco.com\\\/ca\\\/proyecto\\\/placa-de-catalunya-a-centelles\\\/#breadcrumb\",\"itemListElement\":[{\"@type\":\"ListItem\",\"position\":1,\"name\":\"Portada\",\"item\":\"https:\\\/\\\/breinco.com\\\/ca\\\/\"},{\"@type\":\"ListItem\",\"position\":2,\"name\":\"Proyectos\",\"item\":\"https:\\\/\\\/breinco.com\\\/ca\\\/proyecto\\\/\"},{\"@type\":\"ListItem\",\"position\":3,\"name\":\"Pla\u00e7a de Catalunya a Centelles\"}]},{\"@type\":\"WebSite\",\"@id\":\"https:\\\/\\\/breinco.com\\\/ca\\\/#website\",\"url\":\"https:\\\/\\\/breinco.com\\\/ca\\\/\",\"name\":\"Breinco\",\"description\":\"\",\"publisher\":{\"@id\":\"https:\\\/\\\/breinco.com\\\/ca\\\/#organization\"},\"alternateName\":\"Urban Furniture, Architecture and Landscaping\",\"potentialAction\":[{\"@type\":\"SearchAction\",\"target\":{\"@type\":\"EntryPoint\",\"urlTemplate\":\"https:\\\/\\\/breinco.com\\\/ca\\\/?s={search_term_string}\"},\"query-input\":{\"@type\":\"PropertyValueSpecification\",\"valueRequired\":true,\"valueName\":\"search_term_string\"}}],\"inLanguage\":\"ca\"},{\"@type\":\"Organization\",\"@id\":\"https:\\\/\\\/breinco.com\\\/ca\\\/#organization\",\"name\":\"Breinco\",\"url\":\"https:\\\/\\\/breinco.com\\\/ca\\\/\",\"logo\":{\"@type\":\"ImageObject\",\"inLanguage\":\"ca\",\"@id\":\"https:\\\/\\\/breinco.com\\\/ca\\\/#\\\/schema\\\/logo\\\/image\\\/\",\"url\":\"https:\\\/\\\/breinco.com\\\/wp-content\\\/uploads\\\/2025\\\/04\\\/breinco-brand.svg\",\"contentUrl\":\"https:\\\/\\\/breinco.com\\\/wp-content\\\/uploads\\\/2025\\\/04\\\/breinco-brand.svg\",\"width\":26,\"height\":58,\"caption\":\"Breinco\"},\"image\":{\"@id\":\"https:\\\/\\\/breinco.com\\\/ca\\\/#\\\/schema\\\/logo\\\/image\\\/\"},\"sameAs\":[\"https:\\\/\\\/www.facebook.com\\\/breincosmart\\\/\",\"https:\\\/\\\/x.com\\\/breincoGroup\",\"https:\\\/\\\/www.instagram.com\\\/breinco\\\/\",\"https:\\\/\\\/www.linkedin.com\\\/company\\\/breinco-esp\\\/\"]}]}<\/script>\n<!-- \/ Yoast SEO plugin. -->","yoast_head_json":{"title":"Pla\u00e7a de Catalunya a Centelles - Breinco","robots":{"index":"index","follow":"follow","max-snippet":"max-snippet:-1","max-image-preview":"max-image-preview:large","max-video-preview":"max-video-preview:-1"},"canonical":"https:\/\/breinco.com\/ca\/proyecto\/placa-de-catalunya-a-centelles\/","og_locale":"ca_ES","og_type":"article","og_title":"Pla\u00e7a de Catalunya a Centelles - Breinco","og_description":"Ubicada al cor de Centelles, la Pla\u00e7a Catalunya ha estat renovada amb l&#8217;objectiu de revitalitzar l&#8217;espai urb\u00e0 i convertir-lo en un punt de trobada din\u00e0mic, accessible i acollidor per als ve\u00efns. El projecte aposta per una intervenci\u00f3 respectuosa amb l&#8217;entorn, on el disseny, la funcionalitat i la qualitat dels materials es combinen per crear un [&hellip;]","og_url":"https:\/\/breinco.com\/ca\/proyecto\/placa-de-catalunya-a-centelles\/","og_site_name":"Breinco","article_publisher":"https:\/\/www.facebook.com\/breincosmart\/","article_modified_time":"2026-04-17T11:00:41+00:00","og_image":[{"width":1200,"height":800,"url":"https:\/\/breinco.com\/wp-content\/uploads\/2026\/02\/breinco-feat-img.webp","type":"image\/webp"}],"twitter_card":"summary_large_image","twitter_site":"@breincoGroup","twitter_misc":{"Temps estimat de lectura":"1 minut"},"schema":{"@context":"https:\/\/schema.org","@graph":[{"@type":"WebPage","@id":"https:\/\/breinco.com\/ca\/proyecto\/placa-de-catalunya-a-centelles\/","url":"https:\/\/breinco.com\/ca\/proyecto\/placa-de-catalunya-a-centelles\/","name":"Pla\u00e7a de Catalunya a Centelles - Breinco","isPartOf":{"@id":"https:\/\/breinco.com\/ca\/#website"},"datePublished":"2026-02-11T15:11:03+00:00","dateModified":"2026-04-17T11:00:41+00:00","breadcrumb":{"@id":"https:\/\/breinco.com\/ca\/proyecto\/placa-de-catalunya-a-centelles\/#breadcrumb"},"inLanguage":"ca","potentialAction":[{"@type":"ReadAction","target":["https:\/\/breinco.com\/ca\/proyecto\/placa-de-catalunya-a-centelles\/"]}]},{"@type":"BreadcrumbList","@id":"https:\/\/breinco.com\/ca\/proyecto\/placa-de-catalunya-a-centelles\/#breadcrumb","itemListElement":[{"@type":"ListItem","position":1,"name":"Portada","item":"https:\/\/breinco.com\/ca\/"},{"@type":"ListItem","position":2,"name":"Proyectos","item":"https:\/\/breinco.com\/ca\/proyecto\/"},{"@type":"ListItem","position":3,"name":"Pla\u00e7a de Catalunya a Centelles"}]},{"@type":"WebSite","@id":"https:\/\/breinco.com\/ca\/#website","url":"https:\/\/breinco.com\/ca\/","name":"Breinco","description":"","publisher":{"@id":"https:\/\/breinco.com\/ca\/#organization"},"alternateName":"Urban Furniture, Architecture and Landscaping","potentialAction":[{"@type":"SearchAction","target":{"@type":"EntryPoint","urlTemplate":"https:\/\/breinco.com\/ca\/?s={search_term_string}"},"query-input":{"@type":"PropertyValueSpecification","valueRequired":true,"valueName":"search_term_string"}}],"inLanguage":"ca"},{"@type":"Organization","@id":"https:\/\/breinco.com\/ca\/#organization","name":"Breinco","url":"https:\/\/breinco.com\/ca\/","logo":{"@type":"ImageObject","inLanguage":"ca","@id":"https:\/\/breinco.com\/ca\/#\/schema\/logo\/image\/","url":"https:\/\/breinco.com\/wp-content\/uploads\/2025\/04\/breinco-brand.svg","contentUrl":"https:\/\/breinco.com\/wp-content\/uploads\/2025\/04\/breinco-brand.svg","width":26,"height":58,"caption":"Breinco"},"image":{"@id":"https:\/\/breinco.com\/ca\/#\/schema\/logo\/image\/"},"sameAs":["https:\/\/www.facebook.com\/breincosmart\/","https:\/\/x.com\/breincoGroup","https:\/\/www.instagram.com\/breinco\/","https:\/\/www.linkedin.com\/company\/breinco-esp\/"]}]}},"_links":{"self":[{"href":"https:\/\/breinco.com\/ca\/wp-json\/wp\/v2\/proyecto\/22630","targetHints":{"allow":["GET"]}}],"collection":[{"href":"https:\/\/breinco.com\/ca\/wp-json\/wp\/v2\/proyecto"}],"about":[{"href":"https:\/\/breinco.com\/ca\/wp-json\/wp\/v2\/types\/proyecto"}],"wp:attachment":[{"href":"https:\/\/breinco.com\/ca\/wp-json\/wp\/v2\/media?parent=22630"}],"wp:term":[{"taxonomy":"post_tag","embeddable":true,"href":"https:\/\/breinco.com\/ca\/wp-json\/wp\/v2\/tags?post=22630"},{"taxonomy":"categoria-proyecto","embeddable":true,"href":"https:\/\/breinco.com\/ca\/wp-json\/wp\/v2\/categoria-proyecto?post=22630"}],"curies":[{"name":"wp","href":"https:\/\/api.w.org\/{rel}","templated":true}]}}

Plaça de Catalunya a Centelles

<p>Ubicada al cor de Centelles, la Plaça Catalunya ha estat renovada amb l&#8217;objectiu de revitalitzar l&#8217;espai urbà i convertir-lo en un punt de trobada dinàmic, accessible i acollidor per als veïns. El projecte aposta per una intervenció respectuosa amb l&#8217;entorn, on el disseny, la funcionalitat i la qualitat dels materials es combinen per crear un espai públic d&#8217;ús quotidià i alta qualitat estètica.</p>

<p>L&#8217;actuació busca reforçar el caràcter tradicional de la plaça, millorant l&#8217;accessibilitat i la comoditat dels recorreguts per a vianants, així com la integració de les zones d&#8217;estada i passeig. El paviment té un paper clau en la definició de l&#8217;espai, aportant continuïtat visual, ordre i una imatge càlida i propera.</p>

<p>Per a fer-ho, s&#8217;hi ha incorporat <strong>Tegula® six</strong>, una solució que combina un panot rectangular amb un acabat rústic d&#8217;alta qualitat decorativa. En aquest projecte s&#8217;ha utilitzat una <strong>combinació de quatre tonalitats —Mediterráneo, Ceniza, Grey y Corten—</strong>, creant un joc cromàtic equilibrat que aporta riquesa visual, dinamisme i profunditat al conjunt, mantenint una estètica harmònica i atemporal.</p>

<p><strong>Tegula® six</strong> resulta especialment adequada per a camins d&#8217;accés, passejos i patis amb trànsit de vianants i càrregues lleugeres, garantint una superfície confortable, resistent i duradora. La seva col·locació a 90º reforça l&#8217;aparença tradicional del paviment, reinterpretada des d&#8217;un enfocament contemporani, integrant-se de forma natural en l&#8217;entorn urbà.</p>

<p>El resultat és un espai públic renovat, ordenat i acollidor, que potencia la vida social i urbana de Centelles, oferint una plaça contemporània amb un fort vincle amb la seva identitat històrica i arquitectònica.</p>

<!-- This site is optimized with the Yoast SEO plugin v27.5 - https://yoast.com/product/yoast-seo-wordpress/ -->
<title>Plaça de Catalunya a Centelles - Breinco</title>
<meta name="robots" content="index, follow, max-snippet:-1, max-image-preview:large, max-video-preview:-1" />
<link rel="canonical" href="https://breinco.com/ca/proyecto/placa-de-catalunya-a-centelles/" />
<meta property="og:locale" content="ca_ES" />
<meta property="og:type" content="article" />
<meta property="og:title" content="Plaça de Catalunya a Centelles - Breinco" />
<meta property="og:description" content="Ubicada al cor de Centelles, la Plaça Catalunya ha estat renovada amb l&#8217;objectiu de revitalitzar l&#8217;espai urbà i convertir-lo en un punt de trobada dinàmic, accessible i acollidor per als veïns. El projecte aposta per una intervenció respectuosa amb l&#8217;entorn, on el disseny, la funcionalitat i la qualitat dels materials es combinen per crear un [&hellip;]" />
<meta property="og:url" content="https://breinco.com/ca/proyecto/placa-de-catalunya-a-centelles/" />
<meta property="og:site_name" content="Breinco" />
<meta property="article:publisher" content="https://www.facebook.com/breincosmart/" />
<meta property="article:modified_time" content="2026-04-17T11:00:41+00:00" />
<meta property="og:image" content="https://breinco.com/wp-content/uploads/2026/02/breinco-feat-img.webp" />
	<meta property="og:image:width" content="1200" />
	<meta property="og:image:height" content="800" />
	<meta property="og:image:type" content="image/webp" />
<meta name="twitter:card" content="summary_large_image" />
<meta name="twitter:site" content="@breincoGroup" />
<meta name="twitter:label1" content="Temps estimat de lectura" />
	<meta name="twitter:data1" content="1 minut" />
<script type="application/ld+json" class="yoast-schema-graph">{"@context":"https:\/\/schema.org","@graph":[{"@type":"WebPage","@id":"https:\/\/breinco.com\/ca\/proyecto\/placa-de-catalunya-a-centelles\/","url":"https:\/\/breinco.com\/ca\/proyecto\/placa-de-catalunya-a-centelles\/","name":"Plaça de Catalunya a Centelles - Breinco","isPartOf":{"@id":"https:\/\/breinco.com\/ca\/#website"},"datePublished":"2026-02-11T15:11:03+00:00","dateModified":"2026-04-17T11:00:41+00:00","breadcrumb":{"@id":"https:\/\/breinco.com\/ca\/proyecto\/placa-de-catalunya-a-centelles\/#breadcrumb"},"inLanguage":"ca","potentialAction":[{"@type":"ReadAction","target":["https:\/\/breinco.com\/ca\/proyecto\/placa-de-catalunya-a-centelles\/"]}]},{"@type":"BreadcrumbList","@id":"https:\/\/breinco.com\/ca\/proyecto\/placa-de-catalunya-a-centelles\/#breadcrumb","itemListElement":[{"@type":"ListItem","position":1,"name":"Portada","item":"https:\/\/breinco.com\/ca\/"},{"@type":"ListItem","position":2,"name":"Proyectos","item":"https:\/\/breinco.com\/ca\/proyecto\/"},{"@type":"ListItem","position":3,"name":"Plaça de Catalunya a Centelles"}]},{"@type":"WebSite","@id":"https:\/\/breinco.com\/ca\/#website","url":"https:\/\/breinco.com\/ca\/","name":"Breinco","description":"","publisher":{"@id":"https:\/\/breinco.com\/ca\/#organization"},"alternateName":"Urban Furniture, Architecture and Landscaping","potentialAction":[{"@type":"SearchAction","target":{"@type":"EntryPoint","urlTemplate":"https:\/\/breinco.com\/ca\/?s={search_term_string}"},"query-input":{"@type":"PropertyValueSpecification","valueRequired":true,"valueName":"search_term_string"}}],"inLanguage":"ca"},{"@type":"Organization","@id":"https:\/\/breinco.com\/ca\/#organization","name":"Breinco","url":"https:\/\/breinco.com\/ca\/","logo":{"@type":"ImageObject","inLanguage":"ca","@id":"https:\/\/breinco.com\/ca\/#\/schema\/logo\/image\/","url":"https:\/\/breinco.com\/wp-content\/uploads\/2025\/04\/breinco-brand.svg","contentUrl":"https:\/\/breinco.com\/wp-content\/uploads\/2025\/04\/breinco-brand.svg","width":26,"height":58,"caption":"Breinco"},"image":{"@id":"https:\/\/breinco.com\/ca\/#\/schema\/logo\/image\/"},"sameAs":["https:\/\/www.facebook.com\/breincosmart\/","https:\/\/x.com\/breincoGroup","https:\/\/www.instagram.com\/breinco\/","https:\/\/www.linkedin.com\/company\/breinco-esp\/"]}]}</script>
<!-- / Yoast SEO plugin. -->

Plaça de Catalunya a Centelles - Breinco

Ubicada al cor de Centelles, la Plaça Catalunya ha estat renovada amb l&#8217;objectiu de revitalitzar l&#8217;espai urbà i convertir-lo en un punt de trobada dinàmic, accessible i acollidor per als veïns. El projecte aposta per una intervenció respectuosa amb l&#8217;entorn, on el disseny, la funcionalitat i la qualitat dels materials es combinen per crear un [&hellip;]
