{"id":22634,"date":"2026-01-29T08:54:01","date_gmt":"2026-01-29T07:54:01","guid":{"rendered":"https:\/\/breinco.com\/proyecto\/el-recinte-de-la-maternitat\/"},"modified":"2026-04-17T13:00:42","modified_gmt":"2026-04-17T11:00:42","slug":"el-recinte-de-la-maternitat","status":"publish","type":"proyecto","link":"https:\/\/breinco.com\/ca\/proyecto\/el-recinte-de-la-maternitat\/","title":{"rendered":"El Recinte de la Maternitat"},"content":{"rendered":"\n<p>El Recinte de la Maternitat de les Corts \u00e9s un ampli espai de Barcelona que acull diversos equipaments p\u00fablics vinculats als \u00e0mbits administratiu, educatiu i sanitari, tot conservant un alt valor hist\u00f2ric, arquitect\u00f2nic i social.<\/p>\n\n<p>En aquest projecte, <strong>hem incorporat la Llosa Vulcano\u00ae i l\u2019esgla\u00f3 P51 en tres colors<\/strong>, aportant una nova dimensi\u00f3 est\u00e8tica i funcional al conjunt. L\u2019\u00fas del color permet enriquir el disseny del paisatge urb\u00e0, trencant amb la uniformitat del gris tradicional i generant espais m\u00e9s amables, din\u00e0mics i contemporanis.<\/p>\n\n<p>La <strong>Llosa Vulcano\u00ae<\/strong> ha estat especialment dissenyada per garantir una <strong>duresa excepcional i una elevada estabilitat crom\u00e0tica<\/strong>, assegurant la seva resist\u00e8ncia i durabilitat davant el pas del temps. Es tracta d&#8217;una llosa crom\u00e0tica ideal per pavimentar <strong>places p\u00fabliques, voreres i accessos a edificis<\/strong>, aix\u00ed com zones de vianants o de tr\u00e0nsit ocasional de vehicles lleugers, sempre amb el gruix i el sistema de col\u00b7locaci\u00f3 adequats.<\/p>\n\n<p>Per la seva banda, l&#8217;<strong>esgla\u00f3 P51<\/strong> complementa la intervenci\u00f3 aportant continu\u00eftat visual, seguretat i funcionalitat en els desnivells, contribuint a un disseny coherent, accessible i est\u00e8ticament integrat en l&#8217;entorn.<\/p>\n\n<p>El resultat \u00e9s una intervenci\u00f3 que combina <strong>disseny, resist\u00e8ncia i color<\/strong>, respectant el car\u00e0cter hist\u00f2ric del recinte i adaptant-lo a les necessitats actuals de l&#8217;espai p\u00fablic.<\/p>\n\n<p><\/p>\n","protected":false},"featured_media":0,"template":"","meta":{"_acf_changed":false},"tags":[789,1196],"categoria-proyecto":[811],"class_list":["post-22634","proyecto","type-proyecto","status-publish","hentry","tag-llosa-vulcano","tag-p51","categoria-proyecto-paisatge-urba"],"acf":[],"yoast_head":"<!-- This site is optimized with the Yoast SEO plugin v27.4 - https:\/\/yoast.com\/product\/yoast-seo-wordpress\/ -->\n<title>El Recinte de la Maternitat - Breinco<\/title>\n<meta name=\"robots\" content=\"index, follow, max-snippet:-1, max-image-preview:large, max-video-preview:-1\" \/>\n<link rel=\"canonical\" href=\"https:\/\/breinco.com\/ca\/proyecto\/el-recinte-de-la-maternitat\/\" \/>\n<meta property=\"og:locale\" content=\"ca_ES\" \/>\n<meta property=\"og:type\" content=\"article\" \/>\n<meta property=\"og:title\" content=\"El Recinte de la Maternitat - Breinco\" \/>\n<meta property=\"og:description\" content=\"El Recinte de la Maternitat de les Corts \u00e9s un ampli espai de Barcelona que acull diversos equipaments p\u00fablics vinculats als \u00e0mbits administratiu, educatiu i sanitari, tot conservant un alt valor hist\u00f2ric, arquitect\u00f2nic i social. En aquest projecte, hem incorporat la Llosa Vulcano\u00ae i l\u2019esgla\u00f3 P51 en tres colors, aportant una nova dimensi\u00f3 est\u00e8tica i [&hellip;]\" \/>\n<meta property=\"og:url\" content=\"https:\/\/breinco.com\/ca\/proyecto\/el-recinte-de-la-maternitat\/\" \/>\n<meta property=\"og:site_name\" content=\"Breinco\" \/>\n<meta property=\"article:publisher\" content=\"https:\/\/www.facebook.com\/breincosmart\/\" \/>\n<meta property=\"article:modified_time\" content=\"2026-04-17T11:00:42+00:00\" \/>\n<meta property=\"og:image\" content=\"https:\/\/breinco.com\/wp-content\/uploads\/2026\/02\/breinco-feat-img.webp\" \/>\n\t<meta property=\"og:image:width\" content=\"1200\" \/>\n\t<meta property=\"og:image:height\" content=\"800\" \/>\n\t<meta property=\"og:image:type\" content=\"image\/webp\" \/>\n<meta name=\"twitter:card\" content=\"summary_large_image\" \/>\n<meta name=\"twitter:site\" content=\"@breincoGroup\" \/>\n<meta name=\"twitter:label1\" content=\"Temps estimat de lectura\" \/>\n\t<meta name=\"twitter:data1\" content=\"1 minut\" \/>\n<script type=\"application\/ld+json\" class=\"yoast-schema-graph\">{\"@context\":\"https:\\\/\\\/schema.org\",\"@graph\":[{\"@type\":\"WebPage\",\"@id\":\"https:\\\/\\\/breinco.com\\\/ca\\\/proyecto\\\/el-recinte-de-la-maternitat\\\/\",\"url\":\"https:\\\/\\\/breinco.com\\\/ca\\\/proyecto\\\/el-recinte-de-la-maternitat\\\/\",\"name\":\"El Recinte de la Maternitat - Breinco\",\"isPartOf\":{\"@id\":\"https:\\\/\\\/breinco.com\\\/ca\\\/#website\"},\"datePublished\":\"2026-01-29T07:54:01+00:00\",\"dateModified\":\"2026-04-17T11:00:42+00:00\",\"breadcrumb\":{\"@id\":\"https:\\\/\\\/breinco.com\\\/ca\\\/proyecto\\\/el-recinte-de-la-maternitat\\\/#breadcrumb\"},\"inLanguage\":\"ca\",\"potentialAction\":[{\"@type\":\"ReadAction\",\"target\":[\"https:\\\/\\\/breinco.com\\\/ca\\\/proyecto\\\/el-recinte-de-la-maternitat\\\/\"]}]},{\"@type\":\"BreadcrumbList\",\"@id\":\"https:\\\/\\\/breinco.com\\\/ca\\\/proyecto\\\/el-recinte-de-la-maternitat\\\/#breadcrumb\",\"itemListElement\":[{\"@type\":\"ListItem\",\"position\":1,\"name\":\"Portada\",\"item\":\"https:\\\/\\\/breinco.com\\\/ca\\\/\"},{\"@type\":\"ListItem\",\"position\":2,\"name\":\"Proyectos\",\"item\":\"https:\\\/\\\/breinco.com\\\/ca\\\/proyecto\\\/\"},{\"@type\":\"ListItem\",\"position\":3,\"name\":\"El Recinte de la Maternitat\"}]},{\"@type\":\"WebSite\",\"@id\":\"https:\\\/\\\/breinco.com\\\/ca\\\/#website\",\"url\":\"https:\\\/\\\/breinco.com\\\/ca\\\/\",\"name\":\"Breinco\",\"description\":\"\",\"publisher\":{\"@id\":\"https:\\\/\\\/breinco.com\\\/ca\\\/#organization\"},\"alternateName\":\"Urban Furniture, Architecture and Landscaping\",\"potentialAction\":[{\"@type\":\"SearchAction\",\"target\":{\"@type\":\"EntryPoint\",\"urlTemplate\":\"https:\\\/\\\/breinco.com\\\/ca\\\/?s={search_term_string}\"},\"query-input\":{\"@type\":\"PropertyValueSpecification\",\"valueRequired\":true,\"valueName\":\"search_term_string\"}}],\"inLanguage\":\"ca\"},{\"@type\":\"Organization\",\"@id\":\"https:\\\/\\\/breinco.com\\\/ca\\\/#organization\",\"name\":\"Breinco\",\"url\":\"https:\\\/\\\/breinco.com\\\/ca\\\/\",\"logo\":{\"@type\":\"ImageObject\",\"inLanguage\":\"ca\",\"@id\":\"https:\\\/\\\/breinco.com\\\/ca\\\/#\\\/schema\\\/logo\\\/image\\\/\",\"url\":\"https:\\\/\\\/breinco.com\\\/wp-content\\\/uploads\\\/2025\\\/04\\\/breinco-brand.svg\",\"contentUrl\":\"https:\\\/\\\/breinco.com\\\/wp-content\\\/uploads\\\/2025\\\/04\\\/breinco-brand.svg\",\"width\":26,\"height\":58,\"caption\":\"Breinco\"},\"image\":{\"@id\":\"https:\\\/\\\/breinco.com\\\/ca\\\/#\\\/schema\\\/logo\\\/image\\\/\"},\"sameAs\":[\"https:\\\/\\\/www.facebook.com\\\/breincosmart\\\/\",\"https:\\\/\\\/x.com\\\/breincoGroup\",\"https:\\\/\\\/www.instagram.com\\\/breinco\\\/\",\"https:\\\/\\\/www.linkedin.com\\\/company\\\/breinco-esp\\\/\"]}]}<\/script>\n<!-- \/ Yoast SEO plugin. -->","yoast_head_json":{"title":"El Recinte de la Maternitat - Breinco","robots":{"index":"index","follow":"follow","max-snippet":"max-snippet:-1","max-image-preview":"max-image-preview:large","max-video-preview":"max-video-preview:-1"},"canonical":"https:\/\/breinco.com\/ca\/proyecto\/el-recinte-de-la-maternitat\/","og_locale":"ca_ES","og_type":"article","og_title":"El Recinte de la Maternitat - Breinco","og_description":"El Recinte de la Maternitat de les Corts \u00e9s un ampli espai de Barcelona que acull diversos equipaments p\u00fablics vinculats als \u00e0mbits administratiu, educatiu i sanitari, tot conservant un alt valor hist\u00f2ric, arquitect\u00f2nic i social. En aquest projecte, hem incorporat la Llosa Vulcano\u00ae i l\u2019esgla\u00f3 P51 en tres colors, aportant una nova dimensi\u00f3 est\u00e8tica i [&hellip;]","og_url":"https:\/\/breinco.com\/ca\/proyecto\/el-recinte-de-la-maternitat\/","og_site_name":"Breinco","article_publisher":"https:\/\/www.facebook.com\/breincosmart\/","article_modified_time":"2026-04-17T11:00:42+00:00","og_image":[{"width":1200,"height":800,"url":"https:\/\/breinco.com\/wp-content\/uploads\/2026\/02\/breinco-feat-img.webp","type":"image\/webp"}],"twitter_card":"summary_large_image","twitter_site":"@breincoGroup","twitter_misc":{"Temps estimat de lectura":"1 minut"},"schema":{"@context":"https:\/\/schema.org","@graph":[{"@type":"WebPage","@id":"https:\/\/breinco.com\/ca\/proyecto\/el-recinte-de-la-maternitat\/","url":"https:\/\/breinco.com\/ca\/proyecto\/el-recinte-de-la-maternitat\/","name":"El Recinte de la Maternitat - Breinco","isPartOf":{"@id":"https:\/\/breinco.com\/ca\/#website"},"datePublished":"2026-01-29T07:54:01+00:00","dateModified":"2026-04-17T11:00:42+00:00","breadcrumb":{"@id":"https:\/\/breinco.com\/ca\/proyecto\/el-recinte-de-la-maternitat\/#breadcrumb"},"inLanguage":"ca","potentialAction":[{"@type":"ReadAction","target":["https:\/\/breinco.com\/ca\/proyecto\/el-recinte-de-la-maternitat\/"]}]},{"@type":"BreadcrumbList","@id":"https:\/\/breinco.com\/ca\/proyecto\/el-recinte-de-la-maternitat\/#breadcrumb","itemListElement":[{"@type":"ListItem","position":1,"name":"Portada","item":"https:\/\/breinco.com\/ca\/"},{"@type":"ListItem","position":2,"name":"Proyectos","item":"https:\/\/breinco.com\/ca\/proyecto\/"},{"@type":"ListItem","position":3,"name":"El Recinte de la Maternitat"}]},{"@type":"WebSite","@id":"https:\/\/breinco.com\/ca\/#website","url":"https:\/\/breinco.com\/ca\/","name":"Breinco","description":"","publisher":{"@id":"https:\/\/breinco.com\/ca\/#organization"},"alternateName":"Urban Furniture, Architecture and Landscaping","potentialAction":[{"@type":"SearchAction","target":{"@type":"EntryPoint","urlTemplate":"https:\/\/breinco.com\/ca\/?s={search_term_string}"},"query-input":{"@type":"PropertyValueSpecification","valueRequired":true,"valueName":"search_term_string"}}],"inLanguage":"ca"},{"@type":"Organization","@id":"https:\/\/breinco.com\/ca\/#organization","name":"Breinco","url":"https:\/\/breinco.com\/ca\/","logo":{"@type":"ImageObject","inLanguage":"ca","@id":"https:\/\/breinco.com\/ca\/#\/schema\/logo\/image\/","url":"https:\/\/breinco.com\/wp-content\/uploads\/2025\/04\/breinco-brand.svg","contentUrl":"https:\/\/breinco.com\/wp-content\/uploads\/2025\/04\/breinco-brand.svg","width":26,"height":58,"caption":"Breinco"},"image":{"@id":"https:\/\/breinco.com\/ca\/#\/schema\/logo\/image\/"},"sameAs":["https:\/\/www.facebook.com\/breincosmart\/","https:\/\/x.com\/breincoGroup","https:\/\/www.instagram.com\/breinco\/","https:\/\/www.linkedin.com\/company\/breinco-esp\/"]}]}},"_links":{"self":[{"href":"https:\/\/breinco.com\/ca\/wp-json\/wp\/v2\/proyecto\/22634","targetHints":{"allow":["GET"]}}],"collection":[{"href":"https:\/\/breinco.com\/ca\/wp-json\/wp\/v2\/proyecto"}],"about":[{"href":"https:\/\/breinco.com\/ca\/wp-json\/wp\/v2\/types\/proyecto"}],"wp:attachment":[{"href":"https:\/\/breinco.com\/ca\/wp-json\/wp\/v2\/media?parent=22634"}],"wp:term":[{"taxonomy":"post_tag","embeddable":true,"href":"https:\/\/breinco.com\/ca\/wp-json\/wp\/v2\/tags?post=22634"},{"taxonomy":"categoria-proyecto","embeddable":true,"href":"https:\/\/breinco.com\/ca\/wp-json\/wp\/v2\/categoria-proyecto?post=22634"}],"curies":[{"name":"wp","href":"https:\/\/api.w.org\/{rel}","templated":true}]}}

<p>El Recinte de la Maternitat de les Corts és un ampli espai de Barcelona que acull diversos equipaments públics vinculats als àmbits administratiu, educatiu i sanitari, tot conservant un alt valor històric, arquitectònic i social.</p>

<p>En aquest projecte, <strong>hem incorporat la Llosa Vulcano® i l’esglaó P51 en tres colors</strong>, aportant una nova dimensió estètica i funcional al conjunt. L’ús del color permet enriquir el disseny del paisatge urbà, trencant amb la uniformitat del gris tradicional i generant espais més amables, dinàmics i contemporanis.</p>

<p>La <strong>Llosa Vulcano®</strong> ha estat especialment dissenyada per garantir una <strong>duresa excepcional i una elevada estabilitat cromàtica</strong>, assegurant la seva resistència i durabilitat davant el pas del temps. Es tracta d&#8217;una llosa cromàtica ideal per pavimentar <strong>places públiques, voreres i accessos a edificis</strong>, així com zones de vianants o de trànsit ocasional de vehicles lleugers, sempre amb el gruix i el sistema de col·locació adequats.</p>

<p>Per la seva banda, l&#8217;<strong>esglaó P51</strong> complementa la intervenció aportant continuïtat visual, seguretat i funcionalitat en els desnivells, contribuint a un disseny coherent, accessible i estèticament integrat en l&#8217;entorn.</p>

<p>El resultat és una intervenció que combina <strong>disseny, resistència i color</strong>, respectant el caràcter històric del recinte i adaptant-lo a les necessitats actuals de l&#8217;espai públic.</p>

<p></p>

<!-- This site is optimized with the Yoast SEO plugin v27.4 - https://yoast.com/product/yoast-seo-wordpress/ -->
<title>El Recinte de la Maternitat - Breinco</title>
<meta name="robots" content="index, follow, max-snippet:-1, max-image-preview:large, max-video-preview:-1" />
<link rel="canonical" href="https://breinco.com/ca/proyecto/el-recinte-de-la-maternitat/" />
<meta property="og:locale" content="ca_ES" />
<meta property="og:type" content="article" />
<meta property="og:title" content="El Recinte de la Maternitat - Breinco" />
<meta property="og:description" content="El Recinte de la Maternitat de les Corts és un ampli espai de Barcelona que acull diversos equipaments públics vinculats als àmbits administratiu, educatiu i sanitari, tot conservant un alt valor històric, arquitectònic i social. En aquest projecte, hem incorporat la Llosa Vulcano® i l’esglaó P51 en tres colors, aportant una nova dimensió estètica i [&hellip;]" />
<meta property="og:url" content="https://breinco.com/ca/proyecto/el-recinte-de-la-maternitat/" />
<meta property="og:site_name" content="Breinco" />
<meta property="article:publisher" content="https://www.facebook.com/breincosmart/" />
<meta property="article:modified_time" content="2026-04-17T11:00:42+00:00" />
<meta property="og:image" content="https://breinco.com/wp-content/uploads/2026/02/breinco-feat-img.webp" />
	<meta property="og:image:width" content="1200" />
	<meta property="og:image:height" content="800" />
	<meta property="og:image:type" content="image/webp" />
<meta name="twitter:card" content="summary_large_image" />
<meta name="twitter:site" content="@breincoGroup" />
<meta name="twitter:label1" content="Temps estimat de lectura" />
	<meta name="twitter:data1" content="1 minut" />
<script type="application/ld+json" class="yoast-schema-graph">{"@context":"https:\/\/schema.org","@graph":[{"@type":"WebPage","@id":"https:\/\/breinco.com\/ca\/proyecto\/el-recinte-de-la-maternitat\/","url":"https:\/\/breinco.com\/ca\/proyecto\/el-recinte-de-la-maternitat\/","name":"El Recinte de la Maternitat - Breinco","isPartOf":{"@id":"https:\/\/breinco.com\/ca\/#website"},"datePublished":"2026-01-29T07:54:01+00:00","dateModified":"2026-04-17T11:00:42+00:00","breadcrumb":{"@id":"https:\/\/breinco.com\/ca\/proyecto\/el-recinte-de-la-maternitat\/#breadcrumb"},"inLanguage":"ca","potentialAction":[{"@type":"ReadAction","target":["https:\/\/breinco.com\/ca\/proyecto\/el-recinte-de-la-maternitat\/"]}]},{"@type":"BreadcrumbList","@id":"https:\/\/breinco.com\/ca\/proyecto\/el-recinte-de-la-maternitat\/#breadcrumb","itemListElement":[{"@type":"ListItem","position":1,"name":"Portada","item":"https:\/\/breinco.com\/ca\/"},{"@type":"ListItem","position":2,"name":"Proyectos","item":"https:\/\/breinco.com\/ca\/proyecto\/"},{"@type":"ListItem","position":3,"name":"El Recinte de la Maternitat"}]},{"@type":"WebSite","@id":"https:\/\/breinco.com\/ca\/#website","url":"https:\/\/breinco.com\/ca\/","name":"Breinco","description":"","publisher":{"@id":"https:\/\/breinco.com\/ca\/#organization"},"alternateName":"Urban Furniture, Architecture and Landscaping","potentialAction":[{"@type":"SearchAction","target":{"@type":"EntryPoint","urlTemplate":"https:\/\/breinco.com\/ca\/?s={search_term_string}"},"query-input":{"@type":"PropertyValueSpecification","valueRequired":true,"valueName":"search_term_string"}}],"inLanguage":"ca"},{"@type":"Organization","@id":"https:\/\/breinco.com\/ca\/#organization","name":"Breinco","url":"https:\/\/breinco.com\/ca\/","logo":{"@type":"ImageObject","inLanguage":"ca","@id":"https:\/\/breinco.com\/ca\/#\/schema\/logo\/image\/","url":"https:\/\/breinco.com\/wp-content\/uploads\/2025\/04\/breinco-brand.svg","contentUrl":"https:\/\/breinco.com\/wp-content\/uploads\/2025\/04\/breinco-brand.svg","width":26,"height":58,"caption":"Breinco"},"image":{"@id":"https:\/\/breinco.com\/ca\/#\/schema\/logo\/image\/"},"sameAs":["https:\/\/www.facebook.com\/breincosmart\/","https:\/\/x.com\/breincoGroup","https:\/\/www.instagram.com\/breinco\/","https:\/\/www.linkedin.com\/company\/breinco-esp\/"]}]}</script>
<!-- / Yoast SEO plugin. -->

El Recinte de la Maternitat de les Corts és un ampli espai de Barcelona que acull diversos equipaments públics vinculats als àmbits administratiu, educatiu i sanitari, tot conservant un alt valor històric, arquitectònic i social. En aquest projecte, hem incorporat la Llosa Vulcano® i l’esglaó P51 en tres colors, aportant una nova dimensió estètica i [&hellip;]
