{"id":22641,"date":"2025-11-10T10:16:07","date_gmt":"2025-11-10T09:16:07","guid":{"rendered":"https:\/\/breinco.com\/proyecto\/remodelacio-de-lavinguda-del-mediterrani-de-benidorm\/"},"modified":"2026-04-17T13:00:42","modified_gmt":"2026-04-17T11:00:42","slug":"remodelacio-de-lavinguda-del-mediterrani-de-benidorm","status":"publish","type":"proyecto","link":"https:\/\/breinco.com\/ca\/proyecto\/remodelacio-de-lavinguda-del-mediterrani-de-benidorm\/","title":{"rendered":"Remodelaci\u00f3 de l&#8217;Avinguda del Mediterrani de Benidorm"},"content":{"rendered":"\n<p>L&#8217;<strong>Avinguda del Mediterrani de Benidorm<\/strong> s&#8217;ha transformat en un gran sal\u00f3 urb\u00e0, concebut com un espai continu i multifuncional pensat per a les persones. Un projecte que reinterpreta l&#8217;eix principal de la ciutat per convertir-lo en un model d&#8217;urbanisme sostenible, amable i connectat amb l&#8217;entorn.<\/p>\n\n<p>L&#8217;actuaci\u00f3, que abasta m\u00e9s de <strong>26.000 m\u00b2<\/strong>, ha recuperat el protagonisme del vianant, tot reorganitzant la mobilitat i redefinint l&#8217;espai p\u00fablic com a lloc de trobada i conviv\u00e8ncia. La nova pavimentaci\u00f3, l&#8217;arbrat i els elements urbans generen una escena m\u00e9s oberta, accessible i din\u00e0mica.<\/p>\n\n<h3 class=\"wp-block-heading\"><strong>Un paviment inspirat en el Mediterrani<\/strong><\/h3>\n\n<p>El paviment de l&#8217;avinguda s&#8217;ha dissenyat amb el <strong>Panot Benidorm de Breinco<\/strong>, una pe\u00e7a creada especialment per al projecte amb tecnologia <strong>FluxCast\u00ae<\/strong>. El seu disseny i textura busquen reproduir els reflexos, les bressolades i els moviments de la mar Mediterr\u00e0nia, convertint el s\u00f2l urb\u00e0 en una superf\u00edcie viva que canvia amb la llum del dia.<\/p>\n\n<p>El conjunt combina tres tons \u2014<strong>blanc, negre i blau el\u00e8ctric<\/strong>\u2014 que evoquen el paisatge costaner i creen una transici\u00f3 crom\u00e0tica des dels marges de la cal\u00e7ada fins a les fa\u00e7anes laterals. Aquest joc de color i relleu aporta profunditat visual i refor\u00e7a la identitat mediterr\u00e0nia del projecte.<\/p>\n\n<h3 class=\"wp-block-heading\"><strong>Innovaci\u00f3 i sostenibilitat<\/strong><\/h3>\n\n<p>Fabricat amb <strong>\u00e0rids gran\u00edtics i pigments minerals naturals<\/strong>, el panot ofereix una gran resist\u00e8ncia i estabilitat crom\u00e0tica davant el pas del temps i les condicions clim\u00e0tiques. A m\u00e9s, la seva composici\u00f3 \u00e9s <strong>totalment inn\u00f2cua per al medi ambient<\/strong>, fet que contribueix a un model urb\u00e0 m\u00e9s sostenible.<\/p>\n\n<p>La textura ondulada del paviment afavoreix la reflexi\u00f3 de la llum i l&#8217;aigua, generant un efecte visual canviant que integra l&#8217;entorn natural i urb\u00e0. El resultat \u00e9s un espai din\u00e0mic, confortable i coherent amb la vocaci\u00f3 innovadora de Benidorm com a ciutat intel\u00b7ligent.<\/p>\n\n<p><\/p>\n","protected":false},"featured_media":0,"template":"","meta":{"_acf_changed":false},"tags":[1211,1210],"categoria-proyecto":[811],"class_list":["post-22641","proyecto","type-proyecto","status-publish","hentry","tag-adoquin","tag-fluxcast","categoria-proyecto-paisatge-urba"],"acf":[],"yoast_head":"<!-- This site is optimized with the Yoast SEO plugin v27.4 - https:\/\/yoast.com\/product\/yoast-seo-wordpress\/ -->\n<title>Remodelaci\u00f3 de l&#039;Avinguda del Mediterrani de Benidorm - Breinco<\/title>\n<meta name=\"robots\" content=\"index, follow, max-snippet:-1, max-image-preview:large, max-video-preview:-1\" \/>\n<link rel=\"canonical\" href=\"https:\/\/breinco.com\/ca\/proyecto\/remodelacio-de-lavinguda-del-mediterrani-de-benidorm\/\" \/>\n<meta property=\"og:locale\" content=\"ca_ES\" \/>\n<meta property=\"og:type\" content=\"article\" \/>\n<meta property=\"og:title\" content=\"Remodelaci\u00f3 de l&#039;Avinguda del Mediterrani de Benidorm - Breinco\" \/>\n<meta property=\"og:description\" content=\"L&#8217;Avinguda del Mediterrani de Benidorm s&#8217;ha transformat en un gran sal\u00f3 urb\u00e0, concebut com un espai continu i multifuncional pensat per a les persones. Un projecte que reinterpreta l&#8217;eix principal de la ciutat per convertir-lo en un model d&#8217;urbanisme sostenible, amable i connectat amb l&#8217;entorn. L&#8217;actuaci\u00f3, que abasta m\u00e9s de 26.000 m\u00b2, ha recuperat el [&hellip;]\" \/>\n<meta property=\"og:url\" content=\"https:\/\/breinco.com\/ca\/proyecto\/remodelacio-de-lavinguda-del-mediterrani-de-benidorm\/\" \/>\n<meta property=\"og:site_name\" content=\"Breinco\" \/>\n<meta property=\"article:publisher\" content=\"https:\/\/www.facebook.com\/breincosmart\/\" \/>\n<meta property=\"article:modified_time\" content=\"2026-04-17T11:00:42+00:00\" \/>\n<meta property=\"og:image\" content=\"https:\/\/breinco.com\/wp-content\/uploads\/2026\/02\/breinco-feat-img.webp\" \/>\n\t<meta property=\"og:image:width\" content=\"1200\" \/>\n\t<meta property=\"og:image:height\" content=\"800\" \/>\n\t<meta property=\"og:image:type\" content=\"image\/webp\" \/>\n<meta name=\"twitter:card\" content=\"summary_large_image\" \/>\n<meta name=\"twitter:site\" content=\"@breincoGroup\" \/>\n<meta name=\"twitter:label1\" content=\"Temps estimat de lectura\" \/>\n\t<meta name=\"twitter:data1\" content=\"2 minuts\" \/>\n<script type=\"application\/ld+json\" class=\"yoast-schema-graph\">{\"@context\":\"https:\\\/\\\/schema.org\",\"@graph\":[{\"@type\":\"WebPage\",\"@id\":\"https:\\\/\\\/breinco.com\\\/ca\\\/proyecto\\\/remodelacio-de-lavinguda-del-mediterrani-de-benidorm\\\/\",\"url\":\"https:\\\/\\\/breinco.com\\\/ca\\\/proyecto\\\/remodelacio-de-lavinguda-del-mediterrani-de-benidorm\\\/\",\"name\":\"Remodelaci\u00f3 de l'Avinguda del Mediterrani de Benidorm - Breinco\",\"isPartOf\":{\"@id\":\"https:\\\/\\\/breinco.com\\\/ca\\\/#website\"},\"datePublished\":\"2025-11-10T09:16:07+00:00\",\"dateModified\":\"2026-04-17T11:00:42+00:00\",\"breadcrumb\":{\"@id\":\"https:\\\/\\\/breinco.com\\\/ca\\\/proyecto\\\/remodelacio-de-lavinguda-del-mediterrani-de-benidorm\\\/#breadcrumb\"},\"inLanguage\":\"ca\",\"potentialAction\":[{\"@type\":\"ReadAction\",\"target\":[\"https:\\\/\\\/breinco.com\\\/ca\\\/proyecto\\\/remodelacio-de-lavinguda-del-mediterrani-de-benidorm\\\/\"]}]},{\"@type\":\"BreadcrumbList\",\"@id\":\"https:\\\/\\\/breinco.com\\\/ca\\\/proyecto\\\/remodelacio-de-lavinguda-del-mediterrani-de-benidorm\\\/#breadcrumb\",\"itemListElement\":[{\"@type\":\"ListItem\",\"position\":1,\"name\":\"Portada\",\"item\":\"https:\\\/\\\/breinco.com\\\/ca\\\/\"},{\"@type\":\"ListItem\",\"position\":2,\"name\":\"Proyectos\",\"item\":\"https:\\\/\\\/breinco.com\\\/ca\\\/proyecto\\\/\"},{\"@type\":\"ListItem\",\"position\":3,\"name\":\"Remodelaci\u00f3 de l&#8217;Avinguda del Mediterrani de Benidorm\"}]},{\"@type\":\"WebSite\",\"@id\":\"https:\\\/\\\/breinco.com\\\/ca\\\/#website\",\"url\":\"https:\\\/\\\/breinco.com\\\/ca\\\/\",\"name\":\"Breinco\",\"description\":\"\",\"publisher\":{\"@id\":\"https:\\\/\\\/breinco.com\\\/ca\\\/#organization\"},\"alternateName\":\"Urban Furniture, Architecture and Landscaping\",\"potentialAction\":[{\"@type\":\"SearchAction\",\"target\":{\"@type\":\"EntryPoint\",\"urlTemplate\":\"https:\\\/\\\/breinco.com\\\/ca\\\/?s={search_term_string}\"},\"query-input\":{\"@type\":\"PropertyValueSpecification\",\"valueRequired\":true,\"valueName\":\"search_term_string\"}}],\"inLanguage\":\"ca\"},{\"@type\":\"Organization\",\"@id\":\"https:\\\/\\\/breinco.com\\\/ca\\\/#organization\",\"name\":\"Breinco\",\"url\":\"https:\\\/\\\/breinco.com\\\/ca\\\/\",\"logo\":{\"@type\":\"ImageObject\",\"inLanguage\":\"ca\",\"@id\":\"https:\\\/\\\/breinco.com\\\/ca\\\/#\\\/schema\\\/logo\\\/image\\\/\",\"url\":\"https:\\\/\\\/breinco.com\\\/wp-content\\\/uploads\\\/2025\\\/04\\\/breinco-brand.svg\",\"contentUrl\":\"https:\\\/\\\/breinco.com\\\/wp-content\\\/uploads\\\/2025\\\/04\\\/breinco-brand.svg\",\"width\":26,\"height\":58,\"caption\":\"Breinco\"},\"image\":{\"@id\":\"https:\\\/\\\/breinco.com\\\/ca\\\/#\\\/schema\\\/logo\\\/image\\\/\"},\"sameAs\":[\"https:\\\/\\\/www.facebook.com\\\/breincosmart\\\/\",\"https:\\\/\\\/x.com\\\/breincoGroup\",\"https:\\\/\\\/www.instagram.com\\\/breinco\\\/\",\"https:\\\/\\\/www.linkedin.com\\\/company\\\/breinco-esp\\\/\"]}]}<\/script>\n<!-- \/ Yoast SEO plugin. -->","yoast_head_json":{"title":"Remodelaci\u00f3 de l'Avinguda del Mediterrani de Benidorm - Breinco","robots":{"index":"index","follow":"follow","max-snippet":"max-snippet:-1","max-image-preview":"max-image-preview:large","max-video-preview":"max-video-preview:-1"},"canonical":"https:\/\/breinco.com\/ca\/proyecto\/remodelacio-de-lavinguda-del-mediterrani-de-benidorm\/","og_locale":"ca_ES","og_type":"article","og_title":"Remodelaci\u00f3 de l'Avinguda del Mediterrani de Benidorm - Breinco","og_description":"L&#8217;Avinguda del Mediterrani de Benidorm s&#8217;ha transformat en un gran sal\u00f3 urb\u00e0, concebut com un espai continu i multifuncional pensat per a les persones. Un projecte que reinterpreta l&#8217;eix principal de la ciutat per convertir-lo en un model d&#8217;urbanisme sostenible, amable i connectat amb l&#8217;entorn. L&#8217;actuaci\u00f3, que abasta m\u00e9s de 26.000 m\u00b2, ha recuperat el [&hellip;]","og_url":"https:\/\/breinco.com\/ca\/proyecto\/remodelacio-de-lavinguda-del-mediterrani-de-benidorm\/","og_site_name":"Breinco","article_publisher":"https:\/\/www.facebook.com\/breincosmart\/","article_modified_time":"2026-04-17T11:00:42+00:00","og_image":[{"width":1200,"height":800,"url":"https:\/\/breinco.com\/wp-content\/uploads\/2026\/02\/breinco-feat-img.webp","type":"image\/webp"}],"twitter_card":"summary_large_image","twitter_site":"@breincoGroup","twitter_misc":{"Temps estimat de lectura":"2 minuts"},"schema":{"@context":"https:\/\/schema.org","@graph":[{"@type":"WebPage","@id":"https:\/\/breinco.com\/ca\/proyecto\/remodelacio-de-lavinguda-del-mediterrani-de-benidorm\/","url":"https:\/\/breinco.com\/ca\/proyecto\/remodelacio-de-lavinguda-del-mediterrani-de-benidorm\/","name":"Remodelaci\u00f3 de l'Avinguda del Mediterrani de Benidorm - Breinco","isPartOf":{"@id":"https:\/\/breinco.com\/ca\/#website"},"datePublished":"2025-11-10T09:16:07+00:00","dateModified":"2026-04-17T11:00:42+00:00","breadcrumb":{"@id":"https:\/\/breinco.com\/ca\/proyecto\/remodelacio-de-lavinguda-del-mediterrani-de-benidorm\/#breadcrumb"},"inLanguage":"ca","potentialAction":[{"@type":"ReadAction","target":["https:\/\/breinco.com\/ca\/proyecto\/remodelacio-de-lavinguda-del-mediterrani-de-benidorm\/"]}]},{"@type":"BreadcrumbList","@id":"https:\/\/breinco.com\/ca\/proyecto\/remodelacio-de-lavinguda-del-mediterrani-de-benidorm\/#breadcrumb","itemListElement":[{"@type":"ListItem","position":1,"name":"Portada","item":"https:\/\/breinco.com\/ca\/"},{"@type":"ListItem","position":2,"name":"Proyectos","item":"https:\/\/breinco.com\/ca\/proyecto\/"},{"@type":"ListItem","position":3,"name":"Remodelaci\u00f3 de l&#8217;Avinguda del Mediterrani de Benidorm"}]},{"@type":"WebSite","@id":"https:\/\/breinco.com\/ca\/#website","url":"https:\/\/breinco.com\/ca\/","name":"Breinco","description":"","publisher":{"@id":"https:\/\/breinco.com\/ca\/#organization"},"alternateName":"Urban Furniture, Architecture and Landscaping","potentialAction":[{"@type":"SearchAction","target":{"@type":"EntryPoint","urlTemplate":"https:\/\/breinco.com\/ca\/?s={search_term_string}"},"query-input":{"@type":"PropertyValueSpecification","valueRequired":true,"valueName":"search_term_string"}}],"inLanguage":"ca"},{"@type":"Organization","@id":"https:\/\/breinco.com\/ca\/#organization","name":"Breinco","url":"https:\/\/breinco.com\/ca\/","logo":{"@type":"ImageObject","inLanguage":"ca","@id":"https:\/\/breinco.com\/ca\/#\/schema\/logo\/image\/","url":"https:\/\/breinco.com\/wp-content\/uploads\/2025\/04\/breinco-brand.svg","contentUrl":"https:\/\/breinco.com\/wp-content\/uploads\/2025\/04\/breinco-brand.svg","width":26,"height":58,"caption":"Breinco"},"image":{"@id":"https:\/\/breinco.com\/ca\/#\/schema\/logo\/image\/"},"sameAs":["https:\/\/www.facebook.com\/breincosmart\/","https:\/\/x.com\/breincoGroup","https:\/\/www.instagram.com\/breinco\/","https:\/\/www.linkedin.com\/company\/breinco-esp\/"]}]}},"_links":{"self":[{"href":"https:\/\/breinco.com\/ca\/wp-json\/wp\/v2\/proyecto\/22641","targetHints":{"allow":["GET"]}}],"collection":[{"href":"https:\/\/breinco.com\/ca\/wp-json\/wp\/v2\/proyecto"}],"about":[{"href":"https:\/\/breinco.com\/ca\/wp-json\/wp\/v2\/types\/proyecto"}],"wp:attachment":[{"href":"https:\/\/breinco.com\/ca\/wp-json\/wp\/v2\/media?parent=22641"}],"wp:term":[{"taxonomy":"post_tag","embeddable":true,"href":"https:\/\/breinco.com\/ca\/wp-json\/wp\/v2\/tags?post=22641"},{"taxonomy":"categoria-proyecto","embeddable":true,"href":"https:\/\/breinco.com\/ca\/wp-json\/wp\/v2\/categoria-proyecto?post=22641"}],"curies":[{"name":"wp","href":"https:\/\/api.w.org\/{rel}","templated":true}]}}

Remodelació de l&#8217;Avinguda del Mediterrani de Benidorm

<p>L&#8217;<strong>Avinguda del Mediterrani de Benidorm</strong> s&#8217;ha transformat en un gran saló urbà, concebut com un espai continu i multifuncional pensat per a les persones. Un projecte que reinterpreta l&#8217;eix principal de la ciutat per convertir-lo en un model d&#8217;urbanisme sostenible, amable i connectat amb l&#8217;entorn.</p>

<p>L&#8217;actuació, que abasta més de <strong>26.000 m²</strong>, ha recuperat el protagonisme del vianant, tot reorganitzant la mobilitat i redefinint l&#8217;espai públic com a lloc de trobada i convivència. La nova pavimentació, l&#8217;arbrat i els elements urbans generen una escena més oberta, accessible i dinàmica.</p>

<h3 class="wp-block-heading"><strong>Un paviment inspirat en el Mediterrani</strong></h3>

<p>El paviment de l&#8217;avinguda s&#8217;ha dissenyat amb el <strong>Panot Benidorm de Breinco</strong>, una peça creada especialment per al projecte amb tecnologia <strong>FluxCast®</strong>. El seu disseny i textura busquen reproduir els reflexos, les bressolades i els moviments de la mar Mediterrània, convertint el sòl urbà en una superfície viva que canvia amb la llum del dia.</p>

<p>El conjunt combina tres tons —<strong>blanc, negre i blau elèctric</strong>— que evoquen el paisatge costaner i creen una transició cromàtica des dels marges de la calçada fins a les façanes laterals. Aquest joc de color i relleu aporta profunditat visual i reforça la identitat mediterrània del projecte.</p>

<h3 class="wp-block-heading"><strong>Innovació i sostenibilitat</strong></h3>

<p>Fabricat amb <strong>àrids granítics i pigments minerals naturals</strong>, el panot ofereix una gran resistència i estabilitat cromàtica davant el pas del temps i les condicions climàtiques. A més, la seva composició és <strong>totalment innòcua per al medi ambient</strong>, fet que contribueix a un model urbà més sostenible.</p>

<p>La textura ondulada del paviment afavoreix la reflexió de la llum i l&#8217;aigua, generant un efecte visual canviant que integra l&#8217;entorn natural i urbà. El resultat és un espai dinàmic, confortable i coherent amb la vocació innovadora de Benidorm com a ciutat intel·ligent.</p>

<p></p>

<!-- This site is optimized with the Yoast SEO plugin v27.4 - https://yoast.com/product/yoast-seo-wordpress/ -->
<title>Remodelació de l&#039;Avinguda del Mediterrani de Benidorm - Breinco</title>
<meta name="robots" content="index, follow, max-snippet:-1, max-image-preview:large, max-video-preview:-1" />
<link rel="canonical" href="https://breinco.com/ca/proyecto/remodelacio-de-lavinguda-del-mediterrani-de-benidorm/" />
<meta property="og:locale" content="ca_ES" />
<meta property="og:type" content="article" />
<meta property="og:title" content="Remodelació de l&#039;Avinguda del Mediterrani de Benidorm - Breinco" />
<meta property="og:description" content="L&#8217;Avinguda del Mediterrani de Benidorm s&#8217;ha transformat en un gran saló urbà, concebut com un espai continu i multifuncional pensat per a les persones. Un projecte que reinterpreta l&#8217;eix principal de la ciutat per convertir-lo en un model d&#8217;urbanisme sostenible, amable i connectat amb l&#8217;entorn. L&#8217;actuació, que abasta més de 26.000 m², ha recuperat el [&hellip;]" />
<meta property="og:url" content="https://breinco.com/ca/proyecto/remodelacio-de-lavinguda-del-mediterrani-de-benidorm/" />
<meta property="og:site_name" content="Breinco" />
<meta property="article:publisher" content="https://www.facebook.com/breincosmart/" />
<meta property="article:modified_time" content="2026-04-17T11:00:42+00:00" />
<meta property="og:image" content="https://breinco.com/wp-content/uploads/2026/02/breinco-feat-img.webp" />
	<meta property="og:image:width" content="1200" />
	<meta property="og:image:height" content="800" />
	<meta property="og:image:type" content="image/webp" />
<meta name="twitter:card" content="summary_large_image" />
<meta name="twitter:site" content="@breincoGroup" />
<meta name="twitter:label1" content="Temps estimat de lectura" />
	<meta name="twitter:data1" content="2 minuts" />
<script type="application/ld+json" class="yoast-schema-graph">{"@context":"https:\/\/schema.org","@graph":[{"@type":"WebPage","@id":"https:\/\/breinco.com\/ca\/proyecto\/remodelacio-de-lavinguda-del-mediterrani-de-benidorm\/","url":"https:\/\/breinco.com\/ca\/proyecto\/remodelacio-de-lavinguda-del-mediterrani-de-benidorm\/","name":"Remodelació de l'Avinguda del Mediterrani de Benidorm - Breinco","isPartOf":{"@id":"https:\/\/breinco.com\/ca\/#website"},"datePublished":"2025-11-10T09:16:07+00:00","dateModified":"2026-04-17T11:00:42+00:00","breadcrumb":{"@id":"https:\/\/breinco.com\/ca\/proyecto\/remodelacio-de-lavinguda-del-mediterrani-de-benidorm\/#breadcrumb"},"inLanguage":"ca","potentialAction":[{"@type":"ReadAction","target":["https:\/\/breinco.com\/ca\/proyecto\/remodelacio-de-lavinguda-del-mediterrani-de-benidorm\/"]}]},{"@type":"BreadcrumbList","@id":"https:\/\/breinco.com\/ca\/proyecto\/remodelacio-de-lavinguda-del-mediterrani-de-benidorm\/#breadcrumb","itemListElement":[{"@type":"ListItem","position":1,"name":"Portada","item":"https:\/\/breinco.com\/ca\/"},{"@type":"ListItem","position":2,"name":"Proyectos","item":"https:\/\/breinco.com\/ca\/proyecto\/"},{"@type":"ListItem","position":3,"name":"Remodelació de l&#8217;Avinguda del Mediterrani de Benidorm"}]},{"@type":"WebSite","@id":"https:\/\/breinco.com\/ca\/#website","url":"https:\/\/breinco.com\/ca\/","name":"Breinco","description":"","publisher":{"@id":"https:\/\/breinco.com\/ca\/#organization"},"alternateName":"Urban Furniture, Architecture and Landscaping","potentialAction":[{"@type":"SearchAction","target":{"@type":"EntryPoint","urlTemplate":"https:\/\/breinco.com\/ca\/?s={search_term_string}"},"query-input":{"@type":"PropertyValueSpecification","valueRequired":true,"valueName":"search_term_string"}}],"inLanguage":"ca"},{"@type":"Organization","@id":"https:\/\/breinco.com\/ca\/#organization","name":"Breinco","url":"https:\/\/breinco.com\/ca\/","logo":{"@type":"ImageObject","inLanguage":"ca","@id":"https:\/\/breinco.com\/ca\/#\/schema\/logo\/image\/","url":"https:\/\/breinco.com\/wp-content\/uploads\/2025\/04\/breinco-brand.svg","contentUrl":"https:\/\/breinco.com\/wp-content\/uploads\/2025\/04\/breinco-brand.svg","width":26,"height":58,"caption":"Breinco"},"image":{"@id":"https:\/\/breinco.com\/ca\/#\/schema\/logo\/image\/"},"sameAs":["https:\/\/www.facebook.com\/breincosmart\/","https:\/\/x.com\/breincoGroup","https:\/\/www.instagram.com\/breinco\/","https:\/\/www.linkedin.com\/company\/breinco-esp\/"]}]}</script>
<!-- / Yoast SEO plugin. -->

Remodelació de l'Avinguda del Mediterrani de Benidorm - Breinco

L&#8217;Avinguda del Mediterrani de Benidorm s&#8217;ha transformat en un gran saló urbà, concebut com un espai continu i multifuncional pensat per a les persones. Un projecte que reinterpreta l&#8217;eix principal de la ciutat per convertir-lo en un model d&#8217;urbanisme sostenible, amable i connectat amb l&#8217;entorn. L&#8217;actuació, que abasta més de 26.000 m², ha recuperat el [&hellip;]
