{"id":22643,"date":"2026-02-11T10:19:13","date_gmt":"2026-02-11T09:19:13","guid":{"rendered":"https:\/\/breinco.com\/proyecto\/intercanviador-central-dautobusos-delx-2\/"},"modified":"2026-04-17T13:00:43","modified_gmt":"2026-04-17T11:00:43","slug":"intercanviador-central-dautobusos-delx-2","status":"publish","type":"proyecto","link":"https:\/\/breinco.com\/ca\/proyecto\/intercanviador-central-dautobusos-delx-2\/","title":{"rendered":"Intercanviador Central d&#8217;Autobusos d&#8217;Elx"},"content":{"rendered":"\n<h3 class=\"wp-block-heading\">Elx estrena el seu intercanviador central d\u2019autobusos: m\u00e9s modern i accessible<\/h3>\n\n<p>L&#8217;<strong>Intercanviador Central d&#8217;Autobusos d&#8217;Elx<\/strong> ha estat renovat per oferir un espai m\u00e9s modern, segur, accessible i sostenible per a ve\u00efns i viatgers. Amb un tr\u00e0nsit diari que oscil\u00b7la entre 15.000 i 30.000 persones i m\u00e9s de 450 autobusos, aquest projecte ha transformat un dels punts neur\u00e0lgics de la ciutat.<\/p>\n\n<p>S&#8217;han ampliat els espais per a vianants i s&#8217;ha convertit en zona de viandants el carrer Alfredo Llopis, facilitant la circulaci\u00f3 dels transe\u00fcnts i millorant l&#8217;accessibilitat. A m\u00e9s, s&#8217;han incorporat zones d&#8217;informaci\u00f3 sobre el transport urb\u00e0, un nou punt de venda d&#8217;abonaments, aparcaments per a bicicletes i l&#8217;estaci\u00f3 Bicielx, promovent la mobilitat sostenible.<\/p>\n\n<p>Per pavimentar aquest entorn s&#8217;ha integrat una combinaci\u00f3 de <strong>Penta\u00ae<\/strong> i <strong>Terana\u00ae Six<\/strong>, materials que aporten resist\u00e8ncia, est\u00e8tica i funcionalitat als recorreguts de vianants i zones d&#8217;estada. <strong>Llosa Vulcano\u00ae<\/strong> aplacada s&#8217;ha utilitzat a la gran p\u00e8rgola central, creant un acabat elegant i durador que combina amb els espais enjardinats i la il\u00b7luminaci\u00f3 LED, proporcionant ombra, confort i continu\u00eftat visual.<\/p>\n\n<p>El resultat \u00e9s un intercanviador modern i acollidor, on l&#8217;elecci\u00f3 de paviments d&#8217;alta qualitat i materials sostenibles refor\u00e7a la imatge de la ciutat, millora l&#8217;experi\u00e8ncia dels usuaris i promou entorns urbans accessibles i respectuosos amb el medi ambient.<\/p>\n","protected":false},"featured_media":0,"template":"","meta":{"_acf_changed":false},"tags":[845],"categoria-proyecto":[],"class_list":["post-22643","proyecto","type-proyecto","status-publish","hentry","tag-llosa-vulcano-aplacada"],"acf":[],"yoast_head":"<!-- This site is optimized with the Yoast SEO plugin v27.4 - https:\/\/yoast.com\/product\/yoast-seo-wordpress\/ -->\n<title>Intercanviador Central d&#039;Autobusos d&#039;Elx - Breinco<\/title>\n<meta name=\"robots\" content=\"index, follow, max-snippet:-1, max-image-preview:large, max-video-preview:-1\" \/>\n<link rel=\"canonical\" href=\"https:\/\/breinco.com\/ca\/proyecto\/intercanviador-central-dautobusos-delx-2\/\" \/>\n<meta property=\"og:locale\" content=\"ca_ES\" \/>\n<meta property=\"og:type\" content=\"article\" \/>\n<meta property=\"og:title\" content=\"Intercanviador Central d&#039;Autobusos d&#039;Elx - Breinco\" \/>\n<meta property=\"og:description\" content=\"Elx estrena el seu intercanviador central d\u2019autobusos: m\u00e9s modern i accessible L&#8217;Intercanviador Central d&#8217;Autobusos d&#8217;Elx ha estat renovat per oferir un espai m\u00e9s modern, segur, accessible i sostenible per a ve\u00efns i viatgers. Amb un tr\u00e0nsit diari que oscil\u00b7la entre 15.000 i 30.000 persones i m\u00e9s de 450 autobusos, aquest projecte ha transformat un dels [&hellip;]\" \/>\n<meta property=\"og:url\" content=\"https:\/\/breinco.com\/ca\/proyecto\/intercanviador-central-dautobusos-delx-2\/\" \/>\n<meta property=\"og:site_name\" content=\"Breinco\" \/>\n<meta property=\"article:publisher\" content=\"https:\/\/www.facebook.com\/breincosmart\/\" \/>\n<meta property=\"article:modified_time\" content=\"2026-04-17T11:00:43+00:00\" \/>\n<meta property=\"og:image\" content=\"https:\/\/breinco.com\/wp-content\/uploads\/2026\/02\/breinco-feat-img.webp\" \/>\n\t<meta property=\"og:image:width\" content=\"1200\" \/>\n\t<meta property=\"og:image:height\" content=\"800\" \/>\n\t<meta property=\"og:image:type\" content=\"image\/webp\" \/>\n<meta name=\"twitter:card\" content=\"summary_large_image\" \/>\n<meta name=\"twitter:site\" content=\"@breincoGroup\" \/>\n<meta name=\"twitter:label1\" content=\"Temps estimat de lectura\" \/>\n\t<meta name=\"twitter:data1\" content=\"1 minut\" \/>\n<script type=\"application\/ld+json\" class=\"yoast-schema-graph\">{\"@context\":\"https:\\\/\\\/schema.org\",\"@graph\":[{\"@type\":\"WebPage\",\"@id\":\"https:\\\/\\\/breinco.com\\\/ca\\\/proyecto\\\/intercanviador-central-dautobusos-delx-2\\\/\",\"url\":\"https:\\\/\\\/breinco.com\\\/ca\\\/proyecto\\\/intercanviador-central-dautobusos-delx-2\\\/\",\"name\":\"Intercanviador Central d'Autobusos d'Elx - Breinco\",\"isPartOf\":{\"@id\":\"https:\\\/\\\/breinco.com\\\/ca\\\/#website\"},\"datePublished\":\"2026-02-11T09:19:13+00:00\",\"dateModified\":\"2026-04-17T11:00:43+00:00\",\"breadcrumb\":{\"@id\":\"https:\\\/\\\/breinco.com\\\/ca\\\/proyecto\\\/intercanviador-central-dautobusos-delx-2\\\/#breadcrumb\"},\"inLanguage\":\"ca\",\"potentialAction\":[{\"@type\":\"ReadAction\",\"target\":[\"https:\\\/\\\/breinco.com\\\/ca\\\/proyecto\\\/intercanviador-central-dautobusos-delx-2\\\/\"]}]},{\"@type\":\"BreadcrumbList\",\"@id\":\"https:\\\/\\\/breinco.com\\\/ca\\\/proyecto\\\/intercanviador-central-dautobusos-delx-2\\\/#breadcrumb\",\"itemListElement\":[{\"@type\":\"ListItem\",\"position\":1,\"name\":\"Portada\",\"item\":\"https:\\\/\\\/breinco.com\\\/ca\\\/\"},{\"@type\":\"ListItem\",\"position\":2,\"name\":\"Proyectos\",\"item\":\"https:\\\/\\\/breinco.com\\\/ca\\\/proyecto\\\/\"},{\"@type\":\"ListItem\",\"position\":3,\"name\":\"Intercanviador Central d&#8217;Autobusos d&#8217;Elx\"}]},{\"@type\":\"WebSite\",\"@id\":\"https:\\\/\\\/breinco.com\\\/ca\\\/#website\",\"url\":\"https:\\\/\\\/breinco.com\\\/ca\\\/\",\"name\":\"Breinco\",\"description\":\"\",\"publisher\":{\"@id\":\"https:\\\/\\\/breinco.com\\\/ca\\\/#organization\"},\"alternateName\":\"Urban Furniture, Architecture and Landscaping\",\"potentialAction\":[{\"@type\":\"SearchAction\",\"target\":{\"@type\":\"EntryPoint\",\"urlTemplate\":\"https:\\\/\\\/breinco.com\\\/ca\\\/?s={search_term_string}\"},\"query-input\":{\"@type\":\"PropertyValueSpecification\",\"valueRequired\":true,\"valueName\":\"search_term_string\"}}],\"inLanguage\":\"ca\"},{\"@type\":\"Organization\",\"@id\":\"https:\\\/\\\/breinco.com\\\/ca\\\/#organization\",\"name\":\"Breinco\",\"url\":\"https:\\\/\\\/breinco.com\\\/ca\\\/\",\"logo\":{\"@type\":\"ImageObject\",\"inLanguage\":\"ca\",\"@id\":\"https:\\\/\\\/breinco.com\\\/ca\\\/#\\\/schema\\\/logo\\\/image\\\/\",\"url\":\"https:\\\/\\\/breinco.com\\\/wp-content\\\/uploads\\\/2025\\\/04\\\/breinco-brand.svg\",\"contentUrl\":\"https:\\\/\\\/breinco.com\\\/wp-content\\\/uploads\\\/2025\\\/04\\\/breinco-brand.svg\",\"width\":26,\"height\":58,\"caption\":\"Breinco\"},\"image\":{\"@id\":\"https:\\\/\\\/breinco.com\\\/ca\\\/#\\\/schema\\\/logo\\\/image\\\/\"},\"sameAs\":[\"https:\\\/\\\/www.facebook.com\\\/breincosmart\\\/\",\"https:\\\/\\\/x.com\\\/breincoGroup\",\"https:\\\/\\\/www.instagram.com\\\/breinco\\\/\",\"https:\\\/\\\/www.linkedin.com\\\/company\\\/breinco-esp\\\/\"]}]}<\/script>\n<!-- \/ Yoast SEO plugin. -->","yoast_head_json":{"title":"Intercanviador Central d'Autobusos d'Elx - Breinco","robots":{"index":"index","follow":"follow","max-snippet":"max-snippet:-1","max-image-preview":"max-image-preview:large","max-video-preview":"max-video-preview:-1"},"canonical":"https:\/\/breinco.com\/ca\/proyecto\/intercanviador-central-dautobusos-delx-2\/","og_locale":"ca_ES","og_type":"article","og_title":"Intercanviador Central d'Autobusos d'Elx - Breinco","og_description":"Elx estrena el seu intercanviador central d\u2019autobusos: m\u00e9s modern i accessible L&#8217;Intercanviador Central d&#8217;Autobusos d&#8217;Elx ha estat renovat per oferir un espai m\u00e9s modern, segur, accessible i sostenible per a ve\u00efns i viatgers. Amb un tr\u00e0nsit diari que oscil\u00b7la entre 15.000 i 30.000 persones i m\u00e9s de 450 autobusos, aquest projecte ha transformat un dels [&hellip;]","og_url":"https:\/\/breinco.com\/ca\/proyecto\/intercanviador-central-dautobusos-delx-2\/","og_site_name":"Breinco","article_publisher":"https:\/\/www.facebook.com\/breincosmart\/","article_modified_time":"2026-04-17T11:00:43+00:00","og_image":[{"width":1200,"height":800,"url":"https:\/\/breinco.com\/wp-content\/uploads\/2026\/02\/breinco-feat-img.webp","type":"image\/webp"}],"twitter_card":"summary_large_image","twitter_site":"@breincoGroup","twitter_misc":{"Temps estimat de lectura":"1 minut"},"schema":{"@context":"https:\/\/schema.org","@graph":[{"@type":"WebPage","@id":"https:\/\/breinco.com\/ca\/proyecto\/intercanviador-central-dautobusos-delx-2\/","url":"https:\/\/breinco.com\/ca\/proyecto\/intercanviador-central-dautobusos-delx-2\/","name":"Intercanviador Central d'Autobusos d'Elx - Breinco","isPartOf":{"@id":"https:\/\/breinco.com\/ca\/#website"},"datePublished":"2026-02-11T09:19:13+00:00","dateModified":"2026-04-17T11:00:43+00:00","breadcrumb":{"@id":"https:\/\/breinco.com\/ca\/proyecto\/intercanviador-central-dautobusos-delx-2\/#breadcrumb"},"inLanguage":"ca","potentialAction":[{"@type":"ReadAction","target":["https:\/\/breinco.com\/ca\/proyecto\/intercanviador-central-dautobusos-delx-2\/"]}]},{"@type":"BreadcrumbList","@id":"https:\/\/breinco.com\/ca\/proyecto\/intercanviador-central-dautobusos-delx-2\/#breadcrumb","itemListElement":[{"@type":"ListItem","position":1,"name":"Portada","item":"https:\/\/breinco.com\/ca\/"},{"@type":"ListItem","position":2,"name":"Proyectos","item":"https:\/\/breinco.com\/ca\/proyecto\/"},{"@type":"ListItem","position":3,"name":"Intercanviador Central d&#8217;Autobusos d&#8217;Elx"}]},{"@type":"WebSite","@id":"https:\/\/breinco.com\/ca\/#website","url":"https:\/\/breinco.com\/ca\/","name":"Breinco","description":"","publisher":{"@id":"https:\/\/breinco.com\/ca\/#organization"},"alternateName":"Urban Furniture, Architecture and Landscaping","potentialAction":[{"@type":"SearchAction","target":{"@type":"EntryPoint","urlTemplate":"https:\/\/breinco.com\/ca\/?s={search_term_string}"},"query-input":{"@type":"PropertyValueSpecification","valueRequired":true,"valueName":"search_term_string"}}],"inLanguage":"ca"},{"@type":"Organization","@id":"https:\/\/breinco.com\/ca\/#organization","name":"Breinco","url":"https:\/\/breinco.com\/ca\/","logo":{"@type":"ImageObject","inLanguage":"ca","@id":"https:\/\/breinco.com\/ca\/#\/schema\/logo\/image\/","url":"https:\/\/breinco.com\/wp-content\/uploads\/2025\/04\/breinco-brand.svg","contentUrl":"https:\/\/breinco.com\/wp-content\/uploads\/2025\/04\/breinco-brand.svg","width":26,"height":58,"caption":"Breinco"},"image":{"@id":"https:\/\/breinco.com\/ca\/#\/schema\/logo\/image\/"},"sameAs":["https:\/\/www.facebook.com\/breincosmart\/","https:\/\/x.com\/breincoGroup","https:\/\/www.instagram.com\/breinco\/","https:\/\/www.linkedin.com\/company\/breinco-esp\/"]}]}},"_links":{"self":[{"href":"https:\/\/breinco.com\/ca\/wp-json\/wp\/v2\/proyecto\/22643","targetHints":{"allow":["GET"]}}],"collection":[{"href":"https:\/\/breinco.com\/ca\/wp-json\/wp\/v2\/proyecto"}],"about":[{"href":"https:\/\/breinco.com\/ca\/wp-json\/wp\/v2\/types\/proyecto"}],"wp:attachment":[{"href":"https:\/\/breinco.com\/ca\/wp-json\/wp\/v2\/media?parent=22643"}],"wp:term":[{"taxonomy":"post_tag","embeddable":true,"href":"https:\/\/breinco.com\/ca\/wp-json\/wp\/v2\/tags?post=22643"},{"taxonomy":"categoria-proyecto","embeddable":true,"href":"https:\/\/breinco.com\/ca\/wp-json\/wp\/v2\/categoria-proyecto?post=22643"}],"curies":[{"name":"wp","href":"https:\/\/api.w.org\/{rel}","templated":true}]}}

<h3 class="wp-block-heading">Elx estrena el seu intercanviador central d’autobusos: més modern i accessible</h3>

<p>L&#8217;<strong>Intercanviador Central d&#8217;Autobusos d&#8217;Elx</strong> ha estat renovat per oferir un espai més modern, segur, accessible i sostenible per a veïns i viatgers. Amb un trànsit diari que oscil·la entre 15.000 i 30.000 persones i més de 450 autobusos, aquest projecte ha transformat un dels punts neuràlgics de la ciutat.</p>

<p>S&#8217;han ampliat els espais per a vianants i s&#8217;ha convertit en zona de viandants el carrer Alfredo Llopis, facilitant la circulació dels transeünts i millorant l&#8217;accessibilitat. A més, s&#8217;han incorporat zones d&#8217;informació sobre el transport urbà, un nou punt de venda d&#8217;abonaments, aparcaments per a bicicletes i l&#8217;estació Bicielx, promovent la mobilitat sostenible.</p>

<p>Per pavimentar aquest entorn s&#8217;ha integrat una combinació de <strong>Penta®</strong> i <strong>Terana® Six</strong>, materials que aporten resistència, estètica i funcionalitat als recorreguts de vianants i zones d&#8217;estada. <strong>Llosa Vulcano®</strong> aplacada s&#8217;ha utilitzat a la gran pèrgola central, creant un acabat elegant i durador que combina amb els espais enjardinats i la il·luminació LED, proporcionant ombra, confort i continuïtat visual.</p>

<p>El resultat és un intercanviador modern i acollidor, on l&#8217;elecció de paviments d&#8217;alta qualitat i materials sostenibles reforça la imatge de la ciutat, millora l&#8217;experiència dels usuaris i promou entorns urbans accessibles i respectuosos amb el medi ambient.</p>

<!-- This site is optimized with the Yoast SEO plugin v27.4 - https://yoast.com/product/yoast-seo-wordpress/ -->
<title>Intercanviador Central d&#039;Autobusos d&#039;Elx - Breinco</title>
<meta name="robots" content="index, follow, max-snippet:-1, max-image-preview:large, max-video-preview:-1" />
<link rel="canonical" href="https://breinco.com/ca/proyecto/intercanviador-central-dautobusos-delx-2/" />
<meta property="og:locale" content="ca_ES" />
<meta property="og:type" content="article" />
<meta property="og:title" content="Intercanviador Central d&#039;Autobusos d&#039;Elx - Breinco" />
<meta property="og:description" content="Elx estrena el seu intercanviador central d’autobusos: més modern i accessible L&#8217;Intercanviador Central d&#8217;Autobusos d&#8217;Elx ha estat renovat per oferir un espai més modern, segur, accessible i sostenible per a veïns i viatgers. Amb un trànsit diari que oscil·la entre 15.000 i 30.000 persones i més de 450 autobusos, aquest projecte ha transformat un dels [&hellip;]" />
<meta property="og:url" content="https://breinco.com/ca/proyecto/intercanviador-central-dautobusos-delx-2/" />
<meta property="og:site_name" content="Breinco" />
<meta property="article:publisher" content="https://www.facebook.com/breincosmart/" />
<meta property="article:modified_time" content="2026-04-17T11:00:43+00:00" />
<meta property="og:image" content="https://breinco.com/wp-content/uploads/2026/02/breinco-feat-img.webp" />
	<meta property="og:image:width" content="1200" />
	<meta property="og:image:height" content="800" />
	<meta property="og:image:type" content="image/webp" />
<meta name="twitter:card" content="summary_large_image" />
<meta name="twitter:site" content="@breincoGroup" />
<meta name="twitter:label1" content="Temps estimat de lectura" />
	<meta name="twitter:data1" content="1 minut" />
<script type="application/ld+json" class="yoast-schema-graph">{"@context":"https:\/\/schema.org","@graph":[{"@type":"WebPage","@id":"https:\/\/breinco.com\/ca\/proyecto\/intercanviador-central-dautobusos-delx-2\/","url":"https:\/\/breinco.com\/ca\/proyecto\/intercanviador-central-dautobusos-delx-2\/","name":"Intercanviador Central d'Autobusos d'Elx - Breinco","isPartOf":{"@id":"https:\/\/breinco.com\/ca\/#website"},"datePublished":"2026-02-11T09:19:13+00:00","dateModified":"2026-04-17T11:00:43+00:00","breadcrumb":{"@id":"https:\/\/breinco.com\/ca\/proyecto\/intercanviador-central-dautobusos-delx-2\/#breadcrumb"},"inLanguage":"ca","potentialAction":[{"@type":"ReadAction","target":["https:\/\/breinco.com\/ca\/proyecto\/intercanviador-central-dautobusos-delx-2\/"]}]},{"@type":"BreadcrumbList","@id":"https:\/\/breinco.com\/ca\/proyecto\/intercanviador-central-dautobusos-delx-2\/#breadcrumb","itemListElement":[{"@type":"ListItem","position":1,"name":"Portada","item":"https:\/\/breinco.com\/ca\/"},{"@type":"ListItem","position":2,"name":"Proyectos","item":"https:\/\/breinco.com\/ca\/proyecto\/"},{"@type":"ListItem","position":3,"name":"Intercanviador Central d&#8217;Autobusos d&#8217;Elx"}]},{"@type":"WebSite","@id":"https:\/\/breinco.com\/ca\/#website","url":"https:\/\/breinco.com\/ca\/","name":"Breinco","description":"","publisher":{"@id":"https:\/\/breinco.com\/ca\/#organization"},"alternateName":"Urban Furniture, Architecture and Landscaping","potentialAction":[{"@type":"SearchAction","target":{"@type":"EntryPoint","urlTemplate":"https:\/\/breinco.com\/ca\/?s={search_term_string}"},"query-input":{"@type":"PropertyValueSpecification","valueRequired":true,"valueName":"search_term_string"}}],"inLanguage":"ca"},{"@type":"Organization","@id":"https:\/\/breinco.com\/ca\/#organization","name":"Breinco","url":"https:\/\/breinco.com\/ca\/","logo":{"@type":"ImageObject","inLanguage":"ca","@id":"https:\/\/breinco.com\/ca\/#\/schema\/logo\/image\/","url":"https:\/\/breinco.com\/wp-content\/uploads\/2025\/04\/breinco-brand.svg","contentUrl":"https:\/\/breinco.com\/wp-content\/uploads\/2025\/04\/breinco-brand.svg","width":26,"height":58,"caption":"Breinco"},"image":{"@id":"https:\/\/breinco.com\/ca\/#\/schema\/logo\/image\/"},"sameAs":["https:\/\/www.facebook.com\/breincosmart\/","https:\/\/x.com\/breincoGroup","https:\/\/www.instagram.com\/breinco\/","https:\/\/www.linkedin.com\/company\/breinco-esp\/"]}]}</script>
<!-- / Yoast SEO plugin. -->

Elx estrena el seu intercanviador central d’autobusos: més modern i accessible L&#8217;Intercanviador Central d&#8217;Autobusos d&#8217;Elx ha estat renovat per oferir un espai més modern, segur, accessible i sostenible per a veïns i viatgers. Amb un trànsit diari que oscil·la entre 15.000 i 30.000 persones i més de 450 autobusos, aquest projecte ha transformat un dels [&hellip;]
