{"id":22655,"date":"2026-02-11T16:52:03","date_gmt":"2026-02-11T15:52:03","guid":{"rendered":"https:\/\/breinco.com\/proyecto\/castell-de-sant-jordi-a-lametlla-de-mar-tarragona\/"},"modified":"2026-04-17T13:00:44","modified_gmt":"2026-04-17T11:00:44","slug":"castell-de-sant-jordi-a-lametlla-de-mar-tarragona","status":"publish","type":"proyecto","link":"https:\/\/breinco.com\/ca\/proyecto\/castell-de-sant-jordi-a-lametlla-de-mar-tarragona\/","title":{"rendered":"Castell de Sant Jordi a l\u2019Ametlla de Mar, Tarragona"},"content":{"rendered":"\n<p>El Castell de Sant Jordi, situat sobre una estrat\u00e8gica llengua de roca a l\u2019Ametlla de Mar, \u00e9s un testimoni viu de la hist\u00f2ria de la comarca i de les diferents etapes que han marcat el seu territori, des de l\u2019ocupaci\u00f3 ib\u00e8rica i romana fins a l\u2019Edat Mitjana i la consolidaci\u00f3 de la fortalesa al segle XVIII. Despr\u00e9s d\u2019anys d\u2019abandonament i deteriorament, la fortalesa ha estat recuperada pel municipi, integrant-se en la vida urbana i patrimonial de la vila, i consolidant-se com un espai d\u2019inter\u00e8s cultural i tur\u00edstic.<\/p>\n\n<p>El projecte d&#8217;intervenci\u00f3 es centra en els espais exteriors que envolten el castell, incloent-hi l&#8217;entrada principal, l&#8217;aparcament i els recorreguts peatonals. L&#8217;objectiu era oferir un paviment homogeni, funcional i visualment atractiu que acompany\u00e9s l&#8217;arquitectura hist\u00f2rica i facilit\u00e9s el tr\u00e0nsit de visitants i vehicles lleugers.<\/p>\n\n<p>Per a fer-ho, s&#8217;ha incorporat <strong>Tegula\u00ae six<\/strong>, un paviment rectangular amb acabat r\u00fastic d&#8217;alta qualitat decorativa. La seva col\u00b7locaci\u00f3 a 90\u00ba i la combinaci\u00f3 de colors suaus, en <strong>Marfil i Mediterrani<\/strong>, permeten crear superf\u00edcies harm\u00f2niques i cont\u00ednues que ressalten la noblesa de la pedra i la hist\u00f2ria de l&#8217;entorn, mantenint un aire tradicional per\u00f2 reinterpretat amb criteris contemporanis.<\/p>\n\n<p>Tegula\u00ae six s&#8217;ha utilitzat a l&#8217;entrada del castell, a l&#8217;aparcament i als camins que envolten la fortalesa, garantint una superf\u00edcie resistent i duradora, ideal per a zones de tr\u00e0nsit de vianants i vehicles lleugers. La seva textura i tonalitat aporten calidesa, continu\u00eftat visual i un acabat elegant, fet que refor\u00e7a la identitat del castell i la seva integraci\u00f3 amb el paisatge urb\u00e0 i natural que l&#8217;envolta.<\/p>\n\n<p>El resultat \u00e9s un entorn exterior restaurat i cuidat, on la hist\u00f2ria, l&#8217;arquitectura i els materials d&#8217;alta qualitat es combinen per oferir un espai funcional, accessible i est\u00e8ticament coherent, que real\u00e7a la pres\u00e8ncia del Castell de Sant Jordi com a patrimoni i punt de trobada a l\u2019Ametlla de Mar. <\/p>\n","protected":false},"featured_media":0,"template":"","meta":{"_acf_changed":false},"tags":[815],"categoria-proyecto":[],"class_list":["post-22655","proyecto","type-proyecto","status-publish","hentry","tag-tegula-six"],"acf":[],"yoast_head":"<!-- This site is optimized with the Yoast SEO plugin v27.5 - https:\/\/yoast.com\/product\/yoast-seo-wordpress\/ -->\n<title>Castell de Sant Jordi a l\u2019Ametlla de Mar, Tarragona - Breinco<\/title>\n<meta name=\"robots\" content=\"index, follow, max-snippet:-1, max-image-preview:large, max-video-preview:-1\" \/>\n<link rel=\"canonical\" href=\"https:\/\/breinco.com\/ca\/proyecto\/castell-de-sant-jordi-a-lametlla-de-mar-tarragona\/\" \/>\n<meta property=\"og:locale\" content=\"ca_ES\" \/>\n<meta property=\"og:type\" content=\"article\" \/>\n<meta property=\"og:title\" content=\"Castell de Sant Jordi a l\u2019Ametlla de Mar, Tarragona - Breinco\" \/>\n<meta property=\"og:description\" content=\"El Castell de Sant Jordi, situat sobre una estrat\u00e8gica llengua de roca a l\u2019Ametlla de Mar, \u00e9s un testimoni viu de la hist\u00f2ria de la comarca i de les diferents etapes que han marcat el seu territori, des de l\u2019ocupaci\u00f3 ib\u00e8rica i romana fins a l\u2019Edat Mitjana i la consolidaci\u00f3 de la fortalesa al segle [&hellip;]\" \/>\n<meta property=\"og:url\" content=\"https:\/\/breinco.com\/ca\/proyecto\/castell-de-sant-jordi-a-lametlla-de-mar-tarragona\/\" \/>\n<meta property=\"og:site_name\" content=\"Breinco\" \/>\n<meta property=\"article:publisher\" content=\"https:\/\/www.facebook.com\/breincosmart\/\" \/>\n<meta property=\"article:modified_time\" content=\"2026-04-17T11:00:44+00:00\" \/>\n<meta property=\"og:image\" content=\"https:\/\/breinco.com\/wp-content\/uploads\/2026\/02\/breinco-feat-img.webp\" \/>\n\t<meta property=\"og:image:width\" content=\"1200\" \/>\n\t<meta property=\"og:image:height\" content=\"800\" \/>\n\t<meta property=\"og:image:type\" content=\"image\/webp\" \/>\n<meta name=\"twitter:card\" content=\"summary_large_image\" \/>\n<meta name=\"twitter:site\" content=\"@breincoGroup\" \/>\n<meta name=\"twitter:label1\" content=\"Temps estimat de lectura\" \/>\n\t<meta name=\"twitter:data1\" content=\"2 minuts\" \/>\n<script type=\"application\/ld+json\" class=\"yoast-schema-graph\">{\"@context\":\"https:\\\/\\\/schema.org\",\"@graph\":[{\"@type\":\"WebPage\",\"@id\":\"https:\\\/\\\/breinco.com\\\/ca\\\/proyecto\\\/castell-de-sant-jordi-a-lametlla-de-mar-tarragona\\\/\",\"url\":\"https:\\\/\\\/breinco.com\\\/ca\\\/proyecto\\\/castell-de-sant-jordi-a-lametlla-de-mar-tarragona\\\/\",\"name\":\"Castell de Sant Jordi a l\u2019Ametlla de Mar, Tarragona - Breinco\",\"isPartOf\":{\"@id\":\"https:\\\/\\\/breinco.com\\\/ca\\\/#website\"},\"datePublished\":\"2026-02-11T15:52:03+00:00\",\"dateModified\":\"2026-04-17T11:00:44+00:00\",\"breadcrumb\":{\"@id\":\"https:\\\/\\\/breinco.com\\\/ca\\\/proyecto\\\/castell-de-sant-jordi-a-lametlla-de-mar-tarragona\\\/#breadcrumb\"},\"inLanguage\":\"ca\",\"potentialAction\":[{\"@type\":\"ReadAction\",\"target\":[\"https:\\\/\\\/breinco.com\\\/ca\\\/proyecto\\\/castell-de-sant-jordi-a-lametlla-de-mar-tarragona\\\/\"]}]},{\"@type\":\"BreadcrumbList\",\"@id\":\"https:\\\/\\\/breinco.com\\\/ca\\\/proyecto\\\/castell-de-sant-jordi-a-lametlla-de-mar-tarragona\\\/#breadcrumb\",\"itemListElement\":[{\"@type\":\"ListItem\",\"position\":1,\"name\":\"Portada\",\"item\":\"https:\\\/\\\/breinco.com\\\/ca\\\/\"},{\"@type\":\"ListItem\",\"position\":2,\"name\":\"Proyectos\",\"item\":\"https:\\\/\\\/breinco.com\\\/ca\\\/proyecto\\\/\"},{\"@type\":\"ListItem\",\"position\":3,\"name\":\"Castell de Sant Jordi a l\u2019Ametlla de Mar, Tarragona\"}]},{\"@type\":\"WebSite\",\"@id\":\"https:\\\/\\\/breinco.com\\\/ca\\\/#website\",\"url\":\"https:\\\/\\\/breinco.com\\\/ca\\\/\",\"name\":\"Breinco\",\"description\":\"\",\"publisher\":{\"@id\":\"https:\\\/\\\/breinco.com\\\/ca\\\/#organization\"},\"alternateName\":\"Urban Furniture, Architecture and Landscaping\",\"potentialAction\":[{\"@type\":\"SearchAction\",\"target\":{\"@type\":\"EntryPoint\",\"urlTemplate\":\"https:\\\/\\\/breinco.com\\\/ca\\\/?s={search_term_string}\"},\"query-input\":{\"@type\":\"PropertyValueSpecification\",\"valueRequired\":true,\"valueName\":\"search_term_string\"}}],\"inLanguage\":\"ca\"},{\"@type\":\"Organization\",\"@id\":\"https:\\\/\\\/breinco.com\\\/ca\\\/#organization\",\"name\":\"Breinco\",\"url\":\"https:\\\/\\\/breinco.com\\\/ca\\\/\",\"logo\":{\"@type\":\"ImageObject\",\"inLanguage\":\"ca\",\"@id\":\"https:\\\/\\\/breinco.com\\\/ca\\\/#\\\/schema\\\/logo\\\/image\\\/\",\"url\":\"https:\\\/\\\/breinco.com\\\/wp-content\\\/uploads\\\/2025\\\/04\\\/breinco-brand.svg\",\"contentUrl\":\"https:\\\/\\\/breinco.com\\\/wp-content\\\/uploads\\\/2025\\\/04\\\/breinco-brand.svg\",\"width\":26,\"height\":58,\"caption\":\"Breinco\"},\"image\":{\"@id\":\"https:\\\/\\\/breinco.com\\\/ca\\\/#\\\/schema\\\/logo\\\/image\\\/\"},\"sameAs\":[\"https:\\\/\\\/www.facebook.com\\\/breincosmart\\\/\",\"https:\\\/\\\/x.com\\\/breincoGroup\",\"https:\\\/\\\/www.instagram.com\\\/breinco\\\/\",\"https:\\\/\\\/www.linkedin.com\\\/company\\\/breinco-esp\\\/\"]}]}<\/script>\n<!-- \/ Yoast SEO plugin. -->","yoast_head_json":{"title":"Castell de Sant Jordi a l\u2019Ametlla de Mar, Tarragona - Breinco","robots":{"index":"index","follow":"follow","max-snippet":"max-snippet:-1","max-image-preview":"max-image-preview:large","max-video-preview":"max-video-preview:-1"},"canonical":"https:\/\/breinco.com\/ca\/proyecto\/castell-de-sant-jordi-a-lametlla-de-mar-tarragona\/","og_locale":"ca_ES","og_type":"article","og_title":"Castell de Sant Jordi a l\u2019Ametlla de Mar, Tarragona - Breinco","og_description":"El Castell de Sant Jordi, situat sobre una estrat\u00e8gica llengua de roca a l\u2019Ametlla de Mar, \u00e9s un testimoni viu de la hist\u00f2ria de la comarca i de les diferents etapes que han marcat el seu territori, des de l\u2019ocupaci\u00f3 ib\u00e8rica i romana fins a l\u2019Edat Mitjana i la consolidaci\u00f3 de la fortalesa al segle [&hellip;]","og_url":"https:\/\/breinco.com\/ca\/proyecto\/castell-de-sant-jordi-a-lametlla-de-mar-tarragona\/","og_site_name":"Breinco","article_publisher":"https:\/\/www.facebook.com\/breincosmart\/","article_modified_time":"2026-04-17T11:00:44+00:00","og_image":[{"width":1200,"height":800,"url":"https:\/\/breinco.com\/wp-content\/uploads\/2026\/02\/breinco-feat-img.webp","type":"image\/webp"}],"twitter_card":"summary_large_image","twitter_site":"@breincoGroup","twitter_misc":{"Temps estimat de lectura":"2 minuts"},"schema":{"@context":"https:\/\/schema.org","@graph":[{"@type":"WebPage","@id":"https:\/\/breinco.com\/ca\/proyecto\/castell-de-sant-jordi-a-lametlla-de-mar-tarragona\/","url":"https:\/\/breinco.com\/ca\/proyecto\/castell-de-sant-jordi-a-lametlla-de-mar-tarragona\/","name":"Castell de Sant Jordi a l\u2019Ametlla de Mar, Tarragona - Breinco","isPartOf":{"@id":"https:\/\/breinco.com\/ca\/#website"},"datePublished":"2026-02-11T15:52:03+00:00","dateModified":"2026-04-17T11:00:44+00:00","breadcrumb":{"@id":"https:\/\/breinco.com\/ca\/proyecto\/castell-de-sant-jordi-a-lametlla-de-mar-tarragona\/#breadcrumb"},"inLanguage":"ca","potentialAction":[{"@type":"ReadAction","target":["https:\/\/breinco.com\/ca\/proyecto\/castell-de-sant-jordi-a-lametlla-de-mar-tarragona\/"]}]},{"@type":"BreadcrumbList","@id":"https:\/\/breinco.com\/ca\/proyecto\/castell-de-sant-jordi-a-lametlla-de-mar-tarragona\/#breadcrumb","itemListElement":[{"@type":"ListItem","position":1,"name":"Portada","item":"https:\/\/breinco.com\/ca\/"},{"@type":"ListItem","position":2,"name":"Proyectos","item":"https:\/\/breinco.com\/ca\/proyecto\/"},{"@type":"ListItem","position":3,"name":"Castell de Sant Jordi a l\u2019Ametlla de Mar, Tarragona"}]},{"@type":"WebSite","@id":"https:\/\/breinco.com\/ca\/#website","url":"https:\/\/breinco.com\/ca\/","name":"Breinco","description":"","publisher":{"@id":"https:\/\/breinco.com\/ca\/#organization"},"alternateName":"Urban Furniture, Architecture and Landscaping","potentialAction":[{"@type":"SearchAction","target":{"@type":"EntryPoint","urlTemplate":"https:\/\/breinco.com\/ca\/?s={search_term_string}"},"query-input":{"@type":"PropertyValueSpecification","valueRequired":true,"valueName":"search_term_string"}}],"inLanguage":"ca"},{"@type":"Organization","@id":"https:\/\/breinco.com\/ca\/#organization","name":"Breinco","url":"https:\/\/breinco.com\/ca\/","logo":{"@type":"ImageObject","inLanguage":"ca","@id":"https:\/\/breinco.com\/ca\/#\/schema\/logo\/image\/","url":"https:\/\/breinco.com\/wp-content\/uploads\/2025\/04\/breinco-brand.svg","contentUrl":"https:\/\/breinco.com\/wp-content\/uploads\/2025\/04\/breinco-brand.svg","width":26,"height":58,"caption":"Breinco"},"image":{"@id":"https:\/\/breinco.com\/ca\/#\/schema\/logo\/image\/"},"sameAs":["https:\/\/www.facebook.com\/breincosmart\/","https:\/\/x.com\/breincoGroup","https:\/\/www.instagram.com\/breinco\/","https:\/\/www.linkedin.com\/company\/breinco-esp\/"]}]}},"_links":{"self":[{"href":"https:\/\/breinco.com\/ca\/wp-json\/wp\/v2\/proyecto\/22655","targetHints":{"allow":["GET"]}}],"collection":[{"href":"https:\/\/breinco.com\/ca\/wp-json\/wp\/v2\/proyecto"}],"about":[{"href":"https:\/\/breinco.com\/ca\/wp-json\/wp\/v2\/types\/proyecto"}],"wp:attachment":[{"href":"https:\/\/breinco.com\/ca\/wp-json\/wp\/v2\/media?parent=22655"}],"wp:term":[{"taxonomy":"post_tag","embeddable":true,"href":"https:\/\/breinco.com\/ca\/wp-json\/wp\/v2\/tags?post=22655"},{"taxonomy":"categoria-proyecto","embeddable":true,"href":"https:\/\/breinco.com\/ca\/wp-json\/wp\/v2\/categoria-proyecto?post=22655"}],"curies":[{"name":"wp","href":"https:\/\/api.w.org\/{rel}","templated":true}]}}

<p>El Castell de Sant Jordi, situat sobre una estratègica llengua de roca a l’Ametlla de Mar, és un testimoni viu de la història de la comarca i de les diferents etapes que han marcat el seu territori, des de l’ocupació ibèrica i romana fins a l’Edat Mitjana i la consolidació de la fortalesa al segle XVIII. Després d’anys d’abandonament i deteriorament, la fortalesa ha estat recuperada pel municipi, integrant-se en la vida urbana i patrimonial de la vila, i consolidant-se com un espai d’interès cultural i turístic.</p>

<p>El projecte d&#8217;intervenció es centra en els espais exteriors que envolten el castell, incloent-hi l&#8217;entrada principal, l&#8217;aparcament i els recorreguts peatonals. L&#8217;objectiu era oferir un paviment homogeni, funcional i visualment atractiu que acompanyés l&#8217;arquitectura històrica i facilités el trànsit de visitants i vehicles lleugers.</p>

<p>Per a fer-ho, s&#8217;ha incorporat <strong>Tegula® six</strong>, un paviment rectangular amb acabat rústic d&#8217;alta qualitat decorativa. La seva col·locació a 90º i la combinació de colors suaus, en <strong>Marfil i Mediterrani</strong>, permeten crear superfícies harmòniques i contínues que ressalten la noblesa de la pedra i la història de l&#8217;entorn, mantenint un aire tradicional però reinterpretat amb criteris contemporanis.</p>

<p>Tegula® six s&#8217;ha utilitzat a l&#8217;entrada del castell, a l&#8217;aparcament i als camins que envolten la fortalesa, garantint una superfície resistent i duradora, ideal per a zones de trànsit de vianants i vehicles lleugers. La seva textura i tonalitat aporten calidesa, continuïtat visual i un acabat elegant, fet que reforça la identitat del castell i la seva integració amb el paisatge urbà i natural que l&#8217;envolta.</p>

<p>El resultat és un entorn exterior restaurat i cuidat, on la història, l&#8217;arquitectura i els materials d&#8217;alta qualitat es combinen per oferir un espai funcional, accessible i estèticament coherent, que realça la presència del Castell de Sant Jordi com a patrimoni i punt de trobada a l’Ametlla de Mar. </p>

<!-- This site is optimized with the Yoast SEO plugin v27.5 - https://yoast.com/product/yoast-seo-wordpress/ -->
<title>Castell de Sant Jordi a l’Ametlla de Mar, Tarragona - Breinco</title>
<meta name="robots" content="index, follow, max-snippet:-1, max-image-preview:large, max-video-preview:-1" />
<link rel="canonical" href="https://breinco.com/ca/proyecto/castell-de-sant-jordi-a-lametlla-de-mar-tarragona/" />
<meta property="og:locale" content="ca_ES" />
<meta property="og:type" content="article" />
<meta property="og:title" content="Castell de Sant Jordi a l’Ametlla de Mar, Tarragona - Breinco" />
<meta property="og:description" content="El Castell de Sant Jordi, situat sobre una estratègica llengua de roca a l’Ametlla de Mar, és un testimoni viu de la història de la comarca i de les diferents etapes que han marcat el seu territori, des de l’ocupació ibèrica i romana fins a l’Edat Mitjana i la consolidació de la fortalesa al segle [&hellip;]" />
<meta property="og:url" content="https://breinco.com/ca/proyecto/castell-de-sant-jordi-a-lametlla-de-mar-tarragona/" />
<meta property="og:site_name" content="Breinco" />
<meta property="article:publisher" content="https://www.facebook.com/breincosmart/" />
<meta property="article:modified_time" content="2026-04-17T11:00:44+00:00" />
<meta property="og:image" content="https://breinco.com/wp-content/uploads/2026/02/breinco-feat-img.webp" />
	<meta property="og:image:width" content="1200" />
	<meta property="og:image:height" content="800" />
	<meta property="og:image:type" content="image/webp" />
<meta name="twitter:card" content="summary_large_image" />
<meta name="twitter:site" content="@breincoGroup" />
<meta name="twitter:label1" content="Temps estimat de lectura" />
	<meta name="twitter:data1" content="2 minuts" />
<script type="application/ld+json" class="yoast-schema-graph">{"@context":"https:\/\/schema.org","@graph":[{"@type":"WebPage","@id":"https:\/\/breinco.com\/ca\/proyecto\/castell-de-sant-jordi-a-lametlla-de-mar-tarragona\/","url":"https:\/\/breinco.com\/ca\/proyecto\/castell-de-sant-jordi-a-lametlla-de-mar-tarragona\/","name":"Castell de Sant Jordi a l’Ametlla de Mar, Tarragona - Breinco","isPartOf":{"@id":"https:\/\/breinco.com\/ca\/#website"},"datePublished":"2026-02-11T15:52:03+00:00","dateModified":"2026-04-17T11:00:44+00:00","breadcrumb":{"@id":"https:\/\/breinco.com\/ca\/proyecto\/castell-de-sant-jordi-a-lametlla-de-mar-tarragona\/#breadcrumb"},"inLanguage":"ca","potentialAction":[{"@type":"ReadAction","target":["https:\/\/breinco.com\/ca\/proyecto\/castell-de-sant-jordi-a-lametlla-de-mar-tarragona\/"]}]},{"@type":"BreadcrumbList","@id":"https:\/\/breinco.com\/ca\/proyecto\/castell-de-sant-jordi-a-lametlla-de-mar-tarragona\/#breadcrumb","itemListElement":[{"@type":"ListItem","position":1,"name":"Portada","item":"https:\/\/breinco.com\/ca\/"},{"@type":"ListItem","position":2,"name":"Proyectos","item":"https:\/\/breinco.com\/ca\/proyecto\/"},{"@type":"ListItem","position":3,"name":"Castell de Sant Jordi a l’Ametlla de Mar, Tarragona"}]},{"@type":"WebSite","@id":"https:\/\/breinco.com\/ca\/#website","url":"https:\/\/breinco.com\/ca\/","name":"Breinco","description":"","publisher":{"@id":"https:\/\/breinco.com\/ca\/#organization"},"alternateName":"Urban Furniture, Architecture and Landscaping","potentialAction":[{"@type":"SearchAction","target":{"@type":"EntryPoint","urlTemplate":"https:\/\/breinco.com\/ca\/?s={search_term_string}"},"query-input":{"@type":"PropertyValueSpecification","valueRequired":true,"valueName":"search_term_string"}}],"inLanguage":"ca"},{"@type":"Organization","@id":"https:\/\/breinco.com\/ca\/#organization","name":"Breinco","url":"https:\/\/breinco.com\/ca\/","logo":{"@type":"ImageObject","inLanguage":"ca","@id":"https:\/\/breinco.com\/ca\/#\/schema\/logo\/image\/","url":"https:\/\/breinco.com\/wp-content\/uploads\/2025\/04\/breinco-brand.svg","contentUrl":"https:\/\/breinco.com\/wp-content\/uploads\/2025\/04\/breinco-brand.svg","width":26,"height":58,"caption":"Breinco"},"image":{"@id":"https:\/\/breinco.com\/ca\/#\/schema\/logo\/image\/"},"sameAs":["https:\/\/www.facebook.com\/breincosmart\/","https:\/\/x.com\/breincoGroup","https:\/\/www.instagram.com\/breinco\/","https:\/\/www.linkedin.com\/company\/breinco-esp\/"]}]}</script>
<!-- / Yoast SEO plugin. -->

El Castell de Sant Jordi, situat sobre una estratègica llengua de roca a l’Ametlla de Mar, és un testimoni viu de la història de la comarca i de les diferents etapes que han marcat el seu territori, des de l’ocupació ibèrica i romana fins a l’Edat Mitjana i la consolidació de la fortalesa al segle [&hellip;]
