{"id":14228,"date":"2026-02-23T15:02:47","date_gmt":"2026-02-23T14:02:47","guid":{"rendered":"https:\/\/dev.breinco.com\/?post_type=proyecto&#038;p=14228"},"modified":"2026-03-02T16:48:45","modified_gmt":"2026-03-02T15:48:45","slug":"consell-comarcal-del-baix-llobregat","status":"publish","type":"proyecto","link":"https:\/\/breinco.com\/es\/proyecto\/consell-comarcal-del-baix-llobregat\/","title":{"rendered":"Consell Comarcal del Baix Llobregat"},"content":{"rendered":"\n<p>El <strong>Consell Comarcal del Baix Llobregat<\/strong> se concibe como un espacio p\u00fablico representativo, abierto y accesible, pensado para el uso cotidiano, la estancia y la relaci\u00f3n ciudadana. Un entorno institucional que apuesta por la calidad urbana y la sostenibilidad como valores centrales del proyecto.<\/p>\n\n\n\n<p>En esta intervenci\u00f3n se ha incorporado <strong>Acqua pave<\/strong>, un adoqu\u00edn permeable que permite pavimentar la superficie sin sellarla, favoreciendo una gesti\u00f3n eficiente del agua de lluvia. Gracias a su estructura porosa, el agua se filtra directamente a las capas inferiores, evitando la escorrent\u00eda y contribuyendo a la recarga del subsuelo, una cualidad especialmente relevante en espacios p\u00fablicos de uso intensivo.<\/p>\n\n\n\n<p>La soluci\u00f3n adoptada combina funcionalidad y confort. <strong>Acqua pave<\/strong> ofrece una superficie continua, estable y segura para el tr\u00e1nsito peatonal, permitiendo caminar sin tropiezos y reduciendo el ruido en zonas de paso. Su elevada capacidad drenante \u2014tanto en versi\u00f3n monocapa como bicapa\u2014 lo convierte en una respuesta eficaz frente a episodios de lluvia, mejorando el comportamiento hidr\u00e1ulico del pavimento y la durabilidad del conjunto.<\/p>\n\n\n\n<p>Adem\u00e1s de sus prestaciones t\u00e9cnicas, el pavimento aporta una imagen sobria y contempor\u00e1nea que se integra de forma natural en el entorno institucional de la plaza. El resultado es un espacio m\u00e1s resiliente, confortable y preparado para las necesidades actuales, donde dise\u00f1o urbano y sostenibilidad se combinan para mejorar la calidad del espacio p\u00fablico.<\/p>\n","protected":false},"featured_media":14229,"template":"","meta":{"_acf_changed":true},"tags":[86],"categoria-proyecto":[],"class_list":["post-14228","proyecto","type-proyecto","status-publish","has-post-thumbnail","hentry","tag-acqua-pave"],"acf":[],"yoast_head":"<!-- This site is optimized with the Yoast SEO plugin v27.5 - https:\/\/yoast.com\/product\/yoast-seo-wordpress\/ -->\n<title>Consell Comarcal del Baix Llobregat - Breinco<\/title>\n<meta name=\"robots\" content=\"index, follow, max-snippet:-1, max-image-preview:large, max-video-preview:-1\" \/>\n<link rel=\"canonical\" href=\"https:\/\/breinco.com\/es\/proyecto\/consell-comarcal-del-baix-llobregat\/\" \/>\n<meta property=\"og:locale\" content=\"es_ES\" \/>\n<meta property=\"og:type\" content=\"article\" \/>\n<meta property=\"og:title\" content=\"Consell Comarcal del Baix Llobregat - Breinco\" \/>\n<meta property=\"og:description\" content=\"El Consell Comarcal del Baix Llobregat se concibe como un espacio p\u00fablico representativo, abierto y accesible, pensado para el uso cotidiano, la estancia y la relaci\u00f3n ciudadana. Un entorno institucional que apuesta por la calidad urbana y la sostenibilidad como valores centrales del proyecto. En esta intervenci\u00f3n se ha incorporado Acqua pave, un adoqu\u00edn permeable [&hellip;]\" \/>\n<meta property=\"og:url\" content=\"https:\/\/breinco.com\/es\/proyecto\/consell-comarcal-del-baix-llobregat\/\" \/>\n<meta property=\"og:site_name\" content=\"Breinco\" \/>\n<meta property=\"article:publisher\" content=\"https:\/\/www.facebook.com\/breincosmart\/\" \/>\n<meta property=\"article:modified_time\" content=\"2026-03-02T15:48:45+00:00\" \/>\n<meta property=\"og:image\" content=\"https:\/\/breinco.com\/wp-content\/uploads\/2026\/02\/Acqua-pave-contract-grey-consell-comarcal-barcelona.jpg\" \/>\n\t<meta property=\"og:image:width\" content=\"1800\" \/>\n\t<meta property=\"og:image:height\" content=\"1200\" \/>\n\t<meta property=\"og:image:type\" content=\"image\/jpeg\" \/>\n<meta name=\"twitter:card\" content=\"summary_large_image\" \/>\n<meta name=\"twitter:site\" content=\"@breincoGroup\" \/>\n<meta name=\"twitter:label1\" content=\"Tiempo de lectura\" \/>\n\t<meta name=\"twitter:data1\" content=\"2 minutos\" \/>\n<script type=\"application\/ld+json\" class=\"yoast-schema-graph\">{\"@context\":\"https:\\\/\\\/schema.org\",\"@graph\":[{\"@type\":\"WebPage\",\"@id\":\"https:\\\/\\\/breinco.com\\\/es\\\/proyecto\\\/consell-comarcal-del-baix-llobregat\\\/\",\"url\":\"https:\\\/\\\/breinco.com\\\/es\\\/proyecto\\\/consell-comarcal-del-baix-llobregat\\\/\",\"name\":\"Consell Comarcal del Baix Llobregat - Breinco\",\"isPartOf\":{\"@id\":\"https:\\\/\\\/breinco.com\\\/es\\\/#website\"},\"primaryImageOfPage\":{\"@id\":\"https:\\\/\\\/breinco.com\\\/es\\\/proyecto\\\/consell-comarcal-del-baix-llobregat\\\/#primaryimage\"},\"image\":{\"@id\":\"https:\\\/\\\/breinco.com\\\/es\\\/proyecto\\\/consell-comarcal-del-baix-llobregat\\\/#primaryimage\"},\"thumbnailUrl\":\"https:\\\/\\\/breinco.com\\\/wp-content\\\/uploads\\\/2026\\\/02\\\/Acqua-pave-contract-grey-consell-comarcal-barcelona.jpg\",\"datePublished\":\"2026-02-23T14:02:47+00:00\",\"dateModified\":\"2026-03-02T15:48:45+00:00\",\"breadcrumb\":{\"@id\":\"https:\\\/\\\/breinco.com\\\/es\\\/proyecto\\\/consell-comarcal-del-baix-llobregat\\\/#breadcrumb\"},\"inLanguage\":\"es\",\"potentialAction\":[{\"@type\":\"ReadAction\",\"target\":[\"https:\\\/\\\/breinco.com\\\/es\\\/proyecto\\\/consell-comarcal-del-baix-llobregat\\\/\"]}]},{\"@type\":\"ImageObject\",\"inLanguage\":\"es\",\"@id\":\"https:\\\/\\\/breinco.com\\\/es\\\/proyecto\\\/consell-comarcal-del-baix-llobregat\\\/#primaryimage\",\"url\":\"https:\\\/\\\/breinco.com\\\/wp-content\\\/uploads\\\/2026\\\/02\\\/Acqua-pave-contract-grey-consell-comarcal-barcelona.jpg\",\"contentUrl\":\"https:\\\/\\\/breinco.com\\\/wp-content\\\/uploads\\\/2026\\\/02\\\/Acqua-pave-contract-grey-consell-comarcal-barcelona.jpg\",\"width\":1800,\"height\":1200},{\"@type\":\"BreadcrumbList\",\"@id\":\"https:\\\/\\\/breinco.com\\\/es\\\/proyecto\\\/consell-comarcal-del-baix-llobregat\\\/#breadcrumb\",\"itemListElement\":[{\"@type\":\"ListItem\",\"position\":1,\"name\":\"Portada\",\"item\":\"https:\\\/\\\/breinco.com\\\/es\\\/\"},{\"@type\":\"ListItem\",\"position\":2,\"name\":\"Proyectos\",\"item\":\"https:\\\/\\\/breinco.com\\\/es\\\/proyecto\\\/\"},{\"@type\":\"ListItem\",\"position\":3,\"name\":\"Consell Comarcal del Baix Llobregat\"}]},{\"@type\":\"WebSite\",\"@id\":\"https:\\\/\\\/breinco.com\\\/es\\\/#website\",\"url\":\"https:\\\/\\\/breinco.com\\\/es\\\/\",\"name\":\"Breinco\",\"description\":\"\",\"publisher\":{\"@id\":\"https:\\\/\\\/breinco.com\\\/es\\\/#organization\"},\"alternateName\":\"Urban Furniture, Architecture and Landscaping\",\"potentialAction\":[{\"@type\":\"SearchAction\",\"target\":{\"@type\":\"EntryPoint\",\"urlTemplate\":\"https:\\\/\\\/breinco.com\\\/es\\\/?s={search_term_string}\"},\"query-input\":{\"@type\":\"PropertyValueSpecification\",\"valueRequired\":true,\"valueName\":\"search_term_string\"}}],\"inLanguage\":\"es\"},{\"@type\":\"Organization\",\"@id\":\"https:\\\/\\\/breinco.com\\\/es\\\/#organization\",\"name\":\"Breinco\",\"url\":\"https:\\\/\\\/breinco.com\\\/es\\\/\",\"logo\":{\"@type\":\"ImageObject\",\"inLanguage\":\"es\",\"@id\":\"https:\\\/\\\/breinco.com\\\/es\\\/#\\\/schema\\\/logo\\\/image\\\/\",\"url\":\"https:\\\/\\\/breinco.com\\\/wp-content\\\/uploads\\\/2025\\\/04\\\/breinco-brand.svg\",\"contentUrl\":\"https:\\\/\\\/breinco.com\\\/wp-content\\\/uploads\\\/2025\\\/04\\\/breinco-brand.svg\",\"width\":26,\"height\":58,\"caption\":\"Breinco\"},\"image\":{\"@id\":\"https:\\\/\\\/breinco.com\\\/es\\\/#\\\/schema\\\/logo\\\/image\\\/\"},\"sameAs\":[\"https:\\\/\\\/www.facebook.com\\\/breincosmart\\\/\",\"https:\\\/\\\/x.com\\\/breincoGroup\",\"https:\\\/\\\/www.instagram.com\\\/breinco\\\/\",\"https:\\\/\\\/www.linkedin.com\\\/company\\\/breinco-esp\\\/\"]}]}<\/script>\n<!-- \/ Yoast SEO plugin. -->","yoast_head_json":{"title":"Consell Comarcal del Baix Llobregat - Breinco","robots":{"index":"index","follow":"follow","max-snippet":"max-snippet:-1","max-image-preview":"max-image-preview:large","max-video-preview":"max-video-preview:-1"},"canonical":"https:\/\/breinco.com\/es\/proyecto\/consell-comarcal-del-baix-llobregat\/","og_locale":"es_ES","og_type":"article","og_title":"Consell Comarcal del Baix Llobregat - Breinco","og_description":"El Consell Comarcal del Baix Llobregat se concibe como un espacio p\u00fablico representativo, abierto y accesible, pensado para el uso cotidiano, la estancia y la relaci\u00f3n ciudadana. Un entorno institucional que apuesta por la calidad urbana y la sostenibilidad como valores centrales del proyecto. En esta intervenci\u00f3n se ha incorporado Acqua pave, un adoqu\u00edn permeable [&hellip;]","og_url":"https:\/\/breinco.com\/es\/proyecto\/consell-comarcal-del-baix-llobregat\/","og_site_name":"Breinco","article_publisher":"https:\/\/www.facebook.com\/breincosmart\/","article_modified_time":"2026-03-02T15:48:45+00:00","og_image":[{"width":1800,"height":1200,"url":"https:\/\/breinco.com\/wp-content\/uploads\/2026\/02\/Acqua-pave-contract-grey-consell-comarcal-barcelona.jpg","type":"image\/jpeg"}],"twitter_card":"summary_large_image","twitter_site":"@breincoGroup","twitter_misc":{"Tiempo de lectura":"2 minutos"},"schema":{"@context":"https:\/\/schema.org","@graph":[{"@type":"WebPage","@id":"https:\/\/breinco.com\/es\/proyecto\/consell-comarcal-del-baix-llobregat\/","url":"https:\/\/breinco.com\/es\/proyecto\/consell-comarcal-del-baix-llobregat\/","name":"Consell Comarcal del Baix Llobregat - Breinco","isPartOf":{"@id":"https:\/\/breinco.com\/es\/#website"},"primaryImageOfPage":{"@id":"https:\/\/breinco.com\/es\/proyecto\/consell-comarcal-del-baix-llobregat\/#primaryimage"},"image":{"@id":"https:\/\/breinco.com\/es\/proyecto\/consell-comarcal-del-baix-llobregat\/#primaryimage"},"thumbnailUrl":"https:\/\/breinco.com\/wp-content\/uploads\/2026\/02\/Acqua-pave-contract-grey-consell-comarcal-barcelona.jpg","datePublished":"2026-02-23T14:02:47+00:00","dateModified":"2026-03-02T15:48:45+00:00","breadcrumb":{"@id":"https:\/\/breinco.com\/es\/proyecto\/consell-comarcal-del-baix-llobregat\/#breadcrumb"},"inLanguage":"es","potentialAction":[{"@type":"ReadAction","target":["https:\/\/breinco.com\/es\/proyecto\/consell-comarcal-del-baix-llobregat\/"]}]},{"@type":"ImageObject","inLanguage":"es","@id":"https:\/\/breinco.com\/es\/proyecto\/consell-comarcal-del-baix-llobregat\/#primaryimage","url":"https:\/\/breinco.com\/wp-content\/uploads\/2026\/02\/Acqua-pave-contract-grey-consell-comarcal-barcelona.jpg","contentUrl":"https:\/\/breinco.com\/wp-content\/uploads\/2026\/02\/Acqua-pave-contract-grey-consell-comarcal-barcelona.jpg","width":1800,"height":1200},{"@type":"BreadcrumbList","@id":"https:\/\/breinco.com\/es\/proyecto\/consell-comarcal-del-baix-llobregat\/#breadcrumb","itemListElement":[{"@type":"ListItem","position":1,"name":"Portada","item":"https:\/\/breinco.com\/es\/"},{"@type":"ListItem","position":2,"name":"Proyectos","item":"https:\/\/breinco.com\/es\/proyecto\/"},{"@type":"ListItem","position":3,"name":"Consell Comarcal del Baix Llobregat"}]},{"@type":"WebSite","@id":"https:\/\/breinco.com\/es\/#website","url":"https:\/\/breinco.com\/es\/","name":"Breinco","description":"","publisher":{"@id":"https:\/\/breinco.com\/es\/#organization"},"alternateName":"Urban Furniture, Architecture and Landscaping","potentialAction":[{"@type":"SearchAction","target":{"@type":"EntryPoint","urlTemplate":"https:\/\/breinco.com\/es\/?s={search_term_string}"},"query-input":{"@type":"PropertyValueSpecification","valueRequired":true,"valueName":"search_term_string"}}],"inLanguage":"es"},{"@type":"Organization","@id":"https:\/\/breinco.com\/es\/#organization","name":"Breinco","url":"https:\/\/breinco.com\/es\/","logo":{"@type":"ImageObject","inLanguage":"es","@id":"https:\/\/breinco.com\/es\/#\/schema\/logo\/image\/","url":"https:\/\/breinco.com\/wp-content\/uploads\/2025\/04\/breinco-brand.svg","contentUrl":"https:\/\/breinco.com\/wp-content\/uploads\/2025\/04\/breinco-brand.svg","width":26,"height":58,"caption":"Breinco"},"image":{"@id":"https:\/\/breinco.com\/es\/#\/schema\/logo\/image\/"},"sameAs":["https:\/\/www.facebook.com\/breincosmart\/","https:\/\/x.com\/breincoGroup","https:\/\/www.instagram.com\/breinco\/","https:\/\/www.linkedin.com\/company\/breinco-esp\/"]}]}},"_links":{"self":[{"href":"https:\/\/breinco.com\/es\/wp-json\/wp\/v2\/proyecto\/14228","targetHints":{"allow":["GET"]}}],"collection":[{"href":"https:\/\/breinco.com\/es\/wp-json\/wp\/v2\/proyecto"}],"about":[{"href":"https:\/\/breinco.com\/es\/wp-json\/wp\/v2\/types\/proyecto"}],"wp:featuredmedia":[{"embeddable":true,"href":"https:\/\/breinco.com\/es\/wp-json\/wp\/v2\/media\/14229"}],"wp:attachment":[{"href":"https:\/\/breinco.com\/es\/wp-json\/wp\/v2\/media?parent=14228"}],"wp:term":[{"taxonomy":"post_tag","embeddable":true,"href":"https:\/\/breinco.com\/es\/wp-json\/wp\/v2\/tags?post=14228"},{"taxonomy":"categoria-proyecto","embeddable":true,"href":"https:\/\/breinco.com\/es\/wp-json\/wp\/v2\/categoria-proyecto?post=14228"}],"curies":[{"name":"wp","href":"https:\/\/api.w.org\/{rel}","templated":true}]}}

<p>El <strong>Consell Comarcal del Baix Llobregat</strong> se concibe como un espacio público representativo, abierto y accesible, pensado para el uso cotidiano, la estancia y la relación ciudadana. Un entorno institucional que apuesta por la calidad urbana y la sostenibilidad como valores centrales del proyecto.</p>



<p>En esta intervención se ha incorporado <strong>Acqua pave</strong>, un adoquín permeable que permite pavimentar la superficie sin sellarla, favoreciendo una gestión eficiente del agua de lluvia. Gracias a su estructura porosa, el agua se filtra directamente a las capas inferiores, evitando la escorrentía y contribuyendo a la recarga del subsuelo, una cualidad especialmente relevante en espacios públicos de uso intensivo.</p>



<p>La solución adoptada combina funcionalidad y confort. <strong>Acqua pave</strong> ofrece una superficie continua, estable y segura para el tránsito peatonal, permitiendo caminar sin tropiezos y reduciendo el ruido en zonas de paso. Su elevada capacidad drenante —tanto en versión monocapa como bicapa— lo convierte en una respuesta eficaz frente a episodios de lluvia, mejorando el comportamiento hidráulico del pavimento y la durabilidad del conjunto.</p>



<p>Además de sus prestaciones técnicas, el pavimento aporta una imagen sobria y contemporánea que se integra de forma natural en el entorno institucional de la plaza. El resultado es un espacio más resiliente, confortable y preparado para las necesidades actuales, donde diseño urbano y sostenibilidad se combinan para mejorar la calidad del espacio público.</p>

<!-- This site is optimized with the Yoast SEO plugin v27.5 - https://yoast.com/product/yoast-seo-wordpress/ -->
<title>Consell Comarcal del Baix Llobregat - Breinco</title>
<meta name="robots" content="index, follow, max-snippet:-1, max-image-preview:large, max-video-preview:-1" />
<link rel="canonical" href="https://breinco.com/es/proyecto/consell-comarcal-del-baix-llobregat/" />
<meta property="og:locale" content="es_ES" />
<meta property="og:type" content="article" />
<meta property="og:title" content="Consell Comarcal del Baix Llobregat - Breinco" />
<meta property="og:description" content="El Consell Comarcal del Baix Llobregat se concibe como un espacio público representativo, abierto y accesible, pensado para el uso cotidiano, la estancia y la relación ciudadana. Un entorno institucional que apuesta por la calidad urbana y la sostenibilidad como valores centrales del proyecto. En esta intervención se ha incorporado Acqua pave, un adoquín permeable [&hellip;]" />
<meta property="og:url" content="https://breinco.com/es/proyecto/consell-comarcal-del-baix-llobregat/" />
<meta property="og:site_name" content="Breinco" />
<meta property="article:publisher" content="https://www.facebook.com/breincosmart/" />
<meta property="article:modified_time" content="2026-03-02T15:48:45+00:00" />
<meta property="og:image" content="https://breinco.com/wp-content/uploads/2026/02/Acqua-pave-contract-grey-consell-comarcal-barcelona.jpg" />
	<meta property="og:image:width" content="1800" />
	<meta property="og:image:height" content="1200" />
	<meta property="og:image:type" content="image/jpeg" />
<meta name="twitter:card" content="summary_large_image" />
<meta name="twitter:site" content="@breincoGroup" />
<meta name="twitter:label1" content="Tiempo de lectura" />
	<meta name="twitter:data1" content="2 minutos" />
<script type="application/ld+json" class="yoast-schema-graph">{"@context":"https:\/\/schema.org","@graph":[{"@type":"WebPage","@id":"https:\/\/breinco.com\/es\/proyecto\/consell-comarcal-del-baix-llobregat\/","url":"https:\/\/breinco.com\/es\/proyecto\/consell-comarcal-del-baix-llobregat\/","name":"Consell Comarcal del Baix Llobregat - Breinco","isPartOf":{"@id":"https:\/\/breinco.com\/es\/#website"},"primaryImageOfPage":{"@id":"https:\/\/breinco.com\/es\/proyecto\/consell-comarcal-del-baix-llobregat\/#primaryimage"},"image":{"@id":"https:\/\/breinco.com\/es\/proyecto\/consell-comarcal-del-baix-llobregat\/#primaryimage"},"thumbnailUrl":"https:\/\/breinco.com\/wp-content\/uploads\/2026\/02\/Acqua-pave-contract-grey-consell-comarcal-barcelona.jpg","datePublished":"2026-02-23T14:02:47+00:00","dateModified":"2026-03-02T15:48:45+00:00","breadcrumb":{"@id":"https:\/\/breinco.com\/es\/proyecto\/consell-comarcal-del-baix-llobregat\/#breadcrumb"},"inLanguage":"es","potentialAction":[{"@type":"ReadAction","target":["https:\/\/breinco.com\/es\/proyecto\/consell-comarcal-del-baix-llobregat\/"]}]},{"@type":"ImageObject","inLanguage":"es","@id":"https:\/\/breinco.com\/es\/proyecto\/consell-comarcal-del-baix-llobregat\/#primaryimage","url":"https:\/\/breinco.com\/wp-content\/uploads\/2026\/02\/Acqua-pave-contract-grey-consell-comarcal-barcelona.jpg","contentUrl":"https:\/\/breinco.com\/wp-content\/uploads\/2026\/02\/Acqua-pave-contract-grey-consell-comarcal-barcelona.jpg","width":1800,"height":1200},{"@type":"BreadcrumbList","@id":"https:\/\/breinco.com\/es\/proyecto\/consell-comarcal-del-baix-llobregat\/#breadcrumb","itemListElement":[{"@type":"ListItem","position":1,"name":"Portada","item":"https:\/\/breinco.com\/es\/"},{"@type":"ListItem","position":2,"name":"Proyectos","item":"https:\/\/breinco.com\/es\/proyecto\/"},{"@type":"ListItem","position":3,"name":"Consell Comarcal del Baix Llobregat"}]},{"@type":"WebSite","@id":"https:\/\/breinco.com\/es\/#website","url":"https:\/\/breinco.com\/es\/","name":"Breinco","description":"","publisher":{"@id":"https:\/\/breinco.com\/es\/#organization"},"alternateName":"Urban Furniture, Architecture and Landscaping","potentialAction":[{"@type":"SearchAction","target":{"@type":"EntryPoint","urlTemplate":"https:\/\/breinco.com\/es\/?s={search_term_string}"},"query-input":{"@type":"PropertyValueSpecification","valueRequired":true,"valueName":"search_term_string"}}],"inLanguage":"es"},{"@type":"Organization","@id":"https:\/\/breinco.com\/es\/#organization","name":"Breinco","url":"https:\/\/breinco.com\/es\/","logo":{"@type":"ImageObject","inLanguage":"es","@id":"https:\/\/breinco.com\/es\/#\/schema\/logo\/image\/","url":"https:\/\/breinco.com\/wp-content\/uploads\/2025\/04\/breinco-brand.svg","contentUrl":"https:\/\/breinco.com\/wp-content\/uploads\/2025\/04\/breinco-brand.svg","width":26,"height":58,"caption":"Breinco"},"image":{"@id":"https:\/\/breinco.com\/es\/#\/schema\/logo\/image\/"},"sameAs":["https:\/\/www.facebook.com\/breincosmart\/","https:\/\/x.com\/breincoGroup","https:\/\/www.instagram.com\/breinco\/","https:\/\/www.linkedin.com\/company\/breinco-esp\/"]}]}</script>
<!-- / Yoast SEO plugin. -->

El Consell Comarcal del Baix Llobregat se concibe como un espacio público representativo, abierto y accesible, pensado para el uso cotidiano, la estancia y la relación ciudadana. Un entorno institucional que apuesta por la calidad urbana y la sostenibilidad como valores centrales del proyecto. En esta intervención se ha incorporado Acqua pave, un adoquín permeable [&hellip;]
