{"id":21273,"date":"2025-07-01T10:10:03","date_gmt":"2025-07-01T08:10:03","guid":{"rendered":"https:\/\/breinco.com\/proyecto\/cap-llinars-del-valles\/"},"modified":"2026-04-13T12:18:27","modified_gmt":"2026-04-13T10:18:27","slug":"cap-llinars-del-valles","status":"publish","type":"proyecto","link":"https:\/\/breinco.com\/fr\/proyecto\/cap-llinars-del-valles\/","title":{"rendered":"CAP Llinars del Vall\u00e8s"},"content":{"rendered":"\n<p>Le Centre de Soins Primaires (CAP) de Llinars del Vall\u00e8s est con\u00e7u comme un \u00e9quipement sanitaire contemporain, o\u00f9 la fonctionnalit\u00e9, la durabilit\u00e9 et la qualit\u00e9 architecturale s\u2019int\u00e8grent pour r\u00e9pondre aux besoins de l\u2019environnement et de ses usagers. Le projet mise sur une image solide et intemporelle, avec une attention particuli\u00e8re port\u00e9e \u00e0 la conception de son enveloppe et de ses espaces ext\u00e9rieurs.<\/p>\n\n<p>La fa\u00e7ade du b\u00e2timent est r\u00e9alis\u00e9e au moyen de panneaux en b\u00e9ton architectural pr\u00e9fabriqu\u00e9 avec la technologie Wetcast\u00ae, une solution qui permet une grande pr\u00e9cision des finitions et une forte polyvalence formelle. Gr\u00e2ce \u00e0 ce syst\u00e8me, des pi\u00e8ces de grand format aux textures et tonalit\u00e9s homog\u00e8nes ont \u00e9t\u00e9 d\u00e9velopp\u00e9es, apportant du caract\u00e8re \u00e0 l\u2019ensemble et garantissant un excellent comportement dans le temps.<\/p>\n\n<p>Dans les espaces ext\u00e9rieurs, le projet est compl\u00e9t\u00e9 par un rev\u00eatement en Llosa Vulcano\u00ae, une solution robuste et fonctionnelle qui assure une continuit\u00e9 esth\u00e9tique avec l\u2019architecture du b\u00e2timent. Sa r\u00e9sistance et la qualit\u00e9 de sa surface en font une option id\u00e9ale pour les espaces \u00e0 usage intensif, contribuant \u00e0 cr\u00e9er un environnement accessible, ordonn\u00e9 et confortable.<\/p>\n\n<p>Nous apportons des solutions constructives qui allient innovation technique et valeur architecturale, contribuant \u00e0 la cr\u00e9ation d\u2019un espace de sant\u00e9 efficace, durable et pleinement int\u00e9gr\u00e9 dans son contexte.<\/p>\n\n<p><\/p>\n","protected":false},"featured_media":20821,"template":"","meta":{"_acf_changed":false},"tags":[938,937],"categoria-proyecto":[936],"class_list":["post-21273","proyecto","type-proyecto","status-publish","has-post-thumbnail","hentry","tag-llosa-vulcano","tag-wetcast","categoria-proyecto-beton-architectonique"],"acf":[],"yoast_head":"<!-- This site is optimized with the Yoast SEO plugin v27.4 - https:\/\/yoast.com\/product\/yoast-seo-wordpress\/ -->\n<title>CAP Llinars del Vall\u00e8s - Breinco<\/title>\n<meta name=\"robots\" content=\"index, follow, max-snippet:-1, max-image-preview:large, max-video-preview:-1\" \/>\n<link rel=\"canonical\" href=\"https:\/\/breinco.com\/fr\/proyecto\/cap-llinars-del-valles\/\" \/>\n<meta property=\"og:locale\" content=\"fr_FR\" \/>\n<meta property=\"og:type\" content=\"article\" \/>\n<meta property=\"og:title\" content=\"CAP Llinars del Vall\u00e8s - Breinco\" \/>\n<meta property=\"og:description\" content=\"Le Centre de Soins Primaires (CAP) de Llinars del Vall\u00e8s est con\u00e7u comme un \u00e9quipement sanitaire contemporain, o\u00f9 la fonctionnalit\u00e9, la durabilit\u00e9 et la qualit\u00e9 architecturale s\u2019int\u00e8grent pour r\u00e9pondre aux besoins de l\u2019environnement et de ses usagers. Le projet mise sur une image solide et intemporelle, avec une attention particuli\u00e8re port\u00e9e \u00e0 la conception de [&hellip;]\" \/>\n<meta property=\"og:url\" content=\"https:\/\/breinco.com\/fr\/proyecto\/cap-llinars-del-valles\/\" \/>\n<meta property=\"og:site_name\" content=\"Breinco\" \/>\n<meta property=\"article:publisher\" content=\"https:\/\/www.facebook.com\/breincosmart\/\" \/>\n<meta property=\"article:modified_time\" content=\"2026-04-13T10:18:27+00:00\" \/>\n<meta property=\"og:image\" content=\"https:\/\/breinco.com\/wp-content\/uploads\/2025\/07\/Breinco-wetcast-cap-llinars-Simple.webp\" \/>\n\t<meta property=\"og:image:width\" content=\"1800\" \/>\n\t<meta property=\"og:image:height\" content=\"1200\" \/>\n\t<meta property=\"og:image:type\" content=\"image\/webp\" \/>\n<meta name=\"twitter:card\" content=\"summary_large_image\" \/>\n<meta name=\"twitter:site\" content=\"@breincoGroup\" \/>\n<meta name=\"twitter:label1\" content=\"Dur\u00e9e de lecture estim\u00e9e\" \/>\n\t<meta name=\"twitter:data1\" content=\"1 minute\" \/>\n<script type=\"application\/ld+json\" class=\"yoast-schema-graph\">{\"@context\":\"https:\\\/\\\/schema.org\",\"@graph\":[{\"@type\":\"WebPage\",\"@id\":\"https:\\\/\\\/breinco.com\\\/fr\\\/proyecto\\\/cap-llinars-del-valles\\\/\",\"url\":\"https:\\\/\\\/breinco.com\\\/fr\\\/proyecto\\\/cap-llinars-del-valles\\\/\",\"name\":\"CAP Llinars del Vall\u00e8s - Breinco\",\"isPartOf\":{\"@id\":\"https:\\\/\\\/breinco.com\\\/fr\\\/#website\"},\"primaryImageOfPage\":{\"@id\":\"https:\\\/\\\/breinco.com\\\/fr\\\/proyecto\\\/cap-llinars-del-valles\\\/#primaryimage\"},\"image\":{\"@id\":\"https:\\\/\\\/breinco.com\\\/fr\\\/proyecto\\\/cap-llinars-del-valles\\\/#primaryimage\"},\"thumbnailUrl\":\"https:\\\/\\\/breinco.com\\\/wp-content\\\/uploads\\\/2025\\\/07\\\/Breinco-wetcast-cap-llinars-Simple.webp\",\"datePublished\":\"2025-07-01T08:10:03+00:00\",\"dateModified\":\"2026-04-13T10:18:27+00:00\",\"breadcrumb\":{\"@id\":\"https:\\\/\\\/breinco.com\\\/fr\\\/proyecto\\\/cap-llinars-del-valles\\\/#breadcrumb\"},\"inLanguage\":\"fr-FR\",\"potentialAction\":[{\"@type\":\"ReadAction\",\"target\":[\"https:\\\/\\\/breinco.com\\\/fr\\\/proyecto\\\/cap-llinars-del-valles\\\/\"]}]},{\"@type\":\"ImageObject\",\"inLanguage\":\"fr-FR\",\"@id\":\"https:\\\/\\\/breinco.com\\\/fr\\\/proyecto\\\/cap-llinars-del-valles\\\/#primaryimage\",\"url\":\"https:\\\/\\\/breinco.com\\\/wp-content\\\/uploads\\\/2025\\\/07\\\/Breinco-wetcast-cap-llinars-Simple.webp\",\"contentUrl\":\"https:\\\/\\\/breinco.com\\\/wp-content\\\/uploads\\\/2025\\\/07\\\/Breinco-wetcast-cap-llinars-Simple.webp\",\"width\":1800,\"height\":1200},{\"@type\":\"BreadcrumbList\",\"@id\":\"https:\\\/\\\/breinco.com\\\/fr\\\/proyecto\\\/cap-llinars-del-valles\\\/#breadcrumb\",\"itemListElement\":[{\"@type\":\"ListItem\",\"position\":1,\"name\":\"Accueil\",\"item\":\"https:\\\/\\\/breinco.com\\\/fr\\\/\"},{\"@type\":\"ListItem\",\"position\":2,\"name\":\"Proyectos\",\"item\":\"https:\\\/\\\/breinco.com\\\/fr\\\/proyecto\\\/\"},{\"@type\":\"ListItem\",\"position\":3,\"name\":\"CAP Llinars del Vall\u00e8s\"}]},{\"@type\":\"WebSite\",\"@id\":\"https:\\\/\\\/breinco.com\\\/fr\\\/#website\",\"url\":\"https:\\\/\\\/breinco.com\\\/fr\\\/\",\"name\":\"Breinco\",\"description\":\"\",\"publisher\":{\"@id\":\"https:\\\/\\\/breinco.com\\\/fr\\\/#organization\"},\"alternateName\":\"Urban Furniture, Architecture and Landscaping\",\"potentialAction\":[{\"@type\":\"SearchAction\",\"target\":{\"@type\":\"EntryPoint\",\"urlTemplate\":\"https:\\\/\\\/breinco.com\\\/fr\\\/?s={search_term_string}\"},\"query-input\":{\"@type\":\"PropertyValueSpecification\",\"valueRequired\":true,\"valueName\":\"search_term_string\"}}],\"inLanguage\":\"fr-FR\"},{\"@type\":\"Organization\",\"@id\":\"https:\\\/\\\/breinco.com\\\/fr\\\/#organization\",\"name\":\"Breinco\",\"url\":\"https:\\\/\\\/breinco.com\\\/fr\\\/\",\"logo\":{\"@type\":\"ImageObject\",\"inLanguage\":\"fr-FR\",\"@id\":\"https:\\\/\\\/breinco.com\\\/fr\\\/#\\\/schema\\\/logo\\\/image\\\/\",\"url\":\"https:\\\/\\\/breinco.com\\\/wp-content\\\/uploads\\\/2025\\\/04\\\/breinco-brand.svg\",\"contentUrl\":\"https:\\\/\\\/breinco.com\\\/wp-content\\\/uploads\\\/2025\\\/04\\\/breinco-brand.svg\",\"width\":26,\"height\":58,\"caption\":\"Breinco\"},\"image\":{\"@id\":\"https:\\\/\\\/breinco.com\\\/fr\\\/#\\\/schema\\\/logo\\\/image\\\/\"},\"sameAs\":[\"https:\\\/\\\/www.facebook.com\\\/breincosmart\\\/\",\"https:\\\/\\\/x.com\\\/breincoGroup\",\"https:\\\/\\\/www.instagram.com\\\/breinco\\\/\",\"https:\\\/\\\/www.linkedin.com\\\/company\\\/breinco-esp\\\/\"]}]}<\/script>\n<!-- \/ Yoast SEO plugin. -->","yoast_head_json":{"title":"CAP Llinars del Vall\u00e8s - Breinco","robots":{"index":"index","follow":"follow","max-snippet":"max-snippet:-1","max-image-preview":"max-image-preview:large","max-video-preview":"max-video-preview:-1"},"canonical":"https:\/\/breinco.com\/fr\/proyecto\/cap-llinars-del-valles\/","og_locale":"fr_FR","og_type":"article","og_title":"CAP Llinars del Vall\u00e8s - Breinco","og_description":"Le Centre de Soins Primaires (CAP) de Llinars del Vall\u00e8s est con\u00e7u comme un \u00e9quipement sanitaire contemporain, o\u00f9 la fonctionnalit\u00e9, la durabilit\u00e9 et la qualit\u00e9 architecturale s\u2019int\u00e8grent pour r\u00e9pondre aux besoins de l\u2019environnement et de ses usagers. Le projet mise sur une image solide et intemporelle, avec une attention particuli\u00e8re port\u00e9e \u00e0 la conception de [&hellip;]","og_url":"https:\/\/breinco.com\/fr\/proyecto\/cap-llinars-del-valles\/","og_site_name":"Breinco","article_publisher":"https:\/\/www.facebook.com\/breincosmart\/","article_modified_time":"2026-04-13T10:18:27+00:00","og_image":[{"width":1800,"height":1200,"url":"https:\/\/breinco.com\/wp-content\/uploads\/2025\/07\/Breinco-wetcast-cap-llinars-Simple.webp","type":"image\/webp"}],"twitter_card":"summary_large_image","twitter_site":"@breincoGroup","twitter_misc":{"Dur\u00e9e de lecture estim\u00e9e":"1 minute"},"schema":{"@context":"https:\/\/schema.org","@graph":[{"@type":"WebPage","@id":"https:\/\/breinco.com\/fr\/proyecto\/cap-llinars-del-valles\/","url":"https:\/\/breinco.com\/fr\/proyecto\/cap-llinars-del-valles\/","name":"CAP Llinars del Vall\u00e8s - Breinco","isPartOf":{"@id":"https:\/\/breinco.com\/fr\/#website"},"primaryImageOfPage":{"@id":"https:\/\/breinco.com\/fr\/proyecto\/cap-llinars-del-valles\/#primaryimage"},"image":{"@id":"https:\/\/breinco.com\/fr\/proyecto\/cap-llinars-del-valles\/#primaryimage"},"thumbnailUrl":"https:\/\/breinco.com\/wp-content\/uploads\/2025\/07\/Breinco-wetcast-cap-llinars-Simple.webp","datePublished":"2025-07-01T08:10:03+00:00","dateModified":"2026-04-13T10:18:27+00:00","breadcrumb":{"@id":"https:\/\/breinco.com\/fr\/proyecto\/cap-llinars-del-valles\/#breadcrumb"},"inLanguage":"fr-FR","potentialAction":[{"@type":"ReadAction","target":["https:\/\/breinco.com\/fr\/proyecto\/cap-llinars-del-valles\/"]}]},{"@type":"ImageObject","inLanguage":"fr-FR","@id":"https:\/\/breinco.com\/fr\/proyecto\/cap-llinars-del-valles\/#primaryimage","url":"https:\/\/breinco.com\/wp-content\/uploads\/2025\/07\/Breinco-wetcast-cap-llinars-Simple.webp","contentUrl":"https:\/\/breinco.com\/wp-content\/uploads\/2025\/07\/Breinco-wetcast-cap-llinars-Simple.webp","width":1800,"height":1200},{"@type":"BreadcrumbList","@id":"https:\/\/breinco.com\/fr\/proyecto\/cap-llinars-del-valles\/#breadcrumb","itemListElement":[{"@type":"ListItem","position":1,"name":"Accueil","item":"https:\/\/breinco.com\/fr\/"},{"@type":"ListItem","position":2,"name":"Proyectos","item":"https:\/\/breinco.com\/fr\/proyecto\/"},{"@type":"ListItem","position":3,"name":"CAP Llinars del Vall\u00e8s"}]},{"@type":"WebSite","@id":"https:\/\/breinco.com\/fr\/#website","url":"https:\/\/breinco.com\/fr\/","name":"Breinco","description":"","publisher":{"@id":"https:\/\/breinco.com\/fr\/#organization"},"alternateName":"Urban Furniture, Architecture and Landscaping","potentialAction":[{"@type":"SearchAction","target":{"@type":"EntryPoint","urlTemplate":"https:\/\/breinco.com\/fr\/?s={search_term_string}"},"query-input":{"@type":"PropertyValueSpecification","valueRequired":true,"valueName":"search_term_string"}}],"inLanguage":"fr-FR"},{"@type":"Organization","@id":"https:\/\/breinco.com\/fr\/#organization","name":"Breinco","url":"https:\/\/breinco.com\/fr\/","logo":{"@type":"ImageObject","inLanguage":"fr-FR","@id":"https:\/\/breinco.com\/fr\/#\/schema\/logo\/image\/","url":"https:\/\/breinco.com\/wp-content\/uploads\/2025\/04\/breinco-brand.svg","contentUrl":"https:\/\/breinco.com\/wp-content\/uploads\/2025\/04\/breinco-brand.svg","width":26,"height":58,"caption":"Breinco"},"image":{"@id":"https:\/\/breinco.com\/fr\/#\/schema\/logo\/image\/"},"sameAs":["https:\/\/www.facebook.com\/breincosmart\/","https:\/\/x.com\/breincoGroup","https:\/\/www.instagram.com\/breinco\/","https:\/\/www.linkedin.com\/company\/breinco-esp\/"]}]}},"_links":{"self":[{"href":"https:\/\/breinco.com\/fr\/wp-json\/wp\/v2\/proyecto\/21273","targetHints":{"allow":["GET"]}}],"collection":[{"href":"https:\/\/breinco.com\/fr\/wp-json\/wp\/v2\/proyecto"}],"about":[{"href":"https:\/\/breinco.com\/fr\/wp-json\/wp\/v2\/types\/proyecto"}],"wp:featuredmedia":[{"embeddable":true,"href":"https:\/\/breinco.com\/fr\/wp-json\/wp\/v2\/media\/20821"}],"wp:attachment":[{"href":"https:\/\/breinco.com\/fr\/wp-json\/wp\/v2\/media?parent=21273"}],"wp:term":[{"taxonomy":"post_tag","embeddable":true,"href":"https:\/\/breinco.com\/fr\/wp-json\/wp\/v2\/tags?post=21273"},{"taxonomy":"categoria-proyecto","embeddable":true,"href":"https:\/\/breinco.com\/fr\/wp-json\/wp\/v2\/categoria-proyecto?post=21273"}],"curies":[{"name":"wp","href":"https:\/\/api.w.org\/{rel}","templated":true}]}}

CAP Llinars del Vallès

<p>Le Centre de Soins Primaires (CAP) de Llinars del Vallès est conçu comme un équipement sanitaire contemporain, où la fonctionnalité, la durabilité et la qualité architecturale s’intègrent pour répondre aux besoins de l’environnement et de ses usagers. Le projet mise sur une image solide et intemporelle, avec une attention particulière portée à la conception de son enveloppe et de ses espaces extérieurs.</p>

<p>La façade du bâtiment est réalisée au moyen de panneaux en béton architectural préfabriqué avec la technologie Wetcast®, une solution qui permet une grande précision des finitions et une forte polyvalence formelle. Grâce à ce système, des pièces de grand format aux textures et tonalités homogènes ont été développées, apportant du caractère à l’ensemble et garantissant un excellent comportement dans le temps.</p>

<p>Dans les espaces extérieurs, le projet est complété par un revêtement en Llosa Vulcano®, une solution robuste et fonctionnelle qui assure une continuité esthétique avec l’architecture du bâtiment. Sa résistance et la qualité de sa surface en font une option idéale pour les espaces à usage intensif, contribuant à créer un environnement accessible, ordonné et confortable.</p>

<p>Nous apportons des solutions constructives qui allient innovation technique et valeur architecturale, contribuant à la création d’un espace de santé efficace, durable et pleinement intégré dans son contexte.</p>

<p></p>

<!-- This site is optimized with the Yoast SEO plugin v27.4 - https://yoast.com/product/yoast-seo-wordpress/ -->
<title>CAP Llinars del Vallès - Breinco</title>
<meta name="robots" content="index, follow, max-snippet:-1, max-image-preview:large, max-video-preview:-1" />
<link rel="canonical" href="https://breinco.com/fr/proyecto/cap-llinars-del-valles/" />
<meta property="og:locale" content="fr_FR" />
<meta property="og:type" content="article" />
<meta property="og:title" content="CAP Llinars del Vallès - Breinco" />
<meta property="og:description" content="Le Centre de Soins Primaires (CAP) de Llinars del Vallès est conçu comme un équipement sanitaire contemporain, où la fonctionnalité, la durabilité et la qualité architecturale s’intègrent pour répondre aux besoins de l’environnement et de ses usagers. Le projet mise sur une image solide et intemporelle, avec une attention particulière portée à la conception de [&hellip;]" />
<meta property="og:url" content="https://breinco.com/fr/proyecto/cap-llinars-del-valles/" />
<meta property="og:site_name" content="Breinco" />
<meta property="article:publisher" content="https://www.facebook.com/breincosmart/" />
<meta property="article:modified_time" content="2026-04-13T10:18:27+00:00" />
<meta property="og:image" content="https://breinco.com/wp-content/uploads/2025/07/Breinco-wetcast-cap-llinars-Simple.webp" />
	<meta property="og:image:width" content="1800" />
	<meta property="og:image:height" content="1200" />
	<meta property="og:image:type" content="image/webp" />
<meta name="twitter:card" content="summary_large_image" />
<meta name="twitter:site" content="@breincoGroup" />
<meta name="twitter:label1" content="Durée de lecture estimée" />
	<meta name="twitter:data1" content="1 minute" />
<script type="application/ld+json" class="yoast-schema-graph">{"@context":"https:\/\/schema.org","@graph":[{"@type":"WebPage","@id":"https:\/\/breinco.com\/fr\/proyecto\/cap-llinars-del-valles\/","url":"https:\/\/breinco.com\/fr\/proyecto\/cap-llinars-del-valles\/","name":"CAP Llinars del Vallès - Breinco","isPartOf":{"@id":"https:\/\/breinco.com\/fr\/#website"},"primaryImageOfPage":{"@id":"https:\/\/breinco.com\/fr\/proyecto\/cap-llinars-del-valles\/#primaryimage"},"image":{"@id":"https:\/\/breinco.com\/fr\/proyecto\/cap-llinars-del-valles\/#primaryimage"},"thumbnailUrl":"https:\/\/breinco.com\/wp-content\/uploads\/2025\/07\/Breinco-wetcast-cap-llinars-Simple.webp","datePublished":"2025-07-01T08:10:03+00:00","dateModified":"2026-04-13T10:18:27+00:00","breadcrumb":{"@id":"https:\/\/breinco.com\/fr\/proyecto\/cap-llinars-del-valles\/#breadcrumb"},"inLanguage":"fr-FR","potentialAction":[{"@type":"ReadAction","target":["https:\/\/breinco.com\/fr\/proyecto\/cap-llinars-del-valles\/"]}]},{"@type":"ImageObject","inLanguage":"fr-FR","@id":"https:\/\/breinco.com\/fr\/proyecto\/cap-llinars-del-valles\/#primaryimage","url":"https:\/\/breinco.com\/wp-content\/uploads\/2025\/07\/Breinco-wetcast-cap-llinars-Simple.webp","contentUrl":"https:\/\/breinco.com\/wp-content\/uploads\/2025\/07\/Breinco-wetcast-cap-llinars-Simple.webp","width":1800,"height":1200},{"@type":"BreadcrumbList","@id":"https:\/\/breinco.com\/fr\/proyecto\/cap-llinars-del-valles\/#breadcrumb","itemListElement":[{"@type":"ListItem","position":1,"name":"Accueil","item":"https:\/\/breinco.com\/fr\/"},{"@type":"ListItem","position":2,"name":"Proyectos","item":"https:\/\/breinco.com\/fr\/proyecto\/"},{"@type":"ListItem","position":3,"name":"CAP Llinars del Vallès"}]},{"@type":"WebSite","@id":"https:\/\/breinco.com\/fr\/#website","url":"https:\/\/breinco.com\/fr\/","name":"Breinco","description":"","publisher":{"@id":"https:\/\/breinco.com\/fr\/#organization"},"alternateName":"Urban Furniture, Architecture and Landscaping","potentialAction":[{"@type":"SearchAction","target":{"@type":"EntryPoint","urlTemplate":"https:\/\/breinco.com\/fr\/?s={search_term_string}"},"query-input":{"@type":"PropertyValueSpecification","valueRequired":true,"valueName":"search_term_string"}}],"inLanguage":"fr-FR"},{"@type":"Organization","@id":"https:\/\/breinco.com\/fr\/#organization","name":"Breinco","url":"https:\/\/breinco.com\/fr\/","logo":{"@type":"ImageObject","inLanguage":"fr-FR","@id":"https:\/\/breinco.com\/fr\/#\/schema\/logo\/image\/","url":"https:\/\/breinco.com\/wp-content\/uploads\/2025\/04\/breinco-brand.svg","contentUrl":"https:\/\/breinco.com\/wp-content\/uploads\/2025\/04\/breinco-brand.svg","width":26,"height":58,"caption":"Breinco"},"image":{"@id":"https:\/\/breinco.com\/fr\/#\/schema\/logo\/image\/"},"sameAs":["https:\/\/www.facebook.com\/breincosmart\/","https:\/\/x.com\/breincoGroup","https:\/\/www.instagram.com\/breinco\/","https:\/\/www.linkedin.com\/company\/breinco-esp\/"]}]}</script>
<!-- / Yoast SEO plugin. -->

CAP Llinars del Vallès - Breinco

Le Centre de Soins Primaires (CAP) de Llinars del Vallès est conçu comme un équipement sanitaire contemporain, où la fonctionnalité, la durabilité et la qualité architecturale s’intègrent pour répondre aux besoins de l’environnement et de ses usagers. Le projet mise sur une image solide et intemporelle, avec une attention particulière portée à la conception de [&hellip;]
