{"id":23000,"date":"2026-01-29T08:54:01","date_gmt":"2026-01-29T07:54:01","guid":{"rendered":"https:\/\/breinco.com\/proyecto\/recinto-de-la-maternidad\/"},"modified":"2026-04-30T18:25:36","modified_gmt":"2026-04-30T16:25:36","slug":"recinto-de-la-maternidad","status":"publish","type":"proyecto","link":"https:\/\/breinco.com\/fr\/proyecto\/recinto-de-la-maternidad\/","title":{"rendered":"Recinto de la Maternidad"},"content":{"rendered":"\n<p>Le Domaine de la Maternit\u00e9 de Les Corts est un vaste espace de Barcelone qui accueille divers \u00e9quipements publics li\u00e9s aux domaines administratif, \u00e9ducatif et sanitaire, tout en conservant une haute valeur historique, architecturale et sociale.<\/p>\n\n<p>Dans ce projet, <strong>nous avons int\u00e9gr\u00e9 la dalle Llosa Vulcano\u00ae et la marche P51 en trois coloris<\/strong>, apportant une nouvelle dimension esth\u00e9tique et fonctionnelle \u00e0 l&rsquo;ensemble. L&rsquo;utilisation de la couleur permet d&rsquo;enrichir le design du paysage urbain, rompant avec l&rsquo;uniformit\u00e9 du gris traditionnel pour g\u00e9n\u00e9rer des espaces plus accueillants, dynamiques et contemporains.<\/p>\n\n<p>La <strong><strong>Llosa Vulcano\u00ae<\/strong><\/strong> a \u00e9t\u00e9 sp\u00e9cialement con\u00e7ue pour garantir une <strong>duret\u00e9 exceptionnelle et une grande stabilit\u00e9 chromatique<\/strong>, assurant sa r\u00e9sistance et sa durabilit\u00e9 face au passage du temps. Il s&rsquo;agit d&rsquo;une dalle color\u00e9e id\u00e9ale pour paver les <strong>places publiques, les trottoirs et les acc\u00e8s aux b\u00e2timents<\/strong>, ainsi que les zones pi\u00e9tonnes ou de transit occasionnel de v\u00e9hicules l\u00e9gers, \u00e0 condition d&rsquo;utiliser l&rsquo;\u00e9paisseur et le syst\u00e8me de pose appropri\u00e9s.<\/p>\n\n<p>De son c\u00f4t\u00e9, la <strong>marche P51<\/strong> compl\u00e8te l&rsquo;intervention en apportant une continuit\u00e9 visuelle, ainsi que s\u00e9curit\u00e9 et fonctionnalit\u00e9 aux d\u00e9nivel\u00e9s, contribuant \u00e0 un design coh\u00e9rent, accessible et esth\u00e9tiquement int\u00e9gr\u00e9 dans l&rsquo;environnement.<\/p>\n\n<p>Le r\u00e9sultat est une intervention qui combine <strong>design, r\u00e9sistance et couleur<\/strong>, tout en respectant le caract\u00e8re historique du domaine et en l&rsquo;adaptant aux besoins actuels de l&rsquo;espace public.<\/p>\n\n<p><\/p>\n","protected":false},"featured_media":0,"template":"","meta":{"_acf_changed":false},"tags":[938,1224],"categoria-proyecto":[935],"class_list":["post-23000","proyecto","type-proyecto","status-publish","hentry","tag-llosa-vulcano","tag-p51","categoria-proyecto-paysage-urbain"],"acf":{"localitzacio-projecte":"Barcelona","credits-projecte":"","fotografia-projecte":"","producte_resum":"Llosa Vulcano\u00ae y P51","producte-projecte":"Llosa Vulcano\u00ae | 40 X 40 X 7 cm | Mediterr\u00e1neo, Desierto &amp; Marfil | Standard\u00ae\r\n\r\nPelda\u00f1o P51 | 40 x 36 x 15 cm | Mediterr\u00e1neo, Desierto &amp; Marfil | Standard\u00ae","productes_relacionats":[17714],"galeria-projecte":[11748,11747,11744,11746]},"yoast_head":"<!-- This site is optimized with the Yoast SEO plugin v27.5 - https:\/\/yoast.com\/product\/yoast-seo-wordpress\/ -->\n<title>Recinto de la Maternidad - Breinco<\/title>\n<meta name=\"robots\" content=\"index, follow, max-snippet:-1, max-image-preview:large, max-video-preview:-1\" \/>\n<link rel=\"canonical\" href=\"https:\/\/breinco.com\/fr\/proyecto\/recinto-de-la-maternidad\/\" \/>\n<meta property=\"og:locale\" content=\"fr_FR\" \/>\n<meta property=\"og:type\" content=\"article\" \/>\n<meta property=\"og:title\" content=\"Recinto de la Maternidad - Breinco\" \/>\n<meta property=\"og:description\" content=\"Le Domaine de la Maternit\u00e9 de Les Corts est un vaste espace de Barcelone qui accueille divers \u00e9quipements publics li\u00e9s aux domaines administratif, \u00e9ducatif et sanitaire, tout en conservant une haute valeur historique, architecturale et sociale. Dans ce projet, nous avons int\u00e9gr\u00e9 la dalle Llosa Vulcano\u00ae et la marche P51 en trois coloris, apportant une [&hellip;]\" \/>\n<meta property=\"og:url\" content=\"https:\/\/breinco.com\/fr\/proyecto\/recinto-de-la-maternidad\/\" \/>\n<meta property=\"og:site_name\" content=\"Breinco\" \/>\n<meta property=\"article:publisher\" content=\"https:\/\/www.facebook.com\/breincosmart\/\" \/>\n<meta property=\"article:modified_time\" content=\"2026-04-30T16:25:36+00:00\" \/>\n<meta property=\"og:image\" content=\"https:\/\/breinco.com\/wp-content\/uploads\/2026\/02\/breinco-feat-img.webp\" \/>\n\t<meta property=\"og:image:width\" content=\"1200\" \/>\n\t<meta property=\"og:image:height\" content=\"800\" \/>\n\t<meta property=\"og:image:type\" content=\"image\/webp\" \/>\n<meta name=\"twitter:card\" content=\"summary_large_image\" \/>\n<meta name=\"twitter:site\" content=\"@breincoGroup\" \/>\n<meta name=\"twitter:label1\" content=\"Dur\u00e9e de lecture estim\u00e9e\" \/>\n\t<meta name=\"twitter:data1\" content=\"1 minute\" \/>\n<script type=\"application\/ld+json\" class=\"yoast-schema-graph\">{\"@context\":\"https:\\\/\\\/schema.org\",\"@graph\":[{\"@type\":\"WebPage\",\"@id\":\"https:\\\/\\\/breinco.com\\\/fr\\\/proyecto\\\/recinto-de-la-maternidad\\\/\",\"url\":\"https:\\\/\\\/breinco.com\\\/fr\\\/proyecto\\\/recinto-de-la-maternidad\\\/\",\"name\":\"Recinto de la Maternidad - Breinco\",\"isPartOf\":{\"@id\":\"https:\\\/\\\/breinco.com\\\/fr\\\/#website\"},\"datePublished\":\"2026-01-29T07:54:01+00:00\",\"dateModified\":\"2026-04-30T16:25:36+00:00\",\"breadcrumb\":{\"@id\":\"https:\\\/\\\/breinco.com\\\/fr\\\/proyecto\\\/recinto-de-la-maternidad\\\/#breadcrumb\"},\"inLanguage\":\"fr-FR\",\"potentialAction\":[{\"@type\":\"ReadAction\",\"target\":[\"https:\\\/\\\/breinco.com\\\/fr\\\/proyecto\\\/recinto-de-la-maternidad\\\/\"]}]},{\"@type\":\"BreadcrumbList\",\"@id\":\"https:\\\/\\\/breinco.com\\\/fr\\\/proyecto\\\/recinto-de-la-maternidad\\\/#breadcrumb\",\"itemListElement\":[{\"@type\":\"ListItem\",\"position\":1,\"name\":\"Accueil\",\"item\":\"https:\\\/\\\/breinco.com\\\/fr\\\/\"},{\"@type\":\"ListItem\",\"position\":2,\"name\":\"Proyectos\",\"item\":\"https:\\\/\\\/breinco.com\\\/fr\\\/proyecto\\\/\"},{\"@type\":\"ListItem\",\"position\":3,\"name\":\"Recinto de la Maternidad\"}]},{\"@type\":\"WebSite\",\"@id\":\"https:\\\/\\\/breinco.com\\\/fr\\\/#website\",\"url\":\"https:\\\/\\\/breinco.com\\\/fr\\\/\",\"name\":\"Breinco\",\"description\":\"\",\"publisher\":{\"@id\":\"https:\\\/\\\/breinco.com\\\/fr\\\/#organization\"},\"alternateName\":\"Urban Furniture, Architecture and Landscaping\",\"potentialAction\":[{\"@type\":\"SearchAction\",\"target\":{\"@type\":\"EntryPoint\",\"urlTemplate\":\"https:\\\/\\\/breinco.com\\\/fr\\\/?s={search_term_string}\"},\"query-input\":{\"@type\":\"PropertyValueSpecification\",\"valueRequired\":true,\"valueName\":\"search_term_string\"}}],\"inLanguage\":\"fr-FR\"},{\"@type\":\"Organization\",\"@id\":\"https:\\\/\\\/breinco.com\\\/fr\\\/#organization\",\"name\":\"Breinco\",\"url\":\"https:\\\/\\\/breinco.com\\\/fr\\\/\",\"logo\":{\"@type\":\"ImageObject\",\"inLanguage\":\"fr-FR\",\"@id\":\"https:\\\/\\\/breinco.com\\\/fr\\\/#\\\/schema\\\/logo\\\/image\\\/\",\"url\":\"https:\\\/\\\/breinco.com\\\/wp-content\\\/uploads\\\/2025\\\/04\\\/breinco-brand.svg\",\"contentUrl\":\"https:\\\/\\\/breinco.com\\\/wp-content\\\/uploads\\\/2025\\\/04\\\/breinco-brand.svg\",\"width\":26,\"height\":58,\"caption\":\"Breinco\"},\"image\":{\"@id\":\"https:\\\/\\\/breinco.com\\\/fr\\\/#\\\/schema\\\/logo\\\/image\\\/\"},\"sameAs\":[\"https:\\\/\\\/www.facebook.com\\\/breincosmart\\\/\",\"https:\\\/\\\/x.com\\\/breincoGroup\",\"https:\\\/\\\/www.instagram.com\\\/breinco\\\/\",\"https:\\\/\\\/www.linkedin.com\\\/company\\\/breinco-esp\\\/\"]}]}<\/script>\n<!-- \/ Yoast SEO plugin. -->","yoast_head_json":{"title":"Recinto de la Maternidad - Breinco","robots":{"index":"index","follow":"follow","max-snippet":"max-snippet:-1","max-image-preview":"max-image-preview:large","max-video-preview":"max-video-preview:-1"},"canonical":"https:\/\/breinco.com\/fr\/proyecto\/recinto-de-la-maternidad\/","og_locale":"fr_FR","og_type":"article","og_title":"Recinto de la Maternidad - Breinco","og_description":"Le Domaine de la Maternit\u00e9 de Les Corts est un vaste espace de Barcelone qui accueille divers \u00e9quipements publics li\u00e9s aux domaines administratif, \u00e9ducatif et sanitaire, tout en conservant une haute valeur historique, architecturale et sociale. Dans ce projet, nous avons int\u00e9gr\u00e9 la dalle Llosa Vulcano\u00ae et la marche P51 en trois coloris, apportant une [&hellip;]","og_url":"https:\/\/breinco.com\/fr\/proyecto\/recinto-de-la-maternidad\/","og_site_name":"Breinco","article_publisher":"https:\/\/www.facebook.com\/breincosmart\/","article_modified_time":"2026-04-30T16:25:36+00:00","og_image":[{"width":1200,"height":800,"url":"https:\/\/breinco.com\/wp-content\/uploads\/2026\/02\/breinco-feat-img.webp","type":"image\/webp"}],"twitter_card":"summary_large_image","twitter_site":"@breincoGroup","twitter_misc":{"Dur\u00e9e de lecture estim\u00e9e":"1 minute"},"schema":{"@context":"https:\/\/schema.org","@graph":[{"@type":"WebPage","@id":"https:\/\/breinco.com\/fr\/proyecto\/recinto-de-la-maternidad\/","url":"https:\/\/breinco.com\/fr\/proyecto\/recinto-de-la-maternidad\/","name":"Recinto de la Maternidad - Breinco","isPartOf":{"@id":"https:\/\/breinco.com\/fr\/#website"},"datePublished":"2026-01-29T07:54:01+00:00","dateModified":"2026-04-30T16:25:36+00:00","breadcrumb":{"@id":"https:\/\/breinco.com\/fr\/proyecto\/recinto-de-la-maternidad\/#breadcrumb"},"inLanguage":"fr-FR","potentialAction":[{"@type":"ReadAction","target":["https:\/\/breinco.com\/fr\/proyecto\/recinto-de-la-maternidad\/"]}]},{"@type":"BreadcrumbList","@id":"https:\/\/breinco.com\/fr\/proyecto\/recinto-de-la-maternidad\/#breadcrumb","itemListElement":[{"@type":"ListItem","position":1,"name":"Accueil","item":"https:\/\/breinco.com\/fr\/"},{"@type":"ListItem","position":2,"name":"Proyectos","item":"https:\/\/breinco.com\/fr\/proyecto\/"},{"@type":"ListItem","position":3,"name":"Recinto de la Maternidad"}]},{"@type":"WebSite","@id":"https:\/\/breinco.com\/fr\/#website","url":"https:\/\/breinco.com\/fr\/","name":"Breinco","description":"","publisher":{"@id":"https:\/\/breinco.com\/fr\/#organization"},"alternateName":"Urban Furniture, Architecture and Landscaping","potentialAction":[{"@type":"SearchAction","target":{"@type":"EntryPoint","urlTemplate":"https:\/\/breinco.com\/fr\/?s={search_term_string}"},"query-input":{"@type":"PropertyValueSpecification","valueRequired":true,"valueName":"search_term_string"}}],"inLanguage":"fr-FR"},{"@type":"Organization","@id":"https:\/\/breinco.com\/fr\/#organization","name":"Breinco","url":"https:\/\/breinco.com\/fr\/","logo":{"@type":"ImageObject","inLanguage":"fr-FR","@id":"https:\/\/breinco.com\/fr\/#\/schema\/logo\/image\/","url":"https:\/\/breinco.com\/wp-content\/uploads\/2025\/04\/breinco-brand.svg","contentUrl":"https:\/\/breinco.com\/wp-content\/uploads\/2025\/04\/breinco-brand.svg","width":26,"height":58,"caption":"Breinco"},"image":{"@id":"https:\/\/breinco.com\/fr\/#\/schema\/logo\/image\/"},"sameAs":["https:\/\/www.facebook.com\/breincosmart\/","https:\/\/x.com\/breincoGroup","https:\/\/www.instagram.com\/breinco\/","https:\/\/www.linkedin.com\/company\/breinco-esp\/"]}]}},"_links":{"self":[{"href":"https:\/\/breinco.com\/fr\/wp-json\/wp\/v2\/proyecto\/23000","targetHints":{"allow":["GET"]}}],"collection":[{"href":"https:\/\/breinco.com\/fr\/wp-json\/wp\/v2\/proyecto"}],"about":[{"href":"https:\/\/breinco.com\/fr\/wp-json\/wp\/v2\/types\/proyecto"}],"acf:attachment":[{"embeddable":true,"href":"https:\/\/breinco.com\/fr\/wp-json\/wp\/v2\/media\/11746"},{"embeddable":true,"href":"https:\/\/breinco.com\/fr\/wp-json\/wp\/v2\/media\/11744"},{"embeddable":true,"href":"https:\/\/breinco.com\/fr\/wp-json\/wp\/v2\/media\/11747"},{"embeddable":true,"href":"https:\/\/breinco.com\/fr\/wp-json\/wp\/v2\/media\/11748"}],"acf:post":[{"embeddable":true,"href":"https:\/\/breinco.com\/fr\/wp-json\/wp\/v2\/br_product\/17714"}],"wp:attachment":[{"href":"https:\/\/breinco.com\/fr\/wp-json\/wp\/v2\/media?parent=23000"}],"wp:term":[{"taxonomy":"post_tag","embeddable":true,"href":"https:\/\/breinco.com\/fr\/wp-json\/wp\/v2\/tags?post=23000"},{"taxonomy":"categoria-proyecto","embeddable":true,"href":"https:\/\/breinco.com\/fr\/wp-json\/wp\/v2\/categoria-proyecto?post=23000"}],"curies":[{"name":"wp","href":"https:\/\/api.w.org\/{rel}","templated":true}]}}

<p>Le Domaine de la Maternité de Les Corts est un vaste espace de Barcelone qui accueille divers équipements publics liés aux domaines administratif, éducatif et sanitaire, tout en conservant une haute valeur historique, architecturale et sociale.</p>

<p>Dans ce projet, <strong>nous avons intégré la dalle Llosa Vulcano® et la marche P51 en trois coloris</strong>, apportant une nouvelle dimension esthétique et fonctionnelle à l&rsquo;ensemble. L&rsquo;utilisation de la couleur permet d&rsquo;enrichir le design du paysage urbain, rompant avec l&rsquo;uniformité du gris traditionnel pour générer des espaces plus accueillants, dynamiques et contemporains.</p>

<p>La <strong><strong>Llosa Vulcano®</strong></strong> a été spécialement conçue pour garantir une <strong>dureté exceptionnelle et une grande stabilité chromatique</strong>, assurant sa résistance et sa durabilité face au passage du temps. Il s&rsquo;agit d&rsquo;une dalle colorée idéale pour paver les <strong>places publiques, les trottoirs et les accès aux bâtiments</strong>, ainsi que les zones piétonnes ou de transit occasionnel de véhicules légers, à condition d&rsquo;utiliser l&rsquo;épaisseur et le système de pose appropriés.</p>

<p>De son côté, la <strong>marche P51</strong> complète l&rsquo;intervention en apportant une continuité visuelle, ainsi que sécurité et fonctionnalité aux dénivelés, contribuant à un design cohérent, accessible et esthétiquement intégré dans l&rsquo;environnement.</p>

<p>Le résultat est une intervention qui combine <strong>design, résistance et couleur</strong>, tout en respectant le caractère historique du domaine et en l&rsquo;adaptant aux besoins actuels de l&rsquo;espace public.</p>

<p></p>

Llosa Vulcano® | 40 X 40 X 7 cm | Mediterráneo, Desierto &amp; Marfil | Standard®

Peldaño P51 | 40 x 36 x 15 cm | Mediterráneo, Desierto &amp; Marfil | Standard®

<!-- This site is optimized with the Yoast SEO plugin v27.5 - https://yoast.com/product/yoast-seo-wordpress/ -->
<title>Recinto de la Maternidad - Breinco</title>
<meta name="robots" content="index, follow, max-snippet:-1, max-image-preview:large, max-video-preview:-1" />
<link rel="canonical" href="https://breinco.com/fr/proyecto/recinto-de-la-maternidad/" />
<meta property="og:locale" content="fr_FR" />
<meta property="og:type" content="article" />
<meta property="og:title" content="Recinto de la Maternidad - Breinco" />
<meta property="og:description" content="Le Domaine de la Maternité de Les Corts est un vaste espace de Barcelone qui accueille divers équipements publics liés aux domaines administratif, éducatif et sanitaire, tout en conservant une haute valeur historique, architecturale et sociale. Dans ce projet, nous avons intégré la dalle Llosa Vulcano® et la marche P51 en trois coloris, apportant une [&hellip;]" />
<meta property="og:url" content="https://breinco.com/fr/proyecto/recinto-de-la-maternidad/" />
<meta property="og:site_name" content="Breinco" />
<meta property="article:publisher" content="https://www.facebook.com/breincosmart/" />
<meta property="article:modified_time" content="2026-04-30T16:25:36+00:00" />
<meta property="og:image" content="https://breinco.com/wp-content/uploads/2026/02/breinco-feat-img.webp" />
	<meta property="og:image:width" content="1200" />
	<meta property="og:image:height" content="800" />
	<meta property="og:image:type" content="image/webp" />
<meta name="twitter:card" content="summary_large_image" />
<meta name="twitter:site" content="@breincoGroup" />
<meta name="twitter:label1" content="Durée de lecture estimée" />
	<meta name="twitter:data1" content="1 minute" />
<script type="application/ld+json" class="yoast-schema-graph">{"@context":"https:\/\/schema.org","@graph":[{"@type":"WebPage","@id":"https:\/\/breinco.com\/fr\/proyecto\/recinto-de-la-maternidad\/","url":"https:\/\/breinco.com\/fr\/proyecto\/recinto-de-la-maternidad\/","name":"Recinto de la Maternidad - Breinco","isPartOf":{"@id":"https:\/\/breinco.com\/fr\/#website"},"datePublished":"2026-01-29T07:54:01+00:00","dateModified":"2026-04-30T16:25:36+00:00","breadcrumb":{"@id":"https:\/\/breinco.com\/fr\/proyecto\/recinto-de-la-maternidad\/#breadcrumb"},"inLanguage":"fr-FR","potentialAction":[{"@type":"ReadAction","target":["https:\/\/breinco.com\/fr\/proyecto\/recinto-de-la-maternidad\/"]}]},{"@type":"BreadcrumbList","@id":"https:\/\/breinco.com\/fr\/proyecto\/recinto-de-la-maternidad\/#breadcrumb","itemListElement":[{"@type":"ListItem","position":1,"name":"Accueil","item":"https:\/\/breinco.com\/fr\/"},{"@type":"ListItem","position":2,"name":"Proyectos","item":"https:\/\/breinco.com\/fr\/proyecto\/"},{"@type":"ListItem","position":3,"name":"Recinto de la Maternidad"}]},{"@type":"WebSite","@id":"https:\/\/breinco.com\/fr\/#website","url":"https:\/\/breinco.com\/fr\/","name":"Breinco","description":"","publisher":{"@id":"https:\/\/breinco.com\/fr\/#organization"},"alternateName":"Urban Furniture, Architecture and Landscaping","potentialAction":[{"@type":"SearchAction","target":{"@type":"EntryPoint","urlTemplate":"https:\/\/breinco.com\/fr\/?s={search_term_string}"},"query-input":{"@type":"PropertyValueSpecification","valueRequired":true,"valueName":"search_term_string"}}],"inLanguage":"fr-FR"},{"@type":"Organization","@id":"https:\/\/breinco.com\/fr\/#organization","name":"Breinco","url":"https:\/\/breinco.com\/fr\/","logo":{"@type":"ImageObject","inLanguage":"fr-FR","@id":"https:\/\/breinco.com\/fr\/#\/schema\/logo\/image\/","url":"https:\/\/breinco.com\/wp-content\/uploads\/2025\/04\/breinco-brand.svg","contentUrl":"https:\/\/breinco.com\/wp-content\/uploads\/2025\/04\/breinco-brand.svg","width":26,"height":58,"caption":"Breinco"},"image":{"@id":"https:\/\/breinco.com\/fr\/#\/schema\/logo\/image\/"},"sameAs":["https:\/\/www.facebook.com\/breincosmart\/","https:\/\/x.com\/breincoGroup","https:\/\/www.instagram.com\/breinco\/","https:\/\/www.linkedin.com\/company\/breinco-esp\/"]}]}</script>
<!-- / Yoast SEO plugin. -->

Le Domaine de la Maternité de Les Corts est un vaste espace de Barcelone qui accueille divers équipements publics liés aux domaines administratif, éducatif et sanitaire, tout en conservant une haute valeur historique, architecturale et sociale. Dans ce projet, nous avons intégré la dalle Llosa Vulcano® et la marche P51 en trois coloris, apportant une [&hellip;]
