{"id":23026,"date":"2026-02-13T11:53:01","date_gmt":"2026-02-13T10:53:01","guid":{"rendered":"https:\/\/breinco.com\/proyecto\/bureaux-dinditex-a-tordera-gerone\/"},"modified":"2026-04-30T18:25:38","modified_gmt":"2026-04-30T16:25:38","slug":"bureaux-dinditex-a-tordera-gerone","status":"publish","type":"proyecto","link":"https:\/\/breinco.com\/fr\/proyecto\/bureaux-dinditex-a-tordera-gerone\/","title":{"rendered":"Bureaux d&rsquo;Inditex \u00e0 Tordera, G\u00e9rone"},"content":{"rendered":"\n<p>Le complexe de bureaux d&rsquo;Inditex se configure comme un espace corporatif contemporain, fonctionnel et ouvert, con\u00e7u pour favoriser l&rsquo;interaction entre le personnel et am\u00e9liorer de mani\u00e8re significative la qualit\u00e9 de l&rsquo;environnement ext\u00e9rieur. Le projet met l&rsquo;accent sur l\u2019exp\u00e9rience de l\u2019usager, int\u00e9grant des aires de repos, des parcours pi\u00e9tons et des espaces verts qui construisent un paysage \u00e9quilibr\u00e9, ordonn\u00e9 et accueillant.<\/p>\n\n<p>L\u2019intervention int\u00e8gre des solutions telles que la <strong>Llosa Vulcano\u00ae<\/strong>, la <strong>Llosa Filtra<\/strong>, la <strong>Tegula\u00ae Six<\/strong> ainsi que les assises en b\u00e9ton <strong>Circle Puff<\/strong>, qui apportent une nouvelle dimension esth\u00e9tique et fonctionnelle \u00e0 l\u2019ensemble. La combinaison soign\u00e9e de pavements et de mobilier urbain permet de structurer les espaces ext\u00e9rieurs, de hi\u00e9rarchiser les parcours et de d\u00e9finir des aires de repos et de rencontre, favorisant ainsi un usage plus agr\u00e9able et dynamique de l\u2019environnement.<\/p>\n\n<p>La <strong>Llosa Vulcano\u00ae<\/strong> a \u00e9t\u00e9 s\u00e9lectionn\u00e9e pour sa haute r\u00e9sistance et sa durabilit\u00e9, garantissant un pavement stable et fiable pour le trafic pi\u00e9tonnier quotidien. La <strong>Tegula\u00ae Six<\/strong> compl\u00e8te la proposition en apportant continuit\u00e9 visuelle, rythme et richesse formelle, tandis que la <strong>Llosa Filtra<\/strong> renforce les crit\u00e8res de durabilit\u00e9 et de gestion efficiente de l\u2019eau, s\u2019int\u00e9grant de mani\u00e8re naturelle dans le paysage.<\/p>\n\n<p>Les assises <strong>Circle Puff<\/strong> sont dispos\u00e9es de mani\u00e8re strat\u00e9gique pour cr\u00e9er des points de rencontre et de pause, am\u00e9liorant le confort et favorisant les interactions entre les usagers dans les espaces ext\u00e9rieurs. Le r\u00e9sultat est un environnement corporatif qui allie design, fonctionnalit\u00e9 et bien-\u00eatre, adapt\u00e9 aux besoins actuels et align\u00e9 sur une vision d\u2019architecture responsable, accessible et coh\u00e9rente avec l\u2019identit\u00e9 de l\u2019ensemble.<\/p>\n\n<p><\/p>\n","protected":false},"featured_media":0,"template":"","meta":{"_acf_changed":false},"tags":[1236,941],"categoria-proyecto":[],"class_list":["post-23026","proyecto","type-proyecto","status-publish","hentry","tag-circle-puff","tag-home"],"acf":{"localitzacio-projecte":"Catalu\u00f1a","credits-projecte":"","fotografia-projecte":"","producte_resum":"Llosa vulcano\u00ae, Llosa Filtra, Tegula\u00ae six y Circle puff","producte-projecte":"Llosa vulcano\u00ae | 20 x 20 x 8 cm | 40 x 20 x 8 cm | 60 x 40 x 8 cm | 60 x 40 x 10 cm | White, Arena &amp; Cor-ten | Standard\u00ae | Top-complete\u00ae\r\n\r\nLlosa Filtra | 60 x 40 x 10 cm | Arena | Standard\u00ae\r\n\r\nTegula\u00ae six | 10 x 10 x 8 cm | Arena | Standard\u00ae\r\n\r\nCircle puff | \u00f845 x 45 cm | \u00f860 x 50 cm | Metal | Smooth\u00ae","productes_relacionats":[18207],"galeria-projecte":[13252,13254,13255]},"yoast_head":"<!-- This site is optimized with the Yoast SEO plugin v27.5 - https:\/\/yoast.com\/product\/yoast-seo-wordpress\/ -->\n<title>Bureaux d&#039;Inditex \u00e0 Tordera, G\u00e9rone - Breinco<\/title>\n<meta name=\"robots\" content=\"index, follow, max-snippet:-1, max-image-preview:large, max-video-preview:-1\" \/>\n<link rel=\"canonical\" href=\"https:\/\/breinco.com\/fr\/proyecto\/bureaux-dinditex-a-tordera-gerone\/\" \/>\n<meta property=\"og:locale\" content=\"fr_FR\" \/>\n<meta property=\"og:type\" content=\"article\" \/>\n<meta property=\"og:title\" content=\"Bureaux d&#039;Inditex \u00e0 Tordera, G\u00e9rone - Breinco\" \/>\n<meta property=\"og:description\" content=\"Le complexe de bureaux d&rsquo;Inditex se configure comme un espace corporatif contemporain, fonctionnel et ouvert, con\u00e7u pour favoriser l&rsquo;interaction entre le personnel et am\u00e9liorer de mani\u00e8re significative la qualit\u00e9 de l&rsquo;environnement ext\u00e9rieur. Le projet met l&rsquo;accent sur l\u2019exp\u00e9rience de l\u2019usager, int\u00e9grant des aires de repos, des parcours pi\u00e9tons et des espaces verts qui construisent un [&hellip;]\" \/>\n<meta property=\"og:url\" content=\"https:\/\/breinco.com\/fr\/proyecto\/bureaux-dinditex-a-tordera-gerone\/\" \/>\n<meta property=\"og:site_name\" content=\"Breinco\" \/>\n<meta property=\"article:publisher\" content=\"https:\/\/www.facebook.com\/breincosmart\/\" \/>\n<meta property=\"article:modified_time\" content=\"2026-04-30T16:25:38+00:00\" \/>\n<meta property=\"og:image\" content=\"https:\/\/breinco.com\/wp-content\/uploads\/2026\/02\/breinco-feat-img.webp\" \/>\n\t<meta property=\"og:image:width\" content=\"1200\" \/>\n\t<meta property=\"og:image:height\" content=\"800\" \/>\n\t<meta property=\"og:image:type\" content=\"image\/webp\" \/>\n<meta name=\"twitter:card\" content=\"summary_large_image\" \/>\n<meta name=\"twitter:site\" content=\"@breincoGroup\" \/>\n<meta name=\"twitter:label1\" content=\"Dur\u00e9e de lecture estim\u00e9e\" \/>\n\t<meta name=\"twitter:data1\" content=\"1 minute\" \/>\n<script type=\"application\/ld+json\" class=\"yoast-schema-graph\">{\"@context\":\"https:\\\/\\\/schema.org\",\"@graph\":[{\"@type\":\"WebPage\",\"@id\":\"https:\\\/\\\/breinco.com\\\/fr\\\/proyecto\\\/bureaux-dinditex-a-tordera-gerone\\\/\",\"url\":\"https:\\\/\\\/breinco.com\\\/fr\\\/proyecto\\\/bureaux-dinditex-a-tordera-gerone\\\/\",\"name\":\"Bureaux d'Inditex \u00e0 Tordera, G\u00e9rone - Breinco\",\"isPartOf\":{\"@id\":\"https:\\\/\\\/breinco.com\\\/fr\\\/#website\"},\"datePublished\":\"2026-02-13T10:53:01+00:00\",\"dateModified\":\"2026-04-30T16:25:38+00:00\",\"breadcrumb\":{\"@id\":\"https:\\\/\\\/breinco.com\\\/fr\\\/proyecto\\\/bureaux-dinditex-a-tordera-gerone\\\/#breadcrumb\"},\"inLanguage\":\"fr-FR\",\"potentialAction\":[{\"@type\":\"ReadAction\",\"target\":[\"https:\\\/\\\/breinco.com\\\/fr\\\/proyecto\\\/bureaux-dinditex-a-tordera-gerone\\\/\"]}]},{\"@type\":\"BreadcrumbList\",\"@id\":\"https:\\\/\\\/breinco.com\\\/fr\\\/proyecto\\\/bureaux-dinditex-a-tordera-gerone\\\/#breadcrumb\",\"itemListElement\":[{\"@type\":\"ListItem\",\"position\":1,\"name\":\"Accueil\",\"item\":\"https:\\\/\\\/breinco.com\\\/fr\\\/\"},{\"@type\":\"ListItem\",\"position\":2,\"name\":\"Proyectos\",\"item\":\"https:\\\/\\\/breinco.com\\\/fr\\\/proyecto\\\/\"},{\"@type\":\"ListItem\",\"position\":3,\"name\":\"Bureaux d&rsquo;Inditex \u00e0 Tordera, G\u00e9rone\"}]},{\"@type\":\"WebSite\",\"@id\":\"https:\\\/\\\/breinco.com\\\/fr\\\/#website\",\"url\":\"https:\\\/\\\/breinco.com\\\/fr\\\/\",\"name\":\"Breinco\",\"description\":\"\",\"publisher\":{\"@id\":\"https:\\\/\\\/breinco.com\\\/fr\\\/#organization\"},\"alternateName\":\"Urban Furniture, Architecture and Landscaping\",\"potentialAction\":[{\"@type\":\"SearchAction\",\"target\":{\"@type\":\"EntryPoint\",\"urlTemplate\":\"https:\\\/\\\/breinco.com\\\/fr\\\/?s={search_term_string}\"},\"query-input\":{\"@type\":\"PropertyValueSpecification\",\"valueRequired\":true,\"valueName\":\"search_term_string\"}}],\"inLanguage\":\"fr-FR\"},{\"@type\":\"Organization\",\"@id\":\"https:\\\/\\\/breinco.com\\\/fr\\\/#organization\",\"name\":\"Breinco\",\"url\":\"https:\\\/\\\/breinco.com\\\/fr\\\/\",\"logo\":{\"@type\":\"ImageObject\",\"inLanguage\":\"fr-FR\",\"@id\":\"https:\\\/\\\/breinco.com\\\/fr\\\/#\\\/schema\\\/logo\\\/image\\\/\",\"url\":\"https:\\\/\\\/breinco.com\\\/wp-content\\\/uploads\\\/2025\\\/04\\\/breinco-brand.svg\",\"contentUrl\":\"https:\\\/\\\/breinco.com\\\/wp-content\\\/uploads\\\/2025\\\/04\\\/breinco-brand.svg\",\"width\":26,\"height\":58,\"caption\":\"Breinco\"},\"image\":{\"@id\":\"https:\\\/\\\/breinco.com\\\/fr\\\/#\\\/schema\\\/logo\\\/image\\\/\"},\"sameAs\":[\"https:\\\/\\\/www.facebook.com\\\/breincosmart\\\/\",\"https:\\\/\\\/x.com\\\/breincoGroup\",\"https:\\\/\\\/www.instagram.com\\\/breinco\\\/\",\"https:\\\/\\\/www.linkedin.com\\\/company\\\/breinco-esp\\\/\"]}]}<\/script>\n<!-- \/ Yoast SEO plugin. -->","yoast_head_json":{"title":"Bureaux d'Inditex \u00e0 Tordera, G\u00e9rone - Breinco","robots":{"index":"index","follow":"follow","max-snippet":"max-snippet:-1","max-image-preview":"max-image-preview:large","max-video-preview":"max-video-preview:-1"},"canonical":"https:\/\/breinco.com\/fr\/proyecto\/bureaux-dinditex-a-tordera-gerone\/","og_locale":"fr_FR","og_type":"article","og_title":"Bureaux d'Inditex \u00e0 Tordera, G\u00e9rone - Breinco","og_description":"Le complexe de bureaux d&rsquo;Inditex se configure comme un espace corporatif contemporain, fonctionnel et ouvert, con\u00e7u pour favoriser l&rsquo;interaction entre le personnel et am\u00e9liorer de mani\u00e8re significative la qualit\u00e9 de l&rsquo;environnement ext\u00e9rieur. Le projet met l&rsquo;accent sur l\u2019exp\u00e9rience de l\u2019usager, int\u00e9grant des aires de repos, des parcours pi\u00e9tons et des espaces verts qui construisent un [&hellip;]","og_url":"https:\/\/breinco.com\/fr\/proyecto\/bureaux-dinditex-a-tordera-gerone\/","og_site_name":"Breinco","article_publisher":"https:\/\/www.facebook.com\/breincosmart\/","article_modified_time":"2026-04-30T16:25:38+00:00","og_image":[{"width":1200,"height":800,"url":"https:\/\/breinco.com\/wp-content\/uploads\/2026\/02\/breinco-feat-img.webp","type":"image\/webp"}],"twitter_card":"summary_large_image","twitter_site":"@breincoGroup","twitter_misc":{"Dur\u00e9e de lecture estim\u00e9e":"1 minute"},"schema":{"@context":"https:\/\/schema.org","@graph":[{"@type":"WebPage","@id":"https:\/\/breinco.com\/fr\/proyecto\/bureaux-dinditex-a-tordera-gerone\/","url":"https:\/\/breinco.com\/fr\/proyecto\/bureaux-dinditex-a-tordera-gerone\/","name":"Bureaux d'Inditex \u00e0 Tordera, G\u00e9rone - Breinco","isPartOf":{"@id":"https:\/\/breinco.com\/fr\/#website"},"datePublished":"2026-02-13T10:53:01+00:00","dateModified":"2026-04-30T16:25:38+00:00","breadcrumb":{"@id":"https:\/\/breinco.com\/fr\/proyecto\/bureaux-dinditex-a-tordera-gerone\/#breadcrumb"},"inLanguage":"fr-FR","potentialAction":[{"@type":"ReadAction","target":["https:\/\/breinco.com\/fr\/proyecto\/bureaux-dinditex-a-tordera-gerone\/"]}]},{"@type":"BreadcrumbList","@id":"https:\/\/breinco.com\/fr\/proyecto\/bureaux-dinditex-a-tordera-gerone\/#breadcrumb","itemListElement":[{"@type":"ListItem","position":1,"name":"Accueil","item":"https:\/\/breinco.com\/fr\/"},{"@type":"ListItem","position":2,"name":"Proyectos","item":"https:\/\/breinco.com\/fr\/proyecto\/"},{"@type":"ListItem","position":3,"name":"Bureaux d&rsquo;Inditex \u00e0 Tordera, G\u00e9rone"}]},{"@type":"WebSite","@id":"https:\/\/breinco.com\/fr\/#website","url":"https:\/\/breinco.com\/fr\/","name":"Breinco","description":"","publisher":{"@id":"https:\/\/breinco.com\/fr\/#organization"},"alternateName":"Urban Furniture, Architecture and Landscaping","potentialAction":[{"@type":"SearchAction","target":{"@type":"EntryPoint","urlTemplate":"https:\/\/breinco.com\/fr\/?s={search_term_string}"},"query-input":{"@type":"PropertyValueSpecification","valueRequired":true,"valueName":"search_term_string"}}],"inLanguage":"fr-FR"},{"@type":"Organization","@id":"https:\/\/breinco.com\/fr\/#organization","name":"Breinco","url":"https:\/\/breinco.com\/fr\/","logo":{"@type":"ImageObject","inLanguage":"fr-FR","@id":"https:\/\/breinco.com\/fr\/#\/schema\/logo\/image\/","url":"https:\/\/breinco.com\/wp-content\/uploads\/2025\/04\/breinco-brand.svg","contentUrl":"https:\/\/breinco.com\/wp-content\/uploads\/2025\/04\/breinco-brand.svg","width":26,"height":58,"caption":"Breinco"},"image":{"@id":"https:\/\/breinco.com\/fr\/#\/schema\/logo\/image\/"},"sameAs":["https:\/\/www.facebook.com\/breincosmart\/","https:\/\/x.com\/breincoGroup","https:\/\/www.instagram.com\/breinco\/","https:\/\/www.linkedin.com\/company\/breinco-esp\/"]}]}},"_links":{"self":[{"href":"https:\/\/breinco.com\/fr\/wp-json\/wp\/v2\/proyecto\/23026","targetHints":{"allow":["GET"]}}],"collection":[{"href":"https:\/\/breinco.com\/fr\/wp-json\/wp\/v2\/proyecto"}],"about":[{"href":"https:\/\/breinco.com\/fr\/wp-json\/wp\/v2\/types\/proyecto"}],"acf:attachment":[{"embeddable":true,"href":"https:\/\/breinco.com\/fr\/wp-json\/wp\/v2\/media\/13255"},{"embeddable":true,"href":"https:\/\/breinco.com\/fr\/wp-json\/wp\/v2\/media\/13254"},{"embeddable":true,"href":"https:\/\/breinco.com\/fr\/wp-json\/wp\/v2\/media\/13252"}],"acf:post":[{"embeddable":true,"href":"https:\/\/breinco.com\/fr\/wp-json\/wp\/v2\/br_product\/18207"}],"wp:attachment":[{"href":"https:\/\/breinco.com\/fr\/wp-json\/wp\/v2\/media?parent=23026"}],"wp:term":[{"taxonomy":"post_tag","embeddable":true,"href":"https:\/\/breinco.com\/fr\/wp-json\/wp\/v2\/tags?post=23026"},{"taxonomy":"categoria-proyecto","embeddable":true,"href":"https:\/\/breinco.com\/fr\/wp-json\/wp\/v2\/categoria-proyecto?post=23026"}],"curies":[{"name":"wp","href":"https:\/\/api.w.org\/{rel}","templated":true}]}}

Bureaux d&rsquo;Inditex à Tordera, Gérone

<p>Le complexe de bureaux d&rsquo;Inditex se configure comme un espace corporatif contemporain, fonctionnel et ouvert, conçu pour favoriser l&rsquo;interaction entre le personnel et améliorer de manière significative la qualité de l&rsquo;environnement extérieur. Le projet met l&rsquo;accent sur l’expérience de l’usager, intégrant des aires de repos, des parcours piétons et des espaces verts qui construisent un paysage équilibré, ordonné et accueillant.</p>

<p>L’intervention intègre des solutions telles que la <strong>Llosa Vulcano®</strong>, la <strong>Llosa Filtra</strong>, la <strong>Tegula® Six</strong> ainsi que les assises en béton <strong>Circle Puff</strong>, qui apportent une nouvelle dimension esthétique et fonctionnelle à l’ensemble. La combinaison soignée de pavements et de mobilier urbain permet de structurer les espaces extérieurs, de hiérarchiser les parcours et de définir des aires de repos et de rencontre, favorisant ainsi un usage plus agréable et dynamique de l’environnement.</p>

<p>La <strong>Llosa Vulcano®</strong> a été sélectionnée pour sa haute résistance et sa durabilité, garantissant un pavement stable et fiable pour le trafic piétonnier quotidien. La <strong>Tegula® Six</strong> complète la proposition en apportant continuité visuelle, rythme et richesse formelle, tandis que la <strong>Llosa Filtra</strong> renforce les critères de durabilité et de gestion efficiente de l’eau, s’intégrant de manière naturelle dans le paysage.</p>

<p>Les assises <strong>Circle Puff</strong> sont disposées de manière stratégique pour créer des points de rencontre et de pause, améliorant le confort et favorisant les interactions entre les usagers dans les espaces extérieurs. Le résultat est un environnement corporatif qui allie design, fonctionnalité et bien-être, adapté aux besoins actuels et aligné sur une vision d’architecture responsable, accessible et cohérente avec l’identité de l’ensemble.</p>

<p></p>

Cataluña

Llosa vulcano® | 20 x 20 x 8 cm | 40 x 20 x 8 cm | 60 x 40 x 8 cm | 60 x 40 x 10 cm | White, Arena &amp; Cor-ten | Standard® | Top-complete®

Llosa Filtra | 60 x 40 x 10 cm | Arena | Standard®

Tegula® six | 10 x 10 x 8 cm | Arena | Standard®

Circle puff | ø45 x 45 cm | ø60 x 50 cm | Metal | Smooth®

<!-- This site is optimized with the Yoast SEO plugin v27.5 - https://yoast.com/product/yoast-seo-wordpress/ -->
<title>Bureaux d&#039;Inditex à Tordera, Gérone - Breinco</title>
<meta name="robots" content="index, follow, max-snippet:-1, max-image-preview:large, max-video-preview:-1" />
<link rel="canonical" href="https://breinco.com/fr/proyecto/bureaux-dinditex-a-tordera-gerone/" />
<meta property="og:locale" content="fr_FR" />
<meta property="og:type" content="article" />
<meta property="og:title" content="Bureaux d&#039;Inditex à Tordera, Gérone - Breinco" />
<meta property="og:description" content="Le complexe de bureaux d&rsquo;Inditex se configure comme un espace corporatif contemporain, fonctionnel et ouvert, conçu pour favoriser l&rsquo;interaction entre le personnel et améliorer de manière significative la qualité de l&rsquo;environnement extérieur. Le projet met l&rsquo;accent sur l’expérience de l’usager, intégrant des aires de repos, des parcours piétons et des espaces verts qui construisent un [&hellip;]" />
<meta property="og:url" content="https://breinco.com/fr/proyecto/bureaux-dinditex-a-tordera-gerone/" />
<meta property="og:site_name" content="Breinco" />
<meta property="article:publisher" content="https://www.facebook.com/breincosmart/" />
<meta property="article:modified_time" content="2026-04-30T16:25:38+00:00" />
<meta property="og:image" content="https://breinco.com/wp-content/uploads/2026/02/breinco-feat-img.webp" />
	<meta property="og:image:width" content="1200" />
	<meta property="og:image:height" content="800" />
	<meta property="og:image:type" content="image/webp" />
<meta name="twitter:card" content="summary_large_image" />
<meta name="twitter:site" content="@breincoGroup" />
<meta name="twitter:label1" content="Durée de lecture estimée" />
	<meta name="twitter:data1" content="1 minute" />
<script type="application/ld+json" class="yoast-schema-graph">{"@context":"https:\/\/schema.org","@graph":[{"@type":"WebPage","@id":"https:\/\/breinco.com\/fr\/proyecto\/bureaux-dinditex-a-tordera-gerone\/","url":"https:\/\/breinco.com\/fr\/proyecto\/bureaux-dinditex-a-tordera-gerone\/","name":"Bureaux d'Inditex à Tordera, Gérone - Breinco","isPartOf":{"@id":"https:\/\/breinco.com\/fr\/#website"},"datePublished":"2026-02-13T10:53:01+00:00","dateModified":"2026-04-30T16:25:38+00:00","breadcrumb":{"@id":"https:\/\/breinco.com\/fr\/proyecto\/bureaux-dinditex-a-tordera-gerone\/#breadcrumb"},"inLanguage":"fr-FR","potentialAction":[{"@type":"ReadAction","target":["https:\/\/breinco.com\/fr\/proyecto\/bureaux-dinditex-a-tordera-gerone\/"]}]},{"@type":"BreadcrumbList","@id":"https:\/\/breinco.com\/fr\/proyecto\/bureaux-dinditex-a-tordera-gerone\/#breadcrumb","itemListElement":[{"@type":"ListItem","position":1,"name":"Accueil","item":"https:\/\/breinco.com\/fr\/"},{"@type":"ListItem","position":2,"name":"Proyectos","item":"https:\/\/breinco.com\/fr\/proyecto\/"},{"@type":"ListItem","position":3,"name":"Bureaux d&rsquo;Inditex à Tordera, Gérone"}]},{"@type":"WebSite","@id":"https:\/\/breinco.com\/fr\/#website","url":"https:\/\/breinco.com\/fr\/","name":"Breinco","description":"","publisher":{"@id":"https:\/\/breinco.com\/fr\/#organization"},"alternateName":"Urban Furniture, Architecture and Landscaping","potentialAction":[{"@type":"SearchAction","target":{"@type":"EntryPoint","urlTemplate":"https:\/\/breinco.com\/fr\/?s={search_term_string}"},"query-input":{"@type":"PropertyValueSpecification","valueRequired":true,"valueName":"search_term_string"}}],"inLanguage":"fr-FR"},{"@type":"Organization","@id":"https:\/\/breinco.com\/fr\/#organization","name":"Breinco","url":"https:\/\/breinco.com\/fr\/","logo":{"@type":"ImageObject","inLanguage":"fr-FR","@id":"https:\/\/breinco.com\/fr\/#\/schema\/logo\/image\/","url":"https:\/\/breinco.com\/wp-content\/uploads\/2025\/04\/breinco-brand.svg","contentUrl":"https:\/\/breinco.com\/wp-content\/uploads\/2025\/04\/breinco-brand.svg","width":26,"height":58,"caption":"Breinco"},"image":{"@id":"https:\/\/breinco.com\/fr\/#\/schema\/logo\/image\/"},"sameAs":["https:\/\/www.facebook.com\/breincosmart\/","https:\/\/x.com\/breincoGroup","https:\/\/www.instagram.com\/breinco\/","https:\/\/www.linkedin.com\/company\/breinco-esp\/"]}]}</script>
<!-- / Yoast SEO plugin. -->

Bureaux d'Inditex à Tordera, Gérone - Breinco

Le complexe de bureaux d&rsquo;Inditex se configure comme un espace corporatif contemporain, fonctionnel et ouvert, conçu pour favoriser l&rsquo;interaction entre le personnel et améliorer de manière significative la qualité de l&rsquo;environnement extérieur. Le projet met l&rsquo;accent sur l’expérience de l’usager, intégrant des aires de repos, des parcours piétons et des espaces verts qui construisent un [&hellip;]
