{"id":23030,"date":"2026-02-05T02:32:56","date_gmt":"2026-02-05T01:32:56","guid":{"rendered":"https:\/\/breinco.com\/proyecto\/hotel-can-alemany-a-santa-margarida-de-montbui\/"},"modified":"2026-04-30T18:25:38","modified_gmt":"2026-04-30T16:25:38","slug":"hotel-can-alemany-a-santa-margarida-de-montbui","status":"publish","type":"proyecto","link":"https:\/\/breinco.com\/fr\/proyecto\/hotel-can-alemany-a-santa-margarida-de-montbui\/","title":{"rendered":"Hotel Can Alemany \u00e0 Santa Margarida de Montbui"},"content":{"rendered":"\n<p><strong>Can Alemany<\/strong>, une ancienne m\u00e9tairie historique transform\u00e9e en appart&rsquo;h\u00f4tel, situ\u00e9e dans un cadre naturel privil\u00e9gi\u00e9 \u00e0 Santa Margarida de Montbui. Un projet qui allie respect du patrimoine, architecture contemporaine et un engagement ferme envers la durabilit\u00e9.<\/p>\n\n<p>L\u2019acc\u00e8s au domaine et les parcours ext\u00e9rieurs ont \u00e9t\u00e9 r\u00e9alis\u00e9s avec le mod\u00e8le <strong>Tegula\u00ae light<\/strong>, utilis\u00e9 pour les entr\u00e9es, les sentiers et les acc\u00e8s. Ce pavage permet une int\u00e9gration naturelle avec le paysage, structurant les cheminements et accompagnant le visiteur d\u00e8s son arriv\u00e9e, sous la silhouette d\u2019un arbre centenaire qui fait office de symbole de bienvenue.<\/p>\n\n<p>Dans l\u2019espace de la piscine et ses abords, le mod\u00e8le <strong>Llosa Vulcano\u00ae<\/strong> a \u00e9t\u00e9 utilis\u00e9; une pi\u00e8ce reconnue pour sa grande valeur esth\u00e9tique, sa duret\u00e9 singuli\u00e8re et son comportement optimal dans les espaces ext\u00e9rieurs \u00e0 usage intensif. Le choix de ce mat\u00e9riau contribue \u00e0 cr\u00e9er une ambiance sereine et \u00e9quilibr\u00e9e, o\u00f9 le rev\u00eatement dialogue avec l\u2019architecture et l\u2019environnement naturel, renfor\u00e7ant ainsi l\u2019exp\u00e9rience de bien-\u00eatre de l\u2019ensemble.<\/p>\n\n<p>La r\u00e9habilitation de Can Alemany r\u00e9pond aux crit\u00e8res de l&rsquo;<strong>architecture bioclimatique<\/strong>, avec des installations \u00e0 basse consommation et l&rsquo;utilisation d&rsquo;\u00e9nergies renouvelables telles que la g\u00e9othermie, la biomasse et l&rsquo;\u00e9nergie photovolta\u00efque. Le projet mise sur un tourisme responsable, le recours \u00e0 des fournisseurs de proximit\u00e9 et la r\u00e9duction de l&rsquo;impact environnemental, sans pour autant renoncer au confort ni \u00e0 la qualit\u00e9 spatiale.<\/p>\n\n<p>Le r\u00e9sultat est un espace accueillant et durable, o\u00f9 les rev\u00eatements ext\u00e9rieurs ne remplissent pas seulement une fonction technique, mais contribuent activement \u00e0 d\u00e9finir l\u2019identit\u00e9 du lieu, tout en respectant son histoire et en le projetant vers l\u2019avenir.<\/p>\n","protected":false},"featured_media":0,"template":"","meta":{"_acf_changed":false},"tags":[938,1230],"categoria-proyecto":[958],"class_list":["post-23030","proyecto","type-proyecto","status-publish","hentry","tag-llosa-vulcano","tag-tegula-light","categoria-proyecto-residence-privee-a-vallvidrera"],"acf":{"localitzacio-projecte":"Barcelona","credits-projecte":"","fotografia-projecte":"","producte_resum":"Tegula\u00ae light y Llosa Vulcano\u00ae","producte-projecte":"Tegula\u00ae light | 24 x 16 x 5 cm | Arena | Standard\u00ae\r\n\r\nLlosa Vulcano\u00ae | 60 x 40 x 5 cm | Arena | Standard\u00ae\r\n\r\nLlosa Vulcano\u00ae Pool | Arena | Standard\u00ae","productes_relacionats":[17714,17210,17323],"galeria-projecte":[12174,12173,12172,12292]},"yoast_head":"<!-- This site is optimized with the Yoast SEO plugin v27.5 - https:\/\/yoast.com\/product\/yoast-seo-wordpress\/ -->\n<title>Hotel Can Alemany \u00e0 Santa Margarida de Montbui - Breinco<\/title>\n<meta name=\"robots\" content=\"index, follow, max-snippet:-1, max-image-preview:large, max-video-preview:-1\" \/>\n<link rel=\"canonical\" href=\"https:\/\/breinco.com\/fr\/proyecto\/hotel-can-alemany-a-santa-margarida-de-montbui\/\" \/>\n<meta property=\"og:locale\" content=\"fr_FR\" \/>\n<meta property=\"og:type\" content=\"article\" \/>\n<meta property=\"og:title\" content=\"Hotel Can Alemany \u00e0 Santa Margarida de Montbui - Breinco\" \/>\n<meta property=\"og:description\" content=\"Can Alemany, une ancienne m\u00e9tairie historique transform\u00e9e en appart&rsquo;h\u00f4tel, situ\u00e9e dans un cadre naturel privil\u00e9gi\u00e9 \u00e0 Santa Margarida de Montbui. Un projet qui allie respect du patrimoine, architecture contemporaine et un engagement ferme envers la durabilit\u00e9. L\u2019acc\u00e8s au domaine et les parcours ext\u00e9rieurs ont \u00e9t\u00e9 r\u00e9alis\u00e9s avec le mod\u00e8le Tegula\u00ae light, utilis\u00e9 pour les entr\u00e9es, [&hellip;]\" \/>\n<meta property=\"og:url\" content=\"https:\/\/breinco.com\/fr\/proyecto\/hotel-can-alemany-a-santa-margarida-de-montbui\/\" \/>\n<meta property=\"og:site_name\" content=\"Breinco\" \/>\n<meta property=\"article:publisher\" content=\"https:\/\/www.facebook.com\/breincosmart\/\" \/>\n<meta property=\"article:modified_time\" content=\"2026-04-30T16:25:38+00:00\" \/>\n<meta property=\"og:image\" content=\"https:\/\/breinco.com\/wp-content\/uploads\/2026\/02\/breinco-feat-img.webp\" \/>\n\t<meta property=\"og:image:width\" content=\"1200\" \/>\n\t<meta property=\"og:image:height\" content=\"800\" \/>\n\t<meta property=\"og:image:type\" content=\"image\/webp\" \/>\n<meta name=\"twitter:card\" content=\"summary_large_image\" \/>\n<meta name=\"twitter:site\" content=\"@breincoGroup\" \/>\n<meta name=\"twitter:label1\" content=\"Dur\u00e9e de lecture estim\u00e9e\" \/>\n\t<meta name=\"twitter:data1\" content=\"1 minute\" \/>\n<script type=\"application\/ld+json\" class=\"yoast-schema-graph\">{\"@context\":\"https:\\\/\\\/schema.org\",\"@graph\":[{\"@type\":\"WebPage\",\"@id\":\"https:\\\/\\\/breinco.com\\\/fr\\\/proyecto\\\/hotel-can-alemany-a-santa-margarida-de-montbui\\\/\",\"url\":\"https:\\\/\\\/breinco.com\\\/fr\\\/proyecto\\\/hotel-can-alemany-a-santa-margarida-de-montbui\\\/\",\"name\":\"Hotel Can Alemany \u00e0 Santa Margarida de Montbui - Breinco\",\"isPartOf\":{\"@id\":\"https:\\\/\\\/breinco.com\\\/fr\\\/#website\"},\"datePublished\":\"2026-02-05T01:32:56+00:00\",\"dateModified\":\"2026-04-30T16:25:38+00:00\",\"breadcrumb\":{\"@id\":\"https:\\\/\\\/breinco.com\\\/fr\\\/proyecto\\\/hotel-can-alemany-a-santa-margarida-de-montbui\\\/#breadcrumb\"},\"inLanguage\":\"fr-FR\",\"potentialAction\":[{\"@type\":\"ReadAction\",\"target\":[\"https:\\\/\\\/breinco.com\\\/fr\\\/proyecto\\\/hotel-can-alemany-a-santa-margarida-de-montbui\\\/\"]}]},{\"@type\":\"BreadcrumbList\",\"@id\":\"https:\\\/\\\/breinco.com\\\/fr\\\/proyecto\\\/hotel-can-alemany-a-santa-margarida-de-montbui\\\/#breadcrumb\",\"itemListElement\":[{\"@type\":\"ListItem\",\"position\":1,\"name\":\"Accueil\",\"item\":\"https:\\\/\\\/breinco.com\\\/fr\\\/\"},{\"@type\":\"ListItem\",\"position\":2,\"name\":\"Proyectos\",\"item\":\"https:\\\/\\\/breinco.com\\\/fr\\\/proyecto\\\/\"},{\"@type\":\"ListItem\",\"position\":3,\"name\":\"Hotel Can Alemany \u00e0 Santa Margarida de Montbui\"}]},{\"@type\":\"WebSite\",\"@id\":\"https:\\\/\\\/breinco.com\\\/fr\\\/#website\",\"url\":\"https:\\\/\\\/breinco.com\\\/fr\\\/\",\"name\":\"Breinco\",\"description\":\"\",\"publisher\":{\"@id\":\"https:\\\/\\\/breinco.com\\\/fr\\\/#organization\"},\"alternateName\":\"Urban Furniture, Architecture and Landscaping\",\"potentialAction\":[{\"@type\":\"SearchAction\",\"target\":{\"@type\":\"EntryPoint\",\"urlTemplate\":\"https:\\\/\\\/breinco.com\\\/fr\\\/?s={search_term_string}\"},\"query-input\":{\"@type\":\"PropertyValueSpecification\",\"valueRequired\":true,\"valueName\":\"search_term_string\"}}],\"inLanguage\":\"fr-FR\"},{\"@type\":\"Organization\",\"@id\":\"https:\\\/\\\/breinco.com\\\/fr\\\/#organization\",\"name\":\"Breinco\",\"url\":\"https:\\\/\\\/breinco.com\\\/fr\\\/\",\"logo\":{\"@type\":\"ImageObject\",\"inLanguage\":\"fr-FR\",\"@id\":\"https:\\\/\\\/breinco.com\\\/fr\\\/#\\\/schema\\\/logo\\\/image\\\/\",\"url\":\"https:\\\/\\\/breinco.com\\\/wp-content\\\/uploads\\\/2025\\\/04\\\/breinco-brand.svg\",\"contentUrl\":\"https:\\\/\\\/breinco.com\\\/wp-content\\\/uploads\\\/2025\\\/04\\\/breinco-brand.svg\",\"width\":26,\"height\":58,\"caption\":\"Breinco\"},\"image\":{\"@id\":\"https:\\\/\\\/breinco.com\\\/fr\\\/#\\\/schema\\\/logo\\\/image\\\/\"},\"sameAs\":[\"https:\\\/\\\/www.facebook.com\\\/breincosmart\\\/\",\"https:\\\/\\\/x.com\\\/breincoGroup\",\"https:\\\/\\\/www.instagram.com\\\/breinco\\\/\",\"https:\\\/\\\/www.linkedin.com\\\/company\\\/breinco-esp\\\/\"]}]}<\/script>\n<!-- \/ Yoast SEO plugin. -->","yoast_head_json":{"title":"Hotel Can Alemany \u00e0 Santa Margarida de Montbui - Breinco","robots":{"index":"index","follow":"follow","max-snippet":"max-snippet:-1","max-image-preview":"max-image-preview:large","max-video-preview":"max-video-preview:-1"},"canonical":"https:\/\/breinco.com\/fr\/proyecto\/hotel-can-alemany-a-santa-margarida-de-montbui\/","og_locale":"fr_FR","og_type":"article","og_title":"Hotel Can Alemany \u00e0 Santa Margarida de Montbui - Breinco","og_description":"Can Alemany, une ancienne m\u00e9tairie historique transform\u00e9e en appart&rsquo;h\u00f4tel, situ\u00e9e dans un cadre naturel privil\u00e9gi\u00e9 \u00e0 Santa Margarida de Montbui. Un projet qui allie respect du patrimoine, architecture contemporaine et un engagement ferme envers la durabilit\u00e9. L\u2019acc\u00e8s au domaine et les parcours ext\u00e9rieurs ont \u00e9t\u00e9 r\u00e9alis\u00e9s avec le mod\u00e8le Tegula\u00ae light, utilis\u00e9 pour les entr\u00e9es, [&hellip;]","og_url":"https:\/\/breinco.com\/fr\/proyecto\/hotel-can-alemany-a-santa-margarida-de-montbui\/","og_site_name":"Breinco","article_publisher":"https:\/\/www.facebook.com\/breincosmart\/","article_modified_time":"2026-04-30T16:25:38+00:00","og_image":[{"width":1200,"height":800,"url":"https:\/\/breinco.com\/wp-content\/uploads\/2026\/02\/breinco-feat-img.webp","type":"image\/webp"}],"twitter_card":"summary_large_image","twitter_site":"@breincoGroup","twitter_misc":{"Dur\u00e9e de lecture estim\u00e9e":"1 minute"},"schema":{"@context":"https:\/\/schema.org","@graph":[{"@type":"WebPage","@id":"https:\/\/breinco.com\/fr\/proyecto\/hotel-can-alemany-a-santa-margarida-de-montbui\/","url":"https:\/\/breinco.com\/fr\/proyecto\/hotel-can-alemany-a-santa-margarida-de-montbui\/","name":"Hotel Can Alemany \u00e0 Santa Margarida de Montbui - Breinco","isPartOf":{"@id":"https:\/\/breinco.com\/fr\/#website"},"datePublished":"2026-02-05T01:32:56+00:00","dateModified":"2026-04-30T16:25:38+00:00","breadcrumb":{"@id":"https:\/\/breinco.com\/fr\/proyecto\/hotel-can-alemany-a-santa-margarida-de-montbui\/#breadcrumb"},"inLanguage":"fr-FR","potentialAction":[{"@type":"ReadAction","target":["https:\/\/breinco.com\/fr\/proyecto\/hotel-can-alemany-a-santa-margarida-de-montbui\/"]}]},{"@type":"BreadcrumbList","@id":"https:\/\/breinco.com\/fr\/proyecto\/hotel-can-alemany-a-santa-margarida-de-montbui\/#breadcrumb","itemListElement":[{"@type":"ListItem","position":1,"name":"Accueil","item":"https:\/\/breinco.com\/fr\/"},{"@type":"ListItem","position":2,"name":"Proyectos","item":"https:\/\/breinco.com\/fr\/proyecto\/"},{"@type":"ListItem","position":3,"name":"Hotel Can Alemany \u00e0 Santa Margarida de Montbui"}]},{"@type":"WebSite","@id":"https:\/\/breinco.com\/fr\/#website","url":"https:\/\/breinco.com\/fr\/","name":"Breinco","description":"","publisher":{"@id":"https:\/\/breinco.com\/fr\/#organization"},"alternateName":"Urban Furniture, Architecture and Landscaping","potentialAction":[{"@type":"SearchAction","target":{"@type":"EntryPoint","urlTemplate":"https:\/\/breinco.com\/fr\/?s={search_term_string}"},"query-input":{"@type":"PropertyValueSpecification","valueRequired":true,"valueName":"search_term_string"}}],"inLanguage":"fr-FR"},{"@type":"Organization","@id":"https:\/\/breinco.com\/fr\/#organization","name":"Breinco","url":"https:\/\/breinco.com\/fr\/","logo":{"@type":"ImageObject","inLanguage":"fr-FR","@id":"https:\/\/breinco.com\/fr\/#\/schema\/logo\/image\/","url":"https:\/\/breinco.com\/wp-content\/uploads\/2025\/04\/breinco-brand.svg","contentUrl":"https:\/\/breinco.com\/wp-content\/uploads\/2025\/04\/breinco-brand.svg","width":26,"height":58,"caption":"Breinco"},"image":{"@id":"https:\/\/breinco.com\/fr\/#\/schema\/logo\/image\/"},"sameAs":["https:\/\/www.facebook.com\/breincosmart\/","https:\/\/x.com\/breincoGroup","https:\/\/www.instagram.com\/breinco\/","https:\/\/www.linkedin.com\/company\/breinco-esp\/"]}]}},"_links":{"self":[{"href":"https:\/\/breinco.com\/fr\/wp-json\/wp\/v2\/proyecto\/23030","targetHints":{"allow":["GET"]}}],"collection":[{"href":"https:\/\/breinco.com\/fr\/wp-json\/wp\/v2\/proyecto"}],"about":[{"href":"https:\/\/breinco.com\/fr\/wp-json\/wp\/v2\/types\/proyecto"}],"acf:attachment":[{"embeddable":true,"href":"https:\/\/breinco.com\/fr\/wp-json\/wp\/v2\/media\/12292"},{"embeddable":true,"href":"https:\/\/breinco.com\/fr\/wp-json\/wp\/v2\/media\/12172"},{"embeddable":true,"href":"https:\/\/breinco.com\/fr\/wp-json\/wp\/v2\/media\/12173"},{"embeddable":true,"href":"https:\/\/breinco.com\/fr\/wp-json\/wp\/v2\/media\/12174"}],"acf:post":[{"embeddable":true,"href":"https:\/\/breinco.com\/fr\/wp-json\/wp\/v2\/br_product\/17323"},{"embeddable":true,"href":"https:\/\/breinco.com\/fr\/wp-json\/wp\/v2\/br_product\/17210"},{"embeddable":true,"href":"https:\/\/breinco.com\/fr\/wp-json\/wp\/v2\/br_product\/17714"}],"wp:attachment":[{"href":"https:\/\/breinco.com\/fr\/wp-json\/wp\/v2\/media?parent=23030"}],"wp:term":[{"taxonomy":"post_tag","embeddable":true,"href":"https:\/\/breinco.com\/fr\/wp-json\/wp\/v2\/tags?post=23030"},{"taxonomy":"categoria-proyecto","embeddable":true,"href":"https:\/\/breinco.com\/fr\/wp-json\/wp\/v2\/categoria-proyecto?post=23030"}],"curies":[{"name":"wp","href":"https:\/\/api.w.org\/{rel}","templated":true}]}}

Hotel Can Alemany à Santa Margarida de Montbui

<p><strong>Can Alemany</strong>, une ancienne métairie historique transformée en appart&rsquo;hôtel, située dans un cadre naturel privilégié à Santa Margarida de Montbui. Un projet qui allie respect du patrimoine, architecture contemporaine et un engagement ferme envers la durabilité.</p>

<p>L’accès au domaine et les parcours extérieurs ont été réalisés avec le modèle <strong>Tegula® light</strong>, utilisé pour les entrées, les sentiers et les accès. Ce pavage permet une intégration naturelle avec le paysage, structurant les cheminements et accompagnant le visiteur dès son arrivée, sous la silhouette d’un arbre centenaire qui fait office de symbole de bienvenue.</p>

<p>Dans l’espace de la piscine et ses abords, le modèle <strong>Llosa Vulcano®</strong> a été utilisé; une pièce reconnue pour sa grande valeur esthétique, sa dureté singulière et son comportement optimal dans les espaces extérieurs à usage intensif. Le choix de ce matériau contribue à créer une ambiance sereine et équilibrée, où le revêtement dialogue avec l’architecture et l’environnement naturel, renforçant ainsi l’expérience de bien-être de l’ensemble.</p>

<p>La réhabilitation de Can Alemany répond aux critères de l&rsquo;<strong>architecture bioclimatique</strong>, avec des installations à basse consommation et l&rsquo;utilisation d&rsquo;énergies renouvelables telles que la géothermie, la biomasse et l&rsquo;énergie photovoltaïque. Le projet mise sur un tourisme responsable, le recours à des fournisseurs de proximité et la réduction de l&rsquo;impact environnemental, sans pour autant renoncer au confort ni à la qualité spatiale.</p>

<p>Le résultat est un espace accueillant et durable, où les revêtements extérieurs ne remplissent pas seulement une fonction technique, mais contribuent activement à définir l’identité du lieu, tout en respectant son histoire et en le projetant vers l’avenir.</p>

<!-- This site is optimized with the Yoast SEO plugin v27.5 - https://yoast.com/product/yoast-seo-wordpress/ -->
<title>Hotel Can Alemany à Santa Margarida de Montbui - Breinco</title>
<meta name="robots" content="index, follow, max-snippet:-1, max-image-preview:large, max-video-preview:-1" />
<link rel="canonical" href="https://breinco.com/fr/proyecto/hotel-can-alemany-a-santa-margarida-de-montbui/" />
<meta property="og:locale" content="fr_FR" />
<meta property="og:type" content="article" />
<meta property="og:title" content="Hotel Can Alemany à Santa Margarida de Montbui - Breinco" />
<meta property="og:description" content="Can Alemany, une ancienne métairie historique transformée en appart&rsquo;hôtel, située dans un cadre naturel privilégié à Santa Margarida de Montbui. Un projet qui allie respect du patrimoine, architecture contemporaine et un engagement ferme envers la durabilité. L’accès au domaine et les parcours extérieurs ont été réalisés avec le modèle Tegula® light, utilisé pour les entrées, [&hellip;]" />
<meta property="og:url" content="https://breinco.com/fr/proyecto/hotel-can-alemany-a-santa-margarida-de-montbui/" />
<meta property="og:site_name" content="Breinco" />
<meta property="article:publisher" content="https://www.facebook.com/breincosmart/" />
<meta property="article:modified_time" content="2026-04-30T16:25:38+00:00" />
<meta property="og:image" content="https://breinco.com/wp-content/uploads/2026/02/breinco-feat-img.webp" />
	<meta property="og:image:width" content="1200" />
	<meta property="og:image:height" content="800" />
	<meta property="og:image:type" content="image/webp" />
<meta name="twitter:card" content="summary_large_image" />
<meta name="twitter:site" content="@breincoGroup" />
<meta name="twitter:label1" content="Durée de lecture estimée" />
	<meta name="twitter:data1" content="1 minute" />
<script type="application/ld+json" class="yoast-schema-graph">{"@context":"https:\/\/schema.org","@graph":[{"@type":"WebPage","@id":"https:\/\/breinco.com\/fr\/proyecto\/hotel-can-alemany-a-santa-margarida-de-montbui\/","url":"https:\/\/breinco.com\/fr\/proyecto\/hotel-can-alemany-a-santa-margarida-de-montbui\/","name":"Hotel Can Alemany à Santa Margarida de Montbui - Breinco","isPartOf":{"@id":"https:\/\/breinco.com\/fr\/#website"},"datePublished":"2026-02-05T01:32:56+00:00","dateModified":"2026-04-30T16:25:38+00:00","breadcrumb":{"@id":"https:\/\/breinco.com\/fr\/proyecto\/hotel-can-alemany-a-santa-margarida-de-montbui\/#breadcrumb"},"inLanguage":"fr-FR","potentialAction":[{"@type":"ReadAction","target":["https:\/\/breinco.com\/fr\/proyecto\/hotel-can-alemany-a-santa-margarida-de-montbui\/"]}]},{"@type":"BreadcrumbList","@id":"https:\/\/breinco.com\/fr\/proyecto\/hotel-can-alemany-a-santa-margarida-de-montbui\/#breadcrumb","itemListElement":[{"@type":"ListItem","position":1,"name":"Accueil","item":"https:\/\/breinco.com\/fr\/"},{"@type":"ListItem","position":2,"name":"Proyectos","item":"https:\/\/breinco.com\/fr\/proyecto\/"},{"@type":"ListItem","position":3,"name":"Hotel Can Alemany à Santa Margarida de Montbui"}]},{"@type":"WebSite","@id":"https:\/\/breinco.com\/fr\/#website","url":"https:\/\/breinco.com\/fr\/","name":"Breinco","description":"","publisher":{"@id":"https:\/\/breinco.com\/fr\/#organization"},"alternateName":"Urban Furniture, Architecture and Landscaping","potentialAction":[{"@type":"SearchAction","target":{"@type":"EntryPoint","urlTemplate":"https:\/\/breinco.com\/fr\/?s={search_term_string}"},"query-input":{"@type":"PropertyValueSpecification","valueRequired":true,"valueName":"search_term_string"}}],"inLanguage":"fr-FR"},{"@type":"Organization","@id":"https:\/\/breinco.com\/fr\/#organization","name":"Breinco","url":"https:\/\/breinco.com\/fr\/","logo":{"@type":"ImageObject","inLanguage":"fr-FR","@id":"https:\/\/breinco.com\/fr\/#\/schema\/logo\/image\/","url":"https:\/\/breinco.com\/wp-content\/uploads\/2025\/04\/breinco-brand.svg","contentUrl":"https:\/\/breinco.com\/wp-content\/uploads\/2025\/04\/breinco-brand.svg","width":26,"height":58,"caption":"Breinco"},"image":{"@id":"https:\/\/breinco.com\/fr\/#\/schema\/logo\/image\/"},"sameAs":["https:\/\/www.facebook.com\/breincosmart\/","https:\/\/x.com\/breincoGroup","https:\/\/www.instagram.com\/breinco\/","https:\/\/www.linkedin.com\/company\/breinco-esp\/"]}]}</script>
<!-- / Yoast SEO plugin. -->

Hotel Can Alemany à Santa Margarida de Montbui - Breinco

Can Alemany, une ancienne métairie historique transformée en appart&rsquo;hôtel, située dans un cadre naturel privilégié à Santa Margarida de Montbui. Un projet qui allie respect du patrimoine, architecture contemporaine et un engagement ferme envers la durabilité. L’accès au domaine et les parcours extérieurs ont été réalisés avec le modèle Tegula® light, utilisé pour les entrées, [&hellip;]
