{"id":23059,"date":"2025-10-27T17:55:09","date_gmt":"2025-10-27T16:55:09","guid":{"rendered":"https:\/\/breinco.com\/proyecto\/renovation-de-la-maison-joaquin-ferran\/"},"modified":"2026-04-30T18:25:39","modified_gmt":"2026-04-30T16:25:39","slug":"renovation-de-la-maison-joaquin-ferran","status":"publish","type":"proyecto","link":"https:\/\/breinco.com\/fr\/proyecto\/renovation-de-la-maison-joaquin-ferran\/","title":{"rendered":"R\u00e9novation de la Maison Joaqu\u00edn Ferran"},"content":{"rendered":"\n<p class=\"has-medium-font-size\"><strong>Un b\u00e2timent historique rena\u00eet<\/strong><\/p>\n\n<p>Le <strong>Panot Flor<\/strong>, cet embl\u00e9matique rev\u00eatement de sol qui accompagne Barcelone depuis plus d&rsquo;un si\u00e8cle, ne se contente pas d&rsquo;orner las rues de la ville ; son histoire et son design sont devenus une r\u00e9f\u00e9rence culturelle et architecturale. D\u00e9sormais, cette pi\u00e8ce iconique trouve une nouvelle place : les int\u00e9rieurs, gr\u00e2ce \u00e0 la tendance <strong>\u00abinout\u00bb<\/strong>, qui estompe les limites entre l&rsquo;ext\u00e9rieur et l&rsquo;int\u00e9rieur.<\/p>\n\n<p>Dans ce contexte, la <strong>r\u00e9novation de la Maison Joaqu\u00edn Ferran<\/strong> prend toute son importance. Ce b\u00e2timent historique, datant de 1879 et faisant partie du riche patrimoine architectural de Barcelone, a \u00e9t\u00e9 r\u00e9interpr\u00e9t\u00e9 par le studio Manrique Planas. Lors de la r\u00e9novation, le Panot Flor a \u00e9t\u00e9 int\u00e9gr\u00e9 aux espaces int\u00e9rieurs, alliant ainsi histoire et modernit\u00e9 de mani\u00e8re harmonieuse.<\/p>\n\n<p>Le r\u00e9sultat est un \u00e9quilibre parfait: le Panot Flor apporte texture, caract\u00e8re et un lien avec l\u2019histoire de la ville, tout en dialoguant avec les \u00e9l\u00e9ments contemporains de la maison. Chaque pas \u00e0 l&rsquo;int\u00e9rieur de la Maison Joaqu\u00edn Ferran rappelle que le design ne remplit pas seulement une fonction: il raconte, \u00e9voque la m\u00e9moire et cr\u00e9e des exp\u00e9riences.<\/p>\n\n<p>La r\u00e9novation confirme que le Panot Flor est bien plus qu&rsquo;un simple rev\u00eatement: c&rsquo;est un <strong>\u00e9l\u00e9ment transformateur<\/strong> capable de red\u00e9finir les espaces, fusionnant l&rsquo;architecture historique avec des solutions d&rsquo;int\u00e9rieur modernes. La tendance \u00abinout\u00bb ouvre un nouveau chapitre dans l&rsquo;histoire de Barcelone: son pavage le plus embl\u00e9matique se vit d\u00e9sormais aussi \u00e0 l&rsquo;int\u00e9rieur des \u00e9difices les plus iconiques de la ville.<\/p>\n\n<p class=\"has-medium-font-size\"><\/p>\n","protected":false},"featured_media":0,"template":"","meta":{"_acf_changed":false},"tags":[1243,1001,946],"categoria-proyecto":[958],"class_list":["post-23059","proyecto","type-proyecto","status-publish","hentry","tag-flor","tag-panot","tag-panot-sxxi","categoria-proyecto-residence-privee-a-vallvidrera"],"acf":{"localitzacio-projecte":"Barcelona","credits-projecte":"Manrique Planas","fotografia-projecte":"","producte_resum":"Panot Flor","producte-projecte":"Panot SXXI Flor | 20 x 20 x 4 cm | White | Standard\u00ae","productes_relacionats":[17690],"galeria-projecte":[4209,4214,4213,4211,4212,4215,4217]},"yoast_head":"<!-- This site is optimized with the Yoast SEO plugin v27.5 - https:\/\/yoast.com\/product\/yoast-seo-wordpress\/ -->\n<title>R\u00e9novation de la Maison Joaqu\u00edn Ferran - Breinco<\/title>\n<meta name=\"robots\" content=\"index, follow, max-snippet:-1, max-image-preview:large, max-video-preview:-1\" \/>\n<link rel=\"canonical\" href=\"https:\/\/breinco.com\/fr\/proyecto\/renovation-de-la-maison-joaquin-ferran\/\" \/>\n<meta property=\"og:locale\" content=\"fr_FR\" \/>\n<meta property=\"og:type\" content=\"article\" \/>\n<meta property=\"og:title\" content=\"R\u00e9novation de la Maison Joaqu\u00edn Ferran - Breinco\" \/>\n<meta property=\"og:description\" content=\"Un b\u00e2timent historique rena\u00eet Le Panot Flor, cet embl\u00e9matique rev\u00eatement de sol qui accompagne Barcelone depuis plus d&rsquo;un si\u00e8cle, ne se contente pas d&rsquo;orner las rues de la ville ; son histoire et son design sont devenus une r\u00e9f\u00e9rence culturelle et architecturale. D\u00e9sormais, cette pi\u00e8ce iconique trouve une nouvelle place : les int\u00e9rieurs, gr\u00e2ce \u00e0 [&hellip;]\" \/>\n<meta property=\"og:url\" content=\"https:\/\/breinco.com\/fr\/proyecto\/renovation-de-la-maison-joaquin-ferran\/\" \/>\n<meta property=\"og:site_name\" content=\"Breinco\" \/>\n<meta property=\"article:publisher\" content=\"https:\/\/www.facebook.com\/breincosmart\/\" \/>\n<meta property=\"article:modified_time\" content=\"2026-04-30T16:25:39+00:00\" \/>\n<meta property=\"og:image\" content=\"https:\/\/breinco.com\/wp-content\/uploads\/2026\/02\/breinco-feat-img.webp\" \/>\n\t<meta property=\"og:image:width\" content=\"1200\" \/>\n\t<meta property=\"og:image:height\" content=\"800\" \/>\n\t<meta property=\"og:image:type\" content=\"image\/webp\" \/>\n<meta name=\"twitter:card\" content=\"summary_large_image\" \/>\n<meta name=\"twitter:site\" content=\"@breincoGroup\" \/>\n<meta name=\"twitter:label1\" content=\"Dur\u00e9e de lecture estim\u00e9e\" \/>\n\t<meta name=\"twitter:data1\" content=\"1 minute\" \/>\n<script type=\"application\/ld+json\" class=\"yoast-schema-graph\">{\"@context\":\"https:\\\/\\\/schema.org\",\"@graph\":[{\"@type\":\"WebPage\",\"@id\":\"https:\\\/\\\/breinco.com\\\/fr\\\/proyecto\\\/renovation-de-la-maison-joaquin-ferran\\\/\",\"url\":\"https:\\\/\\\/breinco.com\\\/fr\\\/proyecto\\\/renovation-de-la-maison-joaquin-ferran\\\/\",\"name\":\"R\u00e9novation de la Maison Joaqu\u00edn Ferran - Breinco\",\"isPartOf\":{\"@id\":\"https:\\\/\\\/breinco.com\\\/fr\\\/#website\"},\"datePublished\":\"2025-10-27T16:55:09+00:00\",\"dateModified\":\"2026-04-30T16:25:39+00:00\",\"breadcrumb\":{\"@id\":\"https:\\\/\\\/breinco.com\\\/fr\\\/proyecto\\\/renovation-de-la-maison-joaquin-ferran\\\/#breadcrumb\"},\"inLanguage\":\"fr-FR\",\"potentialAction\":[{\"@type\":\"ReadAction\",\"target\":[\"https:\\\/\\\/breinco.com\\\/fr\\\/proyecto\\\/renovation-de-la-maison-joaquin-ferran\\\/\"]}]},{\"@type\":\"BreadcrumbList\",\"@id\":\"https:\\\/\\\/breinco.com\\\/fr\\\/proyecto\\\/renovation-de-la-maison-joaquin-ferran\\\/#breadcrumb\",\"itemListElement\":[{\"@type\":\"ListItem\",\"position\":1,\"name\":\"Accueil\",\"item\":\"https:\\\/\\\/breinco.com\\\/fr\\\/\"},{\"@type\":\"ListItem\",\"position\":2,\"name\":\"Proyectos\",\"item\":\"https:\\\/\\\/breinco.com\\\/fr\\\/proyecto\\\/\"},{\"@type\":\"ListItem\",\"position\":3,\"name\":\"R\u00e9novation de la Maison Joaqu\u00edn Ferran\"}]},{\"@type\":\"WebSite\",\"@id\":\"https:\\\/\\\/breinco.com\\\/fr\\\/#website\",\"url\":\"https:\\\/\\\/breinco.com\\\/fr\\\/\",\"name\":\"Breinco\",\"description\":\"\",\"publisher\":{\"@id\":\"https:\\\/\\\/breinco.com\\\/fr\\\/#organization\"},\"alternateName\":\"Urban Furniture, Architecture and Landscaping\",\"potentialAction\":[{\"@type\":\"SearchAction\",\"target\":{\"@type\":\"EntryPoint\",\"urlTemplate\":\"https:\\\/\\\/breinco.com\\\/fr\\\/?s={search_term_string}\"},\"query-input\":{\"@type\":\"PropertyValueSpecification\",\"valueRequired\":true,\"valueName\":\"search_term_string\"}}],\"inLanguage\":\"fr-FR\"},{\"@type\":\"Organization\",\"@id\":\"https:\\\/\\\/breinco.com\\\/fr\\\/#organization\",\"name\":\"Breinco\",\"url\":\"https:\\\/\\\/breinco.com\\\/fr\\\/\",\"logo\":{\"@type\":\"ImageObject\",\"inLanguage\":\"fr-FR\",\"@id\":\"https:\\\/\\\/breinco.com\\\/fr\\\/#\\\/schema\\\/logo\\\/image\\\/\",\"url\":\"https:\\\/\\\/breinco.com\\\/wp-content\\\/uploads\\\/2025\\\/04\\\/breinco-brand.svg\",\"contentUrl\":\"https:\\\/\\\/breinco.com\\\/wp-content\\\/uploads\\\/2025\\\/04\\\/breinco-brand.svg\",\"width\":26,\"height\":58,\"caption\":\"Breinco\"},\"image\":{\"@id\":\"https:\\\/\\\/breinco.com\\\/fr\\\/#\\\/schema\\\/logo\\\/image\\\/\"},\"sameAs\":[\"https:\\\/\\\/www.facebook.com\\\/breincosmart\\\/\",\"https:\\\/\\\/x.com\\\/breincoGroup\",\"https:\\\/\\\/www.instagram.com\\\/breinco\\\/\",\"https:\\\/\\\/www.linkedin.com\\\/company\\\/breinco-esp\\\/\"]}]}<\/script>\n<!-- \/ Yoast SEO plugin. -->","yoast_head_json":{"title":"R\u00e9novation de la Maison Joaqu\u00edn Ferran - Breinco","robots":{"index":"index","follow":"follow","max-snippet":"max-snippet:-1","max-image-preview":"max-image-preview:large","max-video-preview":"max-video-preview:-1"},"canonical":"https:\/\/breinco.com\/fr\/proyecto\/renovation-de-la-maison-joaquin-ferran\/","og_locale":"fr_FR","og_type":"article","og_title":"R\u00e9novation de la Maison Joaqu\u00edn Ferran - Breinco","og_description":"Un b\u00e2timent historique rena\u00eet Le Panot Flor, cet embl\u00e9matique rev\u00eatement de sol qui accompagne Barcelone depuis plus d&rsquo;un si\u00e8cle, ne se contente pas d&rsquo;orner las rues de la ville ; son histoire et son design sont devenus une r\u00e9f\u00e9rence culturelle et architecturale. D\u00e9sormais, cette pi\u00e8ce iconique trouve une nouvelle place : les int\u00e9rieurs, gr\u00e2ce \u00e0 [&hellip;]","og_url":"https:\/\/breinco.com\/fr\/proyecto\/renovation-de-la-maison-joaquin-ferran\/","og_site_name":"Breinco","article_publisher":"https:\/\/www.facebook.com\/breincosmart\/","article_modified_time":"2026-04-30T16:25:39+00:00","og_image":[{"width":1200,"height":800,"url":"https:\/\/breinco.com\/wp-content\/uploads\/2026\/02\/breinco-feat-img.webp","type":"image\/webp"}],"twitter_card":"summary_large_image","twitter_site":"@breincoGroup","twitter_misc":{"Dur\u00e9e de lecture estim\u00e9e":"1 minute"},"schema":{"@context":"https:\/\/schema.org","@graph":[{"@type":"WebPage","@id":"https:\/\/breinco.com\/fr\/proyecto\/renovation-de-la-maison-joaquin-ferran\/","url":"https:\/\/breinco.com\/fr\/proyecto\/renovation-de-la-maison-joaquin-ferran\/","name":"R\u00e9novation de la Maison Joaqu\u00edn Ferran - Breinco","isPartOf":{"@id":"https:\/\/breinco.com\/fr\/#website"},"datePublished":"2025-10-27T16:55:09+00:00","dateModified":"2026-04-30T16:25:39+00:00","breadcrumb":{"@id":"https:\/\/breinco.com\/fr\/proyecto\/renovation-de-la-maison-joaquin-ferran\/#breadcrumb"},"inLanguage":"fr-FR","potentialAction":[{"@type":"ReadAction","target":["https:\/\/breinco.com\/fr\/proyecto\/renovation-de-la-maison-joaquin-ferran\/"]}]},{"@type":"BreadcrumbList","@id":"https:\/\/breinco.com\/fr\/proyecto\/renovation-de-la-maison-joaquin-ferran\/#breadcrumb","itemListElement":[{"@type":"ListItem","position":1,"name":"Accueil","item":"https:\/\/breinco.com\/fr\/"},{"@type":"ListItem","position":2,"name":"Proyectos","item":"https:\/\/breinco.com\/fr\/proyecto\/"},{"@type":"ListItem","position":3,"name":"R\u00e9novation de la Maison Joaqu\u00edn Ferran"}]},{"@type":"WebSite","@id":"https:\/\/breinco.com\/fr\/#website","url":"https:\/\/breinco.com\/fr\/","name":"Breinco","description":"","publisher":{"@id":"https:\/\/breinco.com\/fr\/#organization"},"alternateName":"Urban Furniture, Architecture and Landscaping","potentialAction":[{"@type":"SearchAction","target":{"@type":"EntryPoint","urlTemplate":"https:\/\/breinco.com\/fr\/?s={search_term_string}"},"query-input":{"@type":"PropertyValueSpecification","valueRequired":true,"valueName":"search_term_string"}}],"inLanguage":"fr-FR"},{"@type":"Organization","@id":"https:\/\/breinco.com\/fr\/#organization","name":"Breinco","url":"https:\/\/breinco.com\/fr\/","logo":{"@type":"ImageObject","inLanguage":"fr-FR","@id":"https:\/\/breinco.com\/fr\/#\/schema\/logo\/image\/","url":"https:\/\/breinco.com\/wp-content\/uploads\/2025\/04\/breinco-brand.svg","contentUrl":"https:\/\/breinco.com\/wp-content\/uploads\/2025\/04\/breinco-brand.svg","width":26,"height":58,"caption":"Breinco"},"image":{"@id":"https:\/\/breinco.com\/fr\/#\/schema\/logo\/image\/"},"sameAs":["https:\/\/www.facebook.com\/breincosmart\/","https:\/\/x.com\/breincoGroup","https:\/\/www.instagram.com\/breinco\/","https:\/\/www.linkedin.com\/company\/breinco-esp\/"]}]}},"_links":{"self":[{"href":"https:\/\/breinco.com\/fr\/wp-json\/wp\/v2\/proyecto\/23059","targetHints":{"allow":["GET"]}}],"collection":[{"href":"https:\/\/breinco.com\/fr\/wp-json\/wp\/v2\/proyecto"}],"about":[{"href":"https:\/\/breinco.com\/fr\/wp-json\/wp\/v2\/types\/proyecto"}],"acf:attachment":[{"embeddable":true,"href":"https:\/\/breinco.com\/fr\/wp-json\/wp\/v2\/media\/4217"},{"embeddable":true,"href":"https:\/\/breinco.com\/fr\/wp-json\/wp\/v2\/media\/4215"},{"embeddable":true,"href":"https:\/\/breinco.com\/fr\/wp-json\/wp\/v2\/media\/4212"},{"embeddable":true,"href":"https:\/\/breinco.com\/fr\/wp-json\/wp\/v2\/media\/4211"},{"embeddable":true,"href":"https:\/\/breinco.com\/fr\/wp-json\/wp\/v2\/media\/4213"},{"embeddable":true,"href":"https:\/\/breinco.com\/fr\/wp-json\/wp\/v2\/media\/4214"},{"embeddable":true,"href":"https:\/\/breinco.com\/fr\/wp-json\/wp\/v2\/media\/4209"}],"acf:post":[{"embeddable":true,"href":"https:\/\/breinco.com\/fr\/wp-json\/wp\/v2\/br_product\/17690"}],"wp:attachment":[{"href":"https:\/\/breinco.com\/fr\/wp-json\/wp\/v2\/media?parent=23059"}],"wp:term":[{"taxonomy":"post_tag","embeddable":true,"href":"https:\/\/breinco.com\/fr\/wp-json\/wp\/v2\/tags?post=23059"},{"taxonomy":"categoria-proyecto","embeddable":true,"href":"https:\/\/breinco.com\/fr\/wp-json\/wp\/v2\/categoria-proyecto?post=23059"}],"curies":[{"name":"wp","href":"https:\/\/api.w.org\/{rel}","templated":true}]}}

Rénovation de la Maison Joaquín Ferran

<p class="has-medium-font-size"><strong>Un bâtiment historique renaît</strong></p>

<p>Le <strong>Panot Flor</strong>, cet emblématique revêtement de sol qui accompagne Barcelone depuis plus d&rsquo;un siècle, ne se contente pas d&rsquo;orner las rues de la ville ; son histoire et son design sont devenus une référence culturelle et architecturale. Désormais, cette pièce iconique trouve une nouvelle place : les intérieurs, grâce à la tendance <strong>«inout»</strong>, qui estompe les limites entre l&rsquo;extérieur et l&rsquo;intérieur.</p>

<p>Dans ce contexte, la <strong>rénovation de la Maison Joaquín Ferran</strong> prend toute son importance. Ce bâtiment historique, datant de 1879 et faisant partie du riche patrimoine architectural de Barcelone, a été réinterprété par le studio Manrique Planas. Lors de la rénovation, le Panot Flor a été intégré aux espaces intérieurs, alliant ainsi histoire et modernité de manière harmonieuse.</p>

<p>Le résultat est un équilibre parfait: le Panot Flor apporte texture, caractère et un lien avec l’histoire de la ville, tout en dialoguant avec les éléments contemporains de la maison. Chaque pas à l&rsquo;intérieur de la Maison Joaquín Ferran rappelle que le design ne remplit pas seulement une fonction: il raconte, évoque la mémoire et crée des expériences.</p>

<p>La rénovation confirme que le Panot Flor est bien plus qu&rsquo;un simple revêtement: c&rsquo;est un <strong>élément transformateur</strong> capable de redéfinir les espaces, fusionnant l&rsquo;architecture historique avec des solutions d&rsquo;intérieur modernes. La tendance «inout» ouvre un nouveau chapitre dans l&rsquo;histoire de Barcelone: son pavage le plus emblématique se vit désormais aussi à l&rsquo;intérieur des édifices les plus iconiques de la ville.</p>

<p class="has-medium-font-size"></p>

<!-- This site is optimized with the Yoast SEO plugin v27.5 - https://yoast.com/product/yoast-seo-wordpress/ -->
<title>Rénovation de la Maison Joaquín Ferran - Breinco</title>
<meta name="robots" content="index, follow, max-snippet:-1, max-image-preview:large, max-video-preview:-1" />
<link rel="canonical" href="https://breinco.com/fr/proyecto/renovation-de-la-maison-joaquin-ferran/" />
<meta property="og:locale" content="fr_FR" />
<meta property="og:type" content="article" />
<meta property="og:title" content="Rénovation de la Maison Joaquín Ferran - Breinco" />
<meta property="og:description" content="Un bâtiment historique renaît Le Panot Flor, cet emblématique revêtement de sol qui accompagne Barcelone depuis plus d&rsquo;un siècle, ne se contente pas d&rsquo;orner las rues de la ville ; son histoire et son design sont devenus une référence culturelle et architecturale. Désormais, cette pièce iconique trouve une nouvelle place : les intérieurs, grâce à [&hellip;]" />
<meta property="og:url" content="https://breinco.com/fr/proyecto/renovation-de-la-maison-joaquin-ferran/" />
<meta property="og:site_name" content="Breinco" />
<meta property="article:publisher" content="https://www.facebook.com/breincosmart/" />
<meta property="article:modified_time" content="2026-04-30T16:25:39+00:00" />
<meta property="og:image" content="https://breinco.com/wp-content/uploads/2026/02/breinco-feat-img.webp" />
	<meta property="og:image:width" content="1200" />
	<meta property="og:image:height" content="800" />
	<meta property="og:image:type" content="image/webp" />
<meta name="twitter:card" content="summary_large_image" />
<meta name="twitter:site" content="@breincoGroup" />
<meta name="twitter:label1" content="Durée de lecture estimée" />
	<meta name="twitter:data1" content="1 minute" />
<script type="application/ld+json" class="yoast-schema-graph">{"@context":"https:\/\/schema.org","@graph":[{"@type":"WebPage","@id":"https:\/\/breinco.com\/fr\/proyecto\/renovation-de-la-maison-joaquin-ferran\/","url":"https:\/\/breinco.com\/fr\/proyecto\/renovation-de-la-maison-joaquin-ferran\/","name":"Rénovation de la Maison Joaquín Ferran - Breinco","isPartOf":{"@id":"https:\/\/breinco.com\/fr\/#website"},"datePublished":"2025-10-27T16:55:09+00:00","dateModified":"2026-04-30T16:25:39+00:00","breadcrumb":{"@id":"https:\/\/breinco.com\/fr\/proyecto\/renovation-de-la-maison-joaquin-ferran\/#breadcrumb"},"inLanguage":"fr-FR","potentialAction":[{"@type":"ReadAction","target":["https:\/\/breinco.com\/fr\/proyecto\/renovation-de-la-maison-joaquin-ferran\/"]}]},{"@type":"BreadcrumbList","@id":"https:\/\/breinco.com\/fr\/proyecto\/renovation-de-la-maison-joaquin-ferran\/#breadcrumb","itemListElement":[{"@type":"ListItem","position":1,"name":"Accueil","item":"https:\/\/breinco.com\/fr\/"},{"@type":"ListItem","position":2,"name":"Proyectos","item":"https:\/\/breinco.com\/fr\/proyecto\/"},{"@type":"ListItem","position":3,"name":"Rénovation de la Maison Joaquín Ferran"}]},{"@type":"WebSite","@id":"https:\/\/breinco.com\/fr\/#website","url":"https:\/\/breinco.com\/fr\/","name":"Breinco","description":"","publisher":{"@id":"https:\/\/breinco.com\/fr\/#organization"},"alternateName":"Urban Furniture, Architecture and Landscaping","potentialAction":[{"@type":"SearchAction","target":{"@type":"EntryPoint","urlTemplate":"https:\/\/breinco.com\/fr\/?s={search_term_string}"},"query-input":{"@type":"PropertyValueSpecification","valueRequired":true,"valueName":"search_term_string"}}],"inLanguage":"fr-FR"},{"@type":"Organization","@id":"https:\/\/breinco.com\/fr\/#organization","name":"Breinco","url":"https:\/\/breinco.com\/fr\/","logo":{"@type":"ImageObject","inLanguage":"fr-FR","@id":"https:\/\/breinco.com\/fr\/#\/schema\/logo\/image\/","url":"https:\/\/breinco.com\/wp-content\/uploads\/2025\/04\/breinco-brand.svg","contentUrl":"https:\/\/breinco.com\/wp-content\/uploads\/2025\/04\/breinco-brand.svg","width":26,"height":58,"caption":"Breinco"},"image":{"@id":"https:\/\/breinco.com\/fr\/#\/schema\/logo\/image\/"},"sameAs":["https:\/\/www.facebook.com\/breincosmart\/","https:\/\/x.com\/breincoGroup","https:\/\/www.instagram.com\/breinco\/","https:\/\/www.linkedin.com\/company\/breinco-esp\/"]}]}</script>
<!-- / Yoast SEO plugin. -->

Rénovation de la Maison Joaquín Ferran - Breinco

Un bâtiment historique renaît Le Panot Flor, cet emblématique revêtement de sol qui accompagne Barcelone depuis plus d&rsquo;un siècle, ne se contente pas d&rsquo;orner las rues de la ville ; son histoire et son design sont devenus une référence culturelle et architecturale. Désormais, cette pièce iconique trouve une nouvelle place : les intérieurs, grâce à [&hellip;]
